000
CDUS43 KMPX 150810
CLISTC


CLIMATE REPORT
NATIONAL WEATHER SERVICE CHANHASSEN MN
308 AM CDT FRI APR 15 2016


...................................

...THE ST CLOUD MN CLIMATE SUMMARY FOR APRIL 14 2016...

CLIMATE NORMAL PERIOD 1981 TO 2010
CLIMATE RECORD PERIOD 1893 TO 2016


WEATHER ITEM   OBSERVED TIME   RECORD YEAR NORMAL DEPARTURE LAST
                VALUE   (LST)  VALUE       VALUE  FROM      YEAR
                                                  NORMAL
..................................................................
TEMPERATURE (F)
 YESTERDAY
  MAXIMUM         80    317 PM  89    2003  56     24       71
  MINIMUM         43    537 AM  15    2008  32     11       28
                                      1935
  AVERAGE         62                        44     18       50

PRECIPITATION (IN)
  YESTERDAY        0.00          1.50 1986   0.09  -0.09     0.00
  MONTH TO DATE    0.18                      1.06  -0.88     0.97
  SINCE MAR 1      1.68                      2.61  -0.93     1.35
  SINCE JAN 1      2.62                      3.85  -1.23     1.94

SNOWFALL (IN)
  YESTERDAY        0.0           4.7  1993   0.2   -0.2      0.0
  MONTH TO DATE    1.6                       1.9   -0.3      1.0
  SINCE MAR 1      4.6                      10.4   -5.8      4.3
  SINCE JUL 1     30.3                      44.6  -14.3     31.1
  SNOW DEPTH       0

DEGREE DAYS
 HEATING
  YESTERDAY        3                        21    -18       15
  MONTH TO DATE  401                       343     58      285
  SINCE MAR 1   1218                      1447   -229     1286
  SINCE JUL 1   6669                      7893  -1224     7544

 COOLING
  YESTERDAY        0                         0      0        0
  MONTH TO DATE    0                         0      0        0
  SINCE MAR 1      0                         0      0        0
  SINCE JAN 1      0                         0      0        0
..................................................................


WIND (MPH)
  HIGHEST WIND SPEED    31   HIGHEST WIND DIRECTION     S (180)
  HIGHEST GUST SPEED    41   HIGHEST GUST DIRECTION     S (180)
  AVERAGE WIND SPEED    15.6


SKY COVER
  POSSIBLE SUNSHINE  MM
  AVERAGE SKY COVER 0.0


WEATHER CONDITIONS
 THE FOLLOWING WEATHER WAS RECORDED YESTERDAY.
  LIGHT RAIN


RELATIVE HUMIDITY (PERCENT)
 HIGHEST    60           500 AM
 LOWEST     28           200 PM
 AVERAGE    44

..........................................................


THE ST CLOUD MN CLIMATE NORMALS FOR TODAY
                         NORMAL    RECORD    YEAR
 MAXIMUM TEMPERATURE (F)   56        84      2002
 MINIMUM TEMPERATURE (F)   33        16      2014


SUNRISE AND SUNSET
APRIL 15 2016.........SUNRISE   630 AM CDT   SUNSET   803 PM CDT
APRIL 16 2016.........SUNRISE   628 AM CDT   SUNSET   805 PM CDT


-  INDICATES NEGATIVE NUMBERS.
R  INDICATES RECORD WAS SET OR TIED.
MM INDICATES DATA IS MISSING.
T  INDICATES TRACE AMOUNT.




$$
