000
CDUS43 KMPX 110941
CLISTC


CLIMATE REPORT
NATIONAL WEATHER SERVICE CHANHASSEN MN
340 AM CST THU DEC 11 2014


...................................

...THE ST CLOUD MN CLIMATE SUMMARY FOR DECEMBER 10 2014...

CLIMATE NORMAL PERIOD 1981 TO 2010
CLIMATE RECORD PERIOD 1893 TO 2014


WEATHER ITEM   OBSERVED TIME   RECORD YEAR NORMAL DEPARTURE LAST
                VALUE   (LST)  VALUE       VALUE  FROM      YEAR
                                                  NORMAL
..................................................................
TEMPERATURE (F)
 YESTERDAY
  MAXIMUM         31    446 PM  52    1939  26      5        7
  MINIMUM         23    156 AM -26    1977   9     14       -6
  AVERAGE         27                        17     10        1

PRECIPITATION (IN)
  YESTERDAY        0.00          0.24 1983   0.02  -0.02     0.02
  MONTH TO DATE    0.06                      0.29  -0.23     1.01
  SINCE DEC 1      0.06                      0.29  -0.23     1.01
  SINCE JAN 1     36.03                     27.20   8.83    28.08

SNOWFALL (IN)
  YESTERDAY        0.0           2.6  1964   0.3   -0.3      0.3
  MONTH TO DATE    0.2                       3.1   -2.9      8.8
  SINCE DEC 1      0.2                       3.1   -2.9      8.8
  SINCE JUL 1     17.8                      12.3    5.5     12.4
  SNOW DEPTH       2

DEGREE DAYS
 HEATING
  YESTERDAY       38                        48    -10       64
  MONTH TO DATE  454                       457     -3      565
  SINCE DEC 1    454                       457     -3      565
  SINCE JUL 1   2386                      2382      4     2438

 COOLING
  YESTERDAY        0                         0      0        0
  MONTH TO DATE    0                         0      0        0
  SINCE DEC 1      0                         0      0        0
  SINCE JAN 1    597                       465    132      578
..................................................................


WIND (MPH)
  HIGHEST WIND SPEED    15   HIGHEST WIND DIRECTION     S (170)
  HIGHEST GUST SPEED    19   HIGHEST GUST DIRECTION     S (170)
  AVERAGE WIND SPEED     9.0


SKY COVER
  POSSIBLE SUNSHINE  MM
  AVERAGE SKY COVER 1.0


WEATHER CONDITIONS
 THE FOLLOWING WEATHER WAS RECORDED YESTERDAY.
  FOG
  HAZE


RELATIVE HUMIDITY (PERCENT)
 HIGHEST    88           100 AM
 LOWEST     78          1200 PM
 AVERAGE    83

..........................................................


THE ST CLOUD MN CLIMATE NORMALS FOR TODAY
                         NORMAL    RECORD    YEAR
 MAXIMUM TEMPERATURE (F)   26        53      1913
 MINIMUM TEMPERATURE (F)    8       -23      1936


SUNRISE AND SUNSET
DECEMBER 11 2014......SUNRISE   746 AM CST   SUNSET   433 PM CST
DECEMBER 12 2014......SUNRISE   747 AM CST   SUNSET   433 PM CST


-  INDICATES NEGATIVE NUMBERS.
R  INDICATES RECORD WAS SET OR TIED.
MM INDICATES DATA IS MISSING.
T  INDICATES TRACE AMOUNT.




$$
