000
CDUS43 KMPX 110627
CLISTC


CLIMATE REPORT
NATIONAL WEATHER SERVICE CHANHASSEN MN
127 AM CDT WED OCT 11 2017


...................................

...THE ST CLOUD MN CLIMATE SUMMARY FOR OCTOBER 10 2017...

CLIMATE NORMAL PERIOD 1981 TO 2010
CLIMATE RECORD PERIOD 1893 TO 2017


WEATHER ITEM   OBSERVED TIME   RECORD YEAR NORMAL DEPARTURE LAST
                VALUE   (LST)  VALUE       VALUE  FROM      YEAR
                                                  NORMAL
..................................................................
TEMPERATURE (F)
 YESTERDAY
  MAXIMUM         53    418 PM  88    1928  60     -7       71
  MINIMUM         25    638 AM  19    1987  37    -12       49
  AVERAGE         39                        48     -9       60

PRECIPITATION (IN)
  YESTERDAY        0.00          2.80 1899   0.09  -0.09     0.00
  MONTH TO DATE    3.63                      0.95   2.68     1.57
  SINCE SEP 1      6.56                      4.41   2.15     4.65
  SINCE JAN 1     27.49                     23.99   3.50    29.47

SNOWFALL (IN)
  YESTERDAY        0.0           0.9  2009   0.0    0.0      0.0
  MONTH TO DATE    0.0                       0.1   -0.1      0.0
  SINCE SEP 1      0.0                       0.1   -0.1      0.0
  SINCE JUL 1      0.0                       0.1   -0.1      0.0
  SNOW DEPTH       0

DEGREE DAYS
 HEATING
  YESTERDAY       26                        17      9        5
  MONTH TO DATE  138                       152    -14      118
  SINCE SEP 1    277                       380   -103      236
  SINCE JUL 1    317                       438   -121      258

 COOLING
  YESTERDAY        0                         0      0        0
  MONTH TO DATE    0                         0      0        0
  SINCE SEP 1     71                        34     37       28
  SINCE JAN 1    361                       463   -102      506
..................................................................


WIND (MPH)
  HIGHEST WIND SPEED     7   HIGHEST WIND DIRECTION     N (360)
  HIGHEST GUST SPEED    10   HIGHEST GUST DIRECTION    NE (40)
  AVERAGE WIND SPEED     1.6


SKY COVER
  POSSIBLE SUNSHINE  MM
  AVERAGE SKY COVER 0.0


WEATHER CONDITIONS
 THE FOLLOWING WEATHER WAS RECORDED YESTERDAY.
  NO SIGNIFICANT WEATHER WAS OBSERVED.


RELATIVE HUMIDITY (PERCENT)
 HIGHEST   100           200 AM
 LOWEST     38           400 PM
 AVERAGE    69

..........................................................


THE ST CLOUD MN CLIMATE NORMALS FOR TODAY
                         NORMAL    RECORD    YEAR
 MAXIMUM TEMPERATURE (F)   59        83      2015
 MINIMUM TEMPERATURE (F)   37        16      1987


SUNRISE AND SUNSET
OCTOBER 11 2017.......SUNRISE   728 AM CDT   SUNSET   637 PM CDT
OCTOBER 12 2017.......SUNRISE   729 AM CDT   SUNSET   636 PM CDT


-  INDICATES NEGATIVE NUMBERS.
R  INDICATES RECORD WAS SET OR TIED.
MM INDICATES DATA IS MISSING.
T  INDICATES TRACE AMOUNT.




$$
