000
CDUS43 KMPX 020824
CLISTC


CLIMATE REPORT
NATIONAL WEATHER SERVICE CHANHASSEN MN
222 AM CST FRI DEC 2 2016


...................................

...THE ST CLOUD MN CLIMATE SUMMARY FOR DECEMBER 1 2016...

CLIMATE NORMAL PERIOD 1981 TO 2010
CLIMATE RECORD PERIOD 1893 TO 2016


WEATHER ITEM   OBSERVED TIME   RECORD YEAR NORMAL DEPARTURE LAST
                VALUE   (LST)  VALUE       VALUE  FROM      YEAR
                                                  NORMAL
..................................................................
TEMPERATURE (F)
 YESTERDAY
  MAXIMUM         38    212 PM  61    1998  30      8       33
  MINIMUM         30   1159 PM -19    1919  13     17       28
  AVERAGE         34                        21     13       31

PRECIPITATION (IN)
  YESTERDAY        T             0.91 1945   0.03  -0.03     0.17
  MONTH TO DATE    T                         0.03  -0.03     0.17
  SINCE DEC 1      T                         0.03  -0.03     0.17
  SINCE JAN 1     32.27                     26.94   5.33    32.26

SNOWFALL (IN)
  YESTERDAY        T             7.9  1945   0.3   -0.3      1.3
  MONTH TO DATE    T                         0.3   -0.3      1.3
  SINCE DEC 1      T                         0.3   -0.3      1.3
  SINCE JUL 1      7.3                       9.5   -2.2      7.0
  SNOW DEPTH       0

DEGREE DAYS
 HEATING
  YESTERDAY       31                        44    -13       34
  MONTH TO DATE   31                        44    -13       34
  SINCE DEC 1     31                        44    -13       34
  SINCE JUL 1   1405                      1969   -564     1493

 COOLING
  YESTERDAY        0                         0      0        0
  MONTH TO DATE    0                         0      0        0
  SINCE DEC 1      0                         0      0        0
  SINCE JAN 1    506                       465     41      492
..................................................................


WIND (MPH)
  HIGHEST WIND SPEED    15   HIGHEST WIND DIRECTION    NW (320)
  HIGHEST GUST SPEED    18   HIGHEST GUST DIRECTION    NW (330)
  AVERAGE WIND SPEED     8.5


SKY COVER
  POSSIBLE SUNSHINE  MM
  AVERAGE SKY COVER 1.0


WEATHER CONDITIONS
 THE FOLLOWING WEATHER WAS RECORDED YESTERDAY.
  LIGHT SNOW


RELATIVE HUMIDITY (PERCENT)
 HIGHEST   100          1200 AM
 LOWEST     69           700 PM
 AVERAGE    85

..........................................................


THE ST CLOUD MN CLIMATE NORMALS FOR TODAY
                         NORMAL    RECORD    YEAR
 MAXIMUM TEMPERATURE (F)   29        60      1982
 MINIMUM TEMPERATURE (F)   13       -27      1940


SUNRISE AND SUNSET
DECEMBER  2 2016......SUNRISE   738 AM CST   SUNSET   434 PM CST
DECEMBER  3 2016......SUNRISE   739 AM CST   SUNSET   433 PM CST


-  INDICATES NEGATIVE NUMBERS.
R  INDICATES RECORD WAS SET OR TIED.
MM INDICATES DATA IS MISSING.
T  INDICATES TRACE AMOUNT.




$$
