000
CDUS43 KMPX 210647
CLISTC


CLIMATE REPORT
NATIONAL WEATHER SERVICE CHANHASSEN MN
146 AM CDT SAT MAR 21 2015


...................................

...THE ST CLOUD MN CLIMATE SUMMARY FOR MARCH 20 2015...

CLIMATE NORMAL PERIOD 1981 TO 2010
CLIMATE RECORD PERIOD 1893 TO 2015


WEATHER ITEM   OBSERVED TIME   RECORD YEAR NORMAL DEPARTURE LAST
                VALUE   (LST)  VALUE       VALUE  FROM      YEAR
                                                  NORMAL
..................................................................
TEMPERATURE (F)
 YESTERDAY
  MAXIMUM         50    449 PM  65    1911  41      9       43
                                      1910
  MINIMUM         28    554 AM -15    1965  22      6       14
  AVERAGE         39                        31      8       29

PRECIPITATION (IN)
  YESTERDAY        T             0.47 1991   0.06  -0.06     0.00
  MONTH TO DATE    0.15                      0.90  -0.75     0.65
  SINCE MAR 1      0.15                      0.90  -0.75     0.65
  SINCE JAN 1      0.74                      2.14  -1.40     3.16

SNOWFALL (IN)
  YESTERDAY        0.0           3.3  1982   0.3   -0.3      0.0
  MONTH TO DATE    2.3                       6.3   -4.0      7.5
  SINCE MAR 1      2.3                       6.3   -4.0      7.5
  SINCE JUL 1     29.1                      40.5  -11.4     61.8
  SNOW DEPTH       0

DEGREE DAYS
 HEATING
  YESTERDAY       26                        34     -8       36
  MONTH TO DATE  654                       764   -110      877
  SINCE MAR 1    654                       764   -110      877
  SINCE JUL 1   6912                      7210   -298     8086

 COOLING
  YESTERDAY        0                         0      0        0
  MONTH TO DATE    0                         0      0        0
  SINCE MAR 1      0                         0      0        0
  SINCE JAN 1      0                         0      0        0
..................................................................


WIND (MPH)
  HIGHEST WIND SPEED    21   HIGHEST WIND DIRECTION     N (360)
  HIGHEST GUST SPEED    29   HIGHEST GUST DIRECTION     N (350)
  AVERAGE WIND SPEED     8.1


SKY COVER
  POSSIBLE SUNSHINE  MM
  AVERAGE SKY COVER 0.5


WEATHER CONDITIONS
 THE FOLLOWING WEATHER WAS RECORDED YESTERDAY.
  FOG


RELATIVE HUMIDITY (PERCENT)
 HIGHEST    92           500 AM
 LOWEST     56           200 PM
 AVERAGE    74

..........................................................


THE ST CLOUD MN CLIMATE NORMALS FOR TODAY
                         NORMAL    RECORD    YEAR
 MAXIMUM TEMPERATURE (F)   41        75      1911
 MINIMUM TEMPERATURE (F)   22       -19      1965


SUNRISE AND SUNSET
MARCH 21 2015.........SUNRISE   718 AM CDT   SUNSET   730 PM CDT
MARCH 22 2015.........SUNRISE   716 AM CDT   SUNSET   731 PM CDT


-  INDICATES NEGATIVE NUMBERS.
R  INDICATES RECORD WAS SET OR TIED.
MM INDICATES DATA IS MISSING.
T  INDICATES TRACE AMOUNT.




$$
