000
CDUS43 KMPX 060654
CLISTC


CLIMATE REPORT
NATIONAL WEATHER SERVICE CHANHASSEN MN
1253 AM CST SAT JAN 6 2018


...................................

...THE ST CLOUD MN CLIMATE SUMMARY FOR JANUARY 5 2018...

CLIMATE NORMAL PERIOD 1981 TO 2010
CLIMATE RECORD PERIOD 1893 TO 2018


WEATHER ITEM   OBSERVED TIME   RECORD YEAR NORMAL DEPARTURE LAST
                VALUE   (LST)  VALUE       VALUE  FROM      YEAR
                                                  NORMAL
..................................................................
TEMPERATURE (F)
 YESTERDAY
  MAXIMUM          0    238 PM  53    2012  21    -21       -1
  MINIMUM        -19    626 AM -32    1912   2    -21      -14
  AVERAGE         -9                        12    -21       -7

PRECIPITATION (IN)
  YESTERDAY        0.00          0.47 1997   0.02  -0.02      T
                                      1932
  MONTH TO DATE    0.00                      0.12  -0.12     0.06
  SINCE DEC 1      0.44                      0.94  -0.50     1.61
  SINCE JAN 1      0.00                      0.12  -0.12     0.06

SNOWFALL (IN)
  YESTERDAY        0.0           5.6  1994   0.3   -0.3       T
  MONTH TO DATE    0.0                       1.5   -1.5      1.4
  SINCE DEC 1      4.7                      10.9   -6.2     10.2
  SINCE JUL 1     11.8                      20.1   -8.3     17.5
  SNOW DEPTH       3

DEGREE DAYS
 HEATING
  YESTERDAY       74                        53     21       72
  MONTH TO DATE  352                       265     87      272
  SINCE DEC 1   1895                      1787    108     1736
  SINCE JUL 1   3661                      3712    -51     3110

 COOLING
  YESTERDAY        0                         0      0        0
  MONTH TO DATE    0                         0      0        0
  SINCE DEC 1      0                         0      0        0
  SINCE JAN 1      0                         0      0        0
..................................................................


WIND (MPH)
  HIGHEST WIND SPEED     9   HIGHEST WIND DIRECTION     N (350)
  HIGHEST GUST SPEED    26   HIGHEST GUST DIRECTION    NW (330)
  AVERAGE WIND SPEED     3.6


SKY COVER
  POSSIBLE SUNSHINE  MM
  AVERAGE SKY COVER 0.0


WEATHER CONDITIONS
 THE FOLLOWING WEATHER WAS RECORDED YESTERDAY.
  NO SIGNIFICANT WEATHER WAS OBSERVED.


RELATIVE HUMIDITY (PERCENT)
 HIGHEST    89          1000 PM
 LOWEST     59           200 PM
 AVERAGE    74

..........................................................


THE ST CLOUD MN CLIMATE NORMALS FOR TODAY
                         NORMAL    RECORD    YEAR
 MAXIMUM TEMPERATURE (F)   21        48      1933
 MINIMUM TEMPERATURE (F)    2       -35      1912


SUNRISE AND SUNSET
JANUARY  6 2018.......SUNRISE   756 AM CST   SUNSET   449 PM CST
JANUARY  7 2018.......SUNRISE   756 AM CST   SUNSET   450 PM CST


-  INDICATES NEGATIVE NUMBERS.
R  INDICATES RECORD WAS SET OR TIED.
MM INDICATES DATA IS MISSING.
T  INDICATES TRACE AMOUNT.




$$
