291
CDUS43 KMPX 170055
CLISTC


CLIMATE REPORT
NATIONAL WEATHER SERVICE CHANHASSEN MN
655 PM CST THU FEB 16 2017


...................................

...THE ST CLOUD MN CLIMATE SUMMARY FOR FEBRUARY 16 2017...
VALID TODAY AS OF 0600 PM LOCAL TIME.

CLIMATE NORMAL PERIOD 1981 TO 2010
CLIMATE RECORD PERIOD 1893 TO 2017


WEATHER ITEM   OBSERVED TIME   RECORD YEAR NORMAL DEPARTURE LAST
                VALUE   (LST)  VALUE       VALUE  FROM      YEAR
                                                  NORMAL
..................................................................
TEMPERATURE (F)
 TODAY
  MAXIMUM         41    400 PM  53    1981  27     14       32
  MINIMUM         27    444 AM -34    1936   8     19       17
  AVERAGE         34                        17     17       25

PRECIPITATION (IN)
  TODAY            0.00          0.38 1898   0.02  -0.02      T
  MONTH TO DATE    0.10                      0.28  -0.18     0.29
  SINCE DEC 1      2.19                      1.75   0.44     1.62
  SINCE JAN 1      0.64                      0.93  -0.29     0.60

SNOWFALL (IN)
  TODAY            0.0           3.2  1938   0.3   -0.3       T
  MONTH TO DATE    0.3                       3.7   -3.4      7.0
  SINCE DEC 1     19.1                      21.7   -2.6     19.8
  SINCE JUL 1     26.4                      30.9   -4.5     25.5
  SNOW DEPTH       0

DEGREE DAYS
 HEATING
  TODAY           31                        48    -17       40
  MONTH TO DATE  689                       801   -112      792
  SINCE DEC 1   3631                      3978   -347     3555
  SINCE JUL 1   5005                      5903   -898     5014

 COOLING
  TODAY            0                         0      0        0
  MONTH TO DATE    0                         0      0        0
  SINCE DEC 1      0                         0      0        0
  SINCE JAN 1      0                         0      0        0
..................................................................


WIND (MPH)
  HIGHEST WIND SPEED    17   HIGHEST WIND DIRECTION    SE (140)
  HIGHEST GUST SPEED    21   HIGHEST GUST DIRECTION    SE (140)
  AVERAGE WIND SPEED     9.1


SKY COVER
  POSSIBLE SUNSHINE  MM
  AVERAGE SKY COVER 0.0


WEATHER CONDITIONS
 THE FOLLOWING WEATHER WAS RECORDED TODAY.
  NO SIGNIFICANT WEATHER WAS OBSERVED.


RELATIVE HUMIDITY (PERCENT)
 HIGHEST    78           600 AM
 LOWEST     64           200 PM
 AVERAGE    71

..........................................................


THE ST CLOUD MN CLIMATE NORMALS FOR TOMORROW
                         NORMAL    RECORD    YEAR
 MAXIMUM TEMPERATURE (F)   27        54      1981
 MINIMUM TEMPERATURE (F)    8       -28      1903


SUNRISE AND SUNSET
FEBRUARY 16 2017......SUNRISE   716 AM CST   SUNSET   545 PM CST
FEBRUARY 17 2017......SUNRISE   714 AM CST   SUNSET   547 PM CST


-  INDICATES NEGATIVE NUMBERS.
R  INDICATES RECORD WAS SET OR TIED.
MM INDICATES DATA IS MISSING.
T  INDICATES TRACE AMOUNT.




$$
