000
CDUS43 KMPX 230121
CLISTC


CLIMATE REPORT
NATIONAL WEATHER SERVICE CHANHASSEN MN
821 PM CDT MON JUN 22 2015


...................................

...THE ST CLOUD MN CLIMATE SUMMARY FOR JUNE 22 2015...
VALID TODAY AS OF 0800 PM LOCAL TIME.

CLIMATE NORMAL PERIOD 1981 TO 2010
CLIMATE RECORD PERIOD 1893 TO 2015


WEATHER ITEM   OBSERVED TIME   RECORD YEAR NORMAL DEPARTURE LAST
                VALUE   (LST)  VALUE       VALUE  FROM      YEAR
                                                  NORMAL
..................................................................
TEMPERATURE (F)
 TODAY
  MAXIMUM         81    157 PM  98    1911  80      1       79
  MINIMUM         65    727 AM  38    1905  56      9       65
  AVERAGE         73                        68      5       72

PRECIPITATION (IN)
  TODAY            0.11          0.86 2011   0.14  -0.03     0.45
                                      1907
  MONTH TO DATE    4.45                      3.07   1.38     5.69
  SINCE JUN 1      4.45                      3.07   1.38     5.69
  SINCE JAN 1     13.12                     11.38   1.74    22.04

SNOWFALL (IN)
  TODAY            0.0           0.0    MM   0.0    0.0      0.0
  MONTH TO DATE    0.0                       0.0    0.0      0.0
  SINCE JUN 1      0.0                       0.0    0.0      0.0
  SINCE JUL 1     31.1                      45.7  -14.6     75.5
  SNOW DEPTH       0

DEGREE DAYS
 HEATING
  TODAY            0                         2     -2        0
  MONTH TO DATE   28                        70    -42       22
  SINCE JUN 1     28                        70    -42       22
  SINCE JUL 1   8143                      8524   -381     9520

 COOLING
  TODAY            8                         4      4        7
  MONTH TO DATE   45                        57    -12       75
  SINCE JUN 1     45                        57    -12       75
  SINCE JAN 1     50                        82    -32      119
..................................................................


WIND (MPH)
  HIGHEST WIND SPEED    25   HIGHEST WIND DIRECTION    NW (320)
  HIGHEST GUST SPEED    36   HIGHEST GUST DIRECTION     W (280)
  AVERAGE WIND SPEED    13.2


SKY COVER
  POSSIBLE SUNSHINE  MM
  AVERAGE SKY COVER 0.3


WEATHER CONDITIONS
 THE FOLLOWING WEATHER WAS RECORDED TODAY.
  THUNDERSTORM
  LIGHT RAIN
  FOG


RELATIVE HUMIDITY (PERCENT)
 HIGHEST    84           900 AM
 LOWEST     46           600 PM
 AVERAGE    65

..........................................................


THE ST CLOUD MN CLIMATE NORMALS FOR TOMORROW
                         NORMAL    RECORD    YEAR
 MAXIMUM TEMPERATURE (F)   80        98      2005
 MINIMUM TEMPERATURE (F)   56        42      1972
                                             1958


SUNRISE AND SUNSET
JUNE 22 2015..........SUNRISE   527 AM CDT   SUNSET   909 PM CDT
JUNE 23 2015..........SUNRISE   528 AM CDT   SUNSET   909 PM CDT


-  INDICATES NEGATIVE NUMBERS.
R  INDICATES RECORD WAS SET OR TIED.
MM INDICATES DATA IS MISSING.
T  INDICATES TRACE AMOUNT.




$$
