000
CDUS43 KMPX 212129
CLISTC


CLIMATE REPORT
NATIONAL WEATHER SERVICE CHANHASSEN MN
429 PM CDT FRI AUG 21 2015


...................................

...THE ST CLOUD MN CLIMATE SUMMARY FOR AUGUST 21 2015...
VALID AS OF 0400 PM LOCAL TIME.

CLIMATE NORMAL PERIOD 1981 TO 2010
CLIMATE RECORD PERIOD 1893 TO 2015


WEATHER ITEM   OBSERVED TIME   RECORD YEAR NORMAL DEPARTURE LAST
                VALUE   (LST)  VALUE       VALUE  FROM      YEAR
                                                  NORMAL
..................................................................
TEMPERATURE (F)
 TODAY
  MAXIMUM         77    259 PM  98    1901  79     -2       79
  MINIMUM         53    144 AM  33    2004  56     -3       67
  AVERAGE         65                        67     -2       73

PRECIPITATION (IN)
  TODAY            0.00          2.81 1999   0.13  -0.13     1.47
  MONTH TO DATE    2.33                      2.47  -0.14     2.73
  SINCE JUN 1     14.17                      9.95   4.22    10.16
  SINCE JAN 1     22.84                     18.26   4.58    26.51

SNOWFALL (IN)
  TODAY            0.0           0.0    MM   0.0    0.0      0.0
  MONTH TO DATE    0.0                       0.0    0.0      0.0
  SINCE JUN 1      0.0                       0.0    0.0      0.0
  SINCE JUL 1      0.0                       0.0    0.0      0.0
  SNOW DEPTH       0

DEGREE DAYS
 HEATING
  TODAY            0                         1     -1        0
  MONTH TO DATE   16                        21     -5        0
  SINCE JUN 1     56                       116    -60       33
  SINCE JUL 1     28                        38    -10        7

 COOLING
  TODAY            0                         4     -4        8
  MONTH TO DATE   91                        97     -6      145
  SINCE JUN 1    360                       374    -14      453
  SINCE JAN 1    365                       399    -34      497
..................................................................


WIND (MPH)
  HIGHEST WIND SPEED    18   HIGHEST WIND DIRECTION     S (180)
  HIGHEST GUST SPEED    26   HIGHEST GUST DIRECTION     S (170)
  AVERAGE WIND SPEED     8.8


SKY COVER
  POSSIBLE SUNSHINE  MM
  AVERAGE SKY COVER 0.1


WEATHER CONDITIONS
 THE FOLLOWING WEATHER WAS RECORDED TODAY.
  NO SIGNIFICANT WEATHER WAS OBSERVED.


RELATIVE HUMIDITY (PERCENT)
 HIGHEST    93          1200 AM
 LOWEST     64          1200 PM
 AVERAGE    79

..........................................................


THE ST CLOUD MN CLIMATE NORMALS FOR TOMORROW
                         NORMAL    RECORD    YEAR
 MAXIMUM TEMPERATURE (F)   79        97      1971
 MINIMUM TEMPERATURE (F)   55        42      1950
                                             1945
                                             1908


SUNRISE AND SUNSET
AUGUST 21 2015........SUNRISE   624 AM CDT   SUNSET   814 PM CDT
AUGUST 22 2015........SUNRISE   625 AM CDT   SUNSET   812 PM CDT


-  INDICATES NEGATIVE NUMBERS.
R  INDICATES RECORD WAS SET OR TIED.
MM INDICATES DATA IS MISSING.
T  INDICATES TRACE AMOUNT.




$$
