000
CDUS43 KMPX 110709
CLISTC


CLIMATE REPORT
NATIONAL WEATHER SERVICE CHANHASSEN MN
208 AM CDT MON SEP 11 2017


...................................

...THE ST CLOUD MN CLIMATE SUMMARY FOR SEPTEMBER 10 2017...

CLIMATE NORMAL PERIOD 1981 TO 2010
CLIMATE RECORD PERIOD 1893 TO 2017


WEATHER ITEM   OBSERVED TIME   RECORD YEAR NORMAL DEPARTURE LAST
                VALUE   (LST)  VALUE       VALUE  FROM      YEAR
                                                  NORMAL
..................................................................
TEMPERATURE (F)
 YESTERDAY
  MAXIMUM         78    358 PM 106    1931  73      5       71
  MINIMUM         59    636 AM  30    1917  49     10       50
  AVERAGE         69                        61      8       61

PRECIPITATION (IN)
  YESTERDAY        T             2.38 1900   0.12  -0.12     0.00
  MONTH TO DATE    0.18                      1.30  -1.12     0.85
  SINCE SEP 1      0.18                      1.30  -1.12     0.85
  SINCE JAN 1     21.11                     20.88   0.23    25.67

SNOWFALL (IN)
  YESTERDAY        0.0           0.0    MM   0.0    0.0      0.0
  MONTH TO DATE    0.0                       0.0    0.0      0.0
  SINCE SEP 1      0.0                       0.0    0.0      0.0
  SINCE JUL 1      0.0                       0.0    0.0      0.0
  SNOW DEPTH       0

DEGREE DAYS
 HEATING
  YESTERDAY        0                         6     -6        4
  MONTH TO DATE   46                        43      3        7
  SINCE SEP 1     46                        43      3        7
  SINCE JUL 1     86                       101    -15       29

 COOLING
  YESTERDAY        4                         2      2        0
  MONTH TO DATE   10                        20    -10       26
  SINCE SEP 1     10                        20    -10       26
  SINCE JAN 1    300                       449   -149      504
..................................................................


WIND (MPH)
  HIGHEST WIND SPEED    22   HIGHEST WIND DIRECTION    SE (140)
  HIGHEST GUST SPEED    29   HIGHEST GUST DIRECTION    SE (150)
  AVERAGE WIND SPEED    12.2


SKY COVER
  POSSIBLE SUNSHINE  MM
  AVERAGE SKY COVER 0.3


WEATHER CONDITIONS
 THE FOLLOWING WEATHER WAS RECORDED YESTERDAY.
  LIGHT RAIN


RELATIVE HUMIDITY (PERCENT)
 HIGHEST    90          1200 AM
 LOWEST     64           400 PM
 AVERAGE    77

..........................................................


THE ST CLOUD MN CLIMATE NORMALS FOR TODAY
                         NORMAL    RECORD    YEAR
 MAXIMUM TEMPERATURE (F)   72        96      2012
                                             1931
 MINIMUM TEMPERATURE (F)   49        31      1955


SUNRISE AND SUNSET
SEPTEMBER 11 2017.....SUNRISE   650 AM CDT   SUNSET   734 PM CDT
SEPTEMBER 12 2017.....SUNRISE   651 AM CDT   SUNSET   733 PM CDT


-  INDICATES NEGATIVE NUMBERS.
R  INDICATES RECORD WAS SET OR TIED.
MM INDICATES DATA IS MISSING.
T  INDICATES TRACE AMOUNT.




$$
