000
CDUS43 KMPX 142127
CLISTC


CLIMATE REPORT
NATIONAL WEATHER SERVICE CHANHASSEN MN
426 PM CDT THU AUG 14 2014


...................................

...THE ST CLOUD MN CLIMATE SUMMARY FOR AUGUST 14 2014...
VALID AS OF 0400 PM LOCAL TIME.

CLIMATE NORMAL PERIOD 1981 TO 2010
CLIMATE RECORD PERIOD 1893 TO 2014


WEATHER ITEM   OBSERVED TIME   RECORD YEAR NORMAL DEPARTURE LAST
                VALUE   (LST)  VALUE       VALUE  FROM      YEAR
                                                  NORMAL
..................................................................
TEMPERATURE (F)
 TODAY
  MAXIMUM         81    159 PM  94    1970  80      1       76
                                      1938
                                      1922
  MINIMUM         58    549 AM  38    1992  57      1       45
  AVERAGE         70                        68      2       61

PRECIPITATION (IN)
  TODAY            0.00          1.34 1928   0.12  -0.12     0.00
  MONTH TO DATE    1.18                      1.61  -0.43     0.58
  SINCE JUN 1      8.61                      9.09  -0.48     7.77
  SINCE JAN 1     24.96                     17.40   7.56    20.06

SNOWFALL (IN)
  TODAY            0.0           0.0    MM   0.0    0.0      0.0
  MONTH TO DATE    0.0                       0.0    0.0      0.0
  SINCE JUN 1      0.0                       0.0    0.0      0.0
  SINCE JUL 1      0.0                       0.0    0.0      0.0
  SNOW DEPTH       0

DEGREE DAYS
 HEATING
  TODAY            0                         1     -1        4
  MONTH TO DATE    0                        14    -14       20
  SINCE JUN 1     33                       109    -76      133
  SINCE JUL 1      7                        31    -24       46

 COOLING
  TODAY            5                         4      1        0
  MONTH TO DATE   94                        69     25       12
  SINCE JUN 1    402                       346     56      328
  SINCE JAN 1    446                       371     75      339
..................................................................


WIND (MPH)
  HIGHEST WIND SPEED    14   HIGHEST WIND DIRECTION    SE (130)
  HIGHEST GUST SPEED    18   HIGHEST GUST DIRECTION    SE (140)
  AVERAGE WIND SPEED     6.4


SKY COVER
  POSSIBLE SUNSHINE  MM
  AVERAGE SKY COVER 0.3


WEATHER CONDITIONS
 THE FOLLOWING WEATHER WAS RECORDED TODAY.
  NO SIGNIFICANT WEATHER WAS OBSERVED.


RELATIVE HUMIDITY (PERCENT)
 HIGHEST    93           200 AM
 LOWEST     45           100 PM
 AVERAGE    69

..........................................................


THE ST CLOUD MN CLIMATE NORMALS FOR TOMORROW
                         NORMAL    RECORD    YEAR
 MAXIMUM TEMPERATURE (F)   80       105      1936
 MINIMUM TEMPERATURE (F)   56        39      1979


SUNRISE AND SUNSET
AUGUST 14 2014........SUNRISE   616 AM CDT   SUNSET   825 PM CDT
AUGUST 15 2014........SUNRISE   617 AM CDT   SUNSET   824 PM CDT


-  INDICATES NEGATIVE NUMBERS.
R  INDICATES RECORD WAS SET OR TIED.
MM INDICATES DATA IS MISSING.
T  INDICATES TRACE AMOUNT.




$$
