291
CDUS43 KMPX 100628
CLISTC


CLIMATE REPORT
NATIONAL WEATHER SERVICE CHANHASSEN MN
1225 AM CST WED JAN 10 2018


...................................

...THE ST CLOUD MN CLIMATE SUMMARY FOR JANUARY 9 2018...

CLIMATE NORMAL PERIOD 1981 TO 2010
CLIMATE RECORD PERIOD 1893 TO 2018


WEATHER ITEM   OBSERVED TIME   RECORD YEAR NORMAL DEPARTURE LAST
                VALUE   (LST)  VALUE       VALUE  FROM      YEAR
                                                  NORMAL
..................................................................
TEMPERATURE (F)
 YESTERDAY
  MAXIMUM         40    326 PM  49    2012  21     19       22
  MINIMUM         24    129 AM -43    1977   2     22       11
  AVERAGE         32                        11     21       17

PRECIPITATION (IN)
  YESTERDAY        0.00          0.33 1975   0.03  -0.03     0.07
  MONTH TO DATE    T                         0.22  -0.22     0.13
  SINCE DEC 1      0.44                      1.04  -0.60     1.68
  SINCE JAN 1      T                         0.22  -0.22     0.13

SNOWFALL (IN)
  YESTERDAY        0.0           3.8  1975   0.3   -0.3      1.3
  MONTH TO DATE    T                         2.7   -2.7      3.0
  SINCE DEC 1      4.7                      12.1   -7.4     11.8
  SINCE JUL 1     11.8                      21.3   -9.5     19.1
  SNOW DEPTH       2

DEGREE DAYS
 HEATING
  YESTERDAY       33                        54    -21       48
  MONTH TO DATE  536                       479     57      526
  SINCE DEC 1   2079                      2001     78     1990
  SINCE JUL 1   3845                      3926    -81     3364

 COOLING
  YESTERDAY        0                         0      0        0
  MONTH TO DATE    0                         0      0        0
  SINCE DEC 1      0                         0      0        0
  SINCE JAN 1      0                         0      0        0
..................................................................


WIND (MPH)
  HIGHEST WIND SPEED    22   HIGHEST WIND DIRECTION     S (160)
  HIGHEST GUST SPEED    31   HIGHEST GUST DIRECTION    SE (150)
  AVERAGE WIND SPEED    11.3


SKY COVER
  POSSIBLE SUNSHINE  MM
  AVERAGE SKY COVER 0.5


WEATHER CONDITIONS
 THE FOLLOWING WEATHER WAS RECORDED YESTERDAY.
  NO SIGNIFICANT WEATHER WAS OBSERVED.


RELATIVE HUMIDITY (PERCENT)
 HIGHEST    88          1200 AM
 LOWEST     64           900 PM
 AVERAGE    76

..........................................................


THE ST CLOUD MN CLIMATE NORMALS FOR TODAY
                         NORMAL    RECORD    YEAR
 MAXIMUM TEMPERATURE (F)   21        52      2012
 MINIMUM TEMPERATURE (F)    2       -30      1982


SUNRISE AND SUNSET
JANUARY 10 2018.......SUNRISE   755 AM CST   SUNSET   453 PM CST
JANUARY 11 2018.......SUNRISE   755 AM CST   SUNSET   454 PM CST


-  INDICATES NEGATIVE NUMBERS.
R  INDICATES RECORD WAS SET OR TIED.
MM INDICATES DATA IS MISSING.
T  INDICATES TRACE AMOUNT.




$$
