000
CDUS43 KMPX 160724
CLISTC


CLIMATE REPORT
NATIONAL WEATHER SERVICE CHANHASSEN MN
223 AM CDT FRI JUN 16 2017


...................................

...THE ST CLOUD MN CLIMATE SUMMARY FOR JUNE 15 2017...

CLIMATE NORMAL PERIOD 1981 TO 2010
CLIMATE RECORD PERIOD 1893 TO 2017


WEATHER ITEM   OBSERVED TIME   RECORD YEAR NORMAL DEPARTURE LAST
                VALUE   (LST)  VALUE       VALUE  FROM      YEAR
                                                  NORMAL
..................................................................
TEMPERATURE (F)
 YESTERDAY
  MAXIMUM         82    416 PM  95    1933  78      4       73
  MINIMUM         56   1159 PM  34    1989  54      2       60
  AVERAGE         69                        66      3       67

PRECIPITATION (IN)
  YESTERDAY        0.00          2.97 1953   0.15  -0.15     0.00
  MONTH TO DATE    0.95                      2.03  -1.08     2.39
  SINCE JUN 1      0.95                      2.03  -1.08     2.39
  SINCE JAN 1     10.65                     10.34   0.31     8.74

SNOWFALL (IN)
  YESTERDAY        0.0           0.0    MM   0.0    0.0      0.0
  MONTH TO DATE    0.0                       0.0    0.0      0.0
  SINCE JUN 1      0.0                       0.0    0.0      0.0
  SINCE JUL 1     31.9                      45.7  -13.8     30.3
  SNOW DEPTH       0

DEGREE DAYS
 HEATING
  YESTERDAY        0                         2     -2        0
  MONTH TO DATE    6                        56    -50       30
  SINCE JUN 1      6                        56    -50       30
  SINCE JUL 1   7292                      8510  -1218     7167

 COOLING
  YESTERDAY        4                         3      1        2
  MONTH TO DATE   64                        32     32       41
  SINCE JUN 1     64                        32     32       41
  SINCE JAN 1     67                        57     10       72
..................................................................


WIND (MPH)
  HIGHEST WIND SPEED    26   HIGHEST WIND DIRECTION     W (270)
  HIGHEST GUST SPEED    35   HIGHEST GUST DIRECTION     W (270)
  AVERAGE WIND SPEED    10.3


SKY COVER
  POSSIBLE SUNSHINE  MM
  AVERAGE SKY COVER 0.0


WEATHER CONDITIONS
 THE FOLLOWING WEATHER WAS RECORDED YESTERDAY.
  NO SIGNIFICANT WEATHER WAS OBSERVED.


RELATIVE HUMIDITY (PERCENT)
 HIGHEST    93          1100 PM
 LOWEST     34           300 PM
 AVERAGE    64

..........................................................


THE ST CLOUD MN CLIMATE NORMALS FOR TODAY
                         NORMAL    RECORD    YEAR
 MAXIMUM TEMPERATURE (F)   78        98      1933
 MINIMUM TEMPERATURE (F)   54        37      1982


SUNRISE AND SUNSET
JUNE 16 2017..........SUNRISE   527 AM CDT   SUNSET   908 PM CDT
JUNE 17 2017..........SUNRISE   527 AM CDT   SUNSET   908 PM CDT


-  INDICATES NEGATIVE NUMBERS.
R  INDICATES RECORD WAS SET OR TIED.
MM INDICATES DATA IS MISSING.
T  INDICATES TRACE AMOUNT.




$$
