000
CDUS43 KMPX 220712
CLISTC


CLIMATE REPORT
NATIONAL WEATHER SERVICE CHANHASSEN MN
211 AM CDT MON SEP 22 2014


...................................

...THE ST CLOUD MN CLIMATE SUMMARY FOR SEPTEMBER 21 2014...

CLIMATE NORMAL PERIOD 1981 TO 2010
CLIMATE RECORD PERIOD 1893 TO 2014


WEATHER ITEM   OBSERVED TIME   RECORD YEAR NORMAL DEPARTURE LAST
                VALUE   (LST)  VALUE       VALUE  FROM      YEAR
                                                  NORMAL
..................................................................
TEMPERATURE (F)
 YESTERDAY
  MAXIMUM         69    412 PM  89    1908  68      1       63
  MINIMUM         49   1159 PM  23    1974  44      5       40
  AVERAGE         59                        56      3       52

PRECIPITATION (IN)
  YESTERDAY        0.00          2.28 1909   0.11  -0.11     0.00
  MONTH TO DATE    3.91                      2.56   1.35     1.69
  SINCE SEP 1      3.91                      2.56   1.35     1.69
  SINCE JAN 1     33.28                     22.14  11.14    22.02

SNOWFALL (IN)
  YESTERDAY        0.0           0.2  1995   0.0    0.0      0.0
  MONTH TO DATE    0.0                       0.0    0.0      0.0
  SINCE SEP 1      0.0                       0.0    0.0      0.0
  SINCE JUL 1      0.0                       0.0    0.0      0.0
  SNOW DEPTH       0

DEGREE DAYS
 HEATING
  YESTERDAY        6                         9     -3       13
  MONTH TO DATE  118                       127     -9       96
  SINCE SEP 1    118                       127     -9       96
  SINCE JUL 1    127                       185    -58      145

 COOLING
  YESTERDAY        0                         1     -1        0
  MONTH TO DATE   22                        31     -9       62
  SINCE SEP 1     22                        31     -9       62
  SINCE JAN 1    576                       460    116      566
..................................................................


WIND (MPH)
  HIGHEST WIND SPEED    18   HIGHEST WIND DIRECTION    NW (320)
  HIGHEST GUST SPEED    27   HIGHEST GUST DIRECTION    NW (320)
  AVERAGE WIND SPEED     9.2


SKY COVER
  POSSIBLE SUNSHINE  MM
  AVERAGE SKY COVER 0.3


WEATHER CONDITIONS
 THE FOLLOWING WEATHER WAS RECORDED YESTERDAY.
  NO SIGNIFICANT WEATHER WAS OBSERVED.


RELATIVE HUMIDITY (PERCENT)
 HIGHEST    89          1100 PM
 LOWEST     44           300 PM
 AVERAGE    67

..........................................................


THE ST CLOUD MN CLIMATE NORMALS FOR TODAY
                         NORMAL    RECORD    YEAR
 MAXIMUM TEMPERATURE (F)   68        92      1936
 MINIMUM TEMPERATURE (F)   44        18      1974


SUNRISE AND SUNSET
SEPTEMBER 22 2014.....SUNRISE   703 AM CDT   SUNSET   714 PM CDT
SEPTEMBER 23 2014.....SUNRISE   704 AM CDT   SUNSET   712 PM CDT


-  INDICATES NEGATIVE NUMBERS.
R  INDICATES RECORD WAS SET OR TIED.
MM INDICATES DATA IS MISSING.
T  INDICATES TRACE AMOUNT.




$$
