000
CDUS43 KMPX 140742
CLISTC


CLIMATE REPORT
NATIONAL WEATHER SERVICE CHANHASSEN MN
240 AM CDT SUN AUG 14 2016


...................................

...THE ST CLOUD MN CLIMATE SUMMARY FOR AUGUST 13 2016...

CLIMATE NORMAL PERIOD 1981 TO 2010
CLIMATE RECORD PERIOD 1893 TO 2016


WEATHER ITEM   OBSERVED TIME   RECORD YEAR NORMAL DEPARTURE LAST
                VALUE   (LST)  VALUE       VALUE  FROM      YEAR
                                                  NORMAL
..................................................................
TEMPERATURE (F)
 YESTERDAY
  MAXIMUM         80    443 PM  95    1938  80      0       81
  MINIMUM         58    539 AM  42    1946  57      1       68
  AVERAGE         69                        68      1       75

PRECIPITATION (IN)
  YESTERDAY        0.02          2.37 2010   0.13  -0.11     0.41
  MONTH TO DATE    3.24                      1.49   1.75     1.37
  SINCE JUN 1     13.35                      8.97   4.38    13.21
  SINCE JAN 1     19.70                     17.28   2.42    21.88

SNOWFALL (IN)
  YESTERDAY        0.0           0.0    MM   0.0    0.0      0.0
  MONTH TO DATE    0.0                       0.0    0.0      0.0
  SINCE JUN 1      0.0                       0.0    0.0      0.0
  SINCE JUL 1      0.0                       0.0    0.0      0.0
  SNOW DEPTH       0

DEGREE DAYS
 HEATING
  YESTERDAY        0                         1     -1        0
  MONTH TO DATE    0                        13    -13        0
  SINCE JUN 1     40                       108    -68       40
  SINCE JUL 1      7                        30    -23       12

 COOLING
  YESTERDAY        4                         5     -1       10
  MONTH TO DATE   96                        65     31       61
  SINCE JUN 1    386                       342     44      330
  SINCE JAN 1    417                       367     50      335
..................................................................


WIND (MPH)
  HIGHEST WIND SPEED    17   HIGHEST WIND DIRECTION     W (280)
  HIGHEST GUST SPEED    21   HIGHEST GUST DIRECTION     W (290)
  AVERAGE WIND SPEED     5.6


SKY COVER
  POSSIBLE SUNSHINE  MM
  AVERAGE SKY COVER 0.3


WEATHER CONDITIONS
 THE FOLLOWING WEATHER WAS RECORDED YESTERDAY.
  THUNDERSTORM
  RAIN
  FOG


RELATIVE HUMIDITY (PERCENT)
 HIGHEST   100          1200 AM
 LOWEST     51           200 PM
 AVERAGE    76

..........................................................


THE ST CLOUD MN CLIMATE NORMALS FOR TODAY
                         NORMAL    RECORD    YEAR
 MAXIMUM TEMPERATURE (F)   80        94      1970
                                             1938
                                             1922
 MINIMUM TEMPERATURE (F)   57        38      1992


SUNRISE AND SUNSET
AUGUST 14 2016........SUNRISE   616 AM CDT   SUNSET   825 PM CDT
AUGUST 15 2016........SUNRISE   617 AM CDT   SUNSET   823 PM CDT


-  INDICATES NEGATIVE NUMBERS.
R  INDICATES RECORD WAS SET OR TIED.
MM INDICATES DATA IS MISSING.
T  INDICATES TRACE AMOUNT.




$$
