000
CDUS43 KMPX 120623
CLISTC


CLIMATE REPORT
NATIONAL WEATHER SERVICE CHANHASSEN MN
122 AM CDT SUN OCT 12 2014


...................................

...THE ST CLOUD MN CLIMATE SUMMARY FOR OCTOBER 11 2014...

CLIMATE NORMAL PERIOD 1981 TO 2010
CLIMATE RECORD PERIOD 1893 TO 2014


WEATHER ITEM   OBSERVED TIME   RECORD YEAR NORMAL DEPARTURE LAST
                VALUE   (LST)  VALUE       VALUE  FROM      YEAR
                                                  NORMAL
..................................................................
TEMPERATURE (F)
 YESTERDAY
  MAXIMUM         59    354 PM  82    1930  59      0       73
                                      1910
  MINIMUM         27    634 AM  16    1987  37    -10       53
  AVERAGE         43                        48     -5       63

PRECIPITATION (IN)
  YESTERDAY        0.00          1.01 1973   0.08  -0.08     0.30
  MONTH TO DATE    0.33                      1.03  -0.70     1.75
  SINCE SEP 1      4.39                      4.49  -0.10     3.62
  SINCE JAN 1     33.76                     24.07   9.69    23.95

SNOWFALL (IN)
  YESTERDAY        0.0           T    2006   0.0    0.0      0.0
                                      1959
                                      1946
  MONTH TO DATE    0.0                       0.1   -0.1      0.0
  SINCE SEP 1      0.0                       0.1   -0.1      0.0
  SINCE JUL 1      0.0                       0.1   -0.1      0.0
  SNOW DEPTH       0

DEGREE DAYS
 HEATING
  YESTERDAY       22                        17      5        2
  MONTH TO DATE  201                       169     32       95
  SINCE SEP 1    353                       397    -44      224
  SINCE JUL 1    362                       455    -93      273

 COOLING
  YESTERDAY        0                         0      0        0
  MONTH TO DATE    0                         0      0        0
  SINCE SEP 1     43                        34      9       74
  SINCE JAN 1    597                       463    134      578
..................................................................


WIND (MPH)
  HIGHEST WIND SPEED    18   HIGHEST WIND DIRECTION     S (180)
  HIGHEST GUST SPEED    24   HIGHEST GUST DIRECTION     S (170)
  AVERAGE WIND SPEED     6.9


SKY COVER
  POSSIBLE SUNSHINE  MM
  AVERAGE SKY COVER 0.0


WEATHER CONDITIONS
 THE FOLLOWING WEATHER WAS RECORDED YESTERDAY.
  FOG


RELATIVE HUMIDITY (PERCENT)
 HIGHEST    92          1200 AM
 LOWEST     31           300 PM
 AVERAGE    62

..........................................................


THE ST CLOUD MN CLIMATE NORMALS FOR TODAY
                         NORMAL    RECORD    YEAR
 MAXIMUM TEMPERATURE (F)   59        84      1995
 MINIMUM TEMPERATURE (F)   36        18      2012


SUNRISE AND SUNSET
OCTOBER 12 2014.......SUNRISE   729 AM CDT   SUNSET   636 PM CDT
OCTOBER 13 2014.......SUNRISE   730 AM CDT   SUNSET   634 PM CDT


-  INDICATES NEGATIVE NUMBERS.
R  INDICATES RECORD WAS SET OR TIED.
MM INDICATES DATA IS MISSING.
T  INDICATES TRACE AMOUNT.




$$
