000
CDUS43 KMPX 072318
CLISTC


CLIMATE REPORT
NATIONAL WEATHER SERVICE CHANHASSEN MN
518 PM CST SUN JAN 7 2018


...................................

...THE ST CLOUD MN CLIMATE SUMMARY FOR JANUARY 7 2018...
VALID TODAY AS OF 0500 PM LOCAL TIME.

CLIMATE NORMAL PERIOD 1981 TO 2010
CLIMATE RECORD PERIOD 1893 TO 2018


WEATHER ITEM   OBSERVED TIME   RECORD YEAR NORMAL DEPARTURE LAST
                VALUE   (LST)  VALUE       VALUE  FROM      YEAR
                                                  NORMAL
..................................................................
TEMPERATURE (F)
 TODAY
  MAXIMUM         31    307 PM  51    2003  21     10        5
  MINIMUM         11    101 AM -35    1912   2      9      -12
  AVERAGE         21                        12      9       -3

PRECIPITATION (IN)
  TODAY            0.00          0.47 1989   0.02  -0.02     0.00
  MONTH TO DATE    T                         0.17  -0.17     0.06
  SINCE DEC 1      0.44                      0.99  -0.55     1.61
  SINCE JAN 1      T                         0.17  -0.17     0.06

SNOWFALL (IN)
  TODAY            0.0           7.8  1989   0.3   -0.3      0.0
  MONTH TO DATE    T                         2.1   -2.1      1.4
  SINCE DEC 1      4.7                      11.5   -6.8     10.2
  SINCE JUL 1     11.8                      20.7   -8.9     17.5
  SNOW DEPTH       3

DEGREE DAYS
 HEATING
  TODAY           44                        53     -9       68
  MONTH TO DATE  466                       371     95      413
  SINCE DEC 1   2009                      1893    116     1877
  SINCE JUL 1   3775                      3818    -43     3251

 COOLING
  TODAY            0                         0      0        0
  MONTH TO DATE    0                         0      0        0
  SINCE DEC 1      0                         0      0        0
  SINCE JAN 1      0                         0      0        0
..................................................................


WIND (MPH)
  HIGHEST WIND SPEED    22   HIGHEST WIND DIRECTION     S (170)
  HIGHEST GUST SPEED    29   HIGHEST GUST DIRECTION     S (180)
  AVERAGE WIND SPEED    10.7


SKY COVER
  POSSIBLE SUNSHINE  MM
  AVERAGE SKY COVER 0.4


WEATHER CONDITIONS
 THE FOLLOWING WEATHER WAS RECORDED TODAY.
  NO SIGNIFICANT WEATHER WAS OBSERVED.


RELATIVE HUMIDITY (PERCENT)
 HIGHEST    80           900 AM
 LOWEST     67          1200 AM
 AVERAGE    74

..........................................................


THE ST CLOUD MN CLIMATE NORMALS FOR TOMORROW
                         NORMAL    RECORD    YEAR
 MAXIMUM TEMPERATURE (F)   21        54      2003
 MINIMUM TEMPERATURE (F)    2       -26      1977


SUNRISE AND SUNSET
JANUARY  7 2018.......SUNRISE   756 AM CST   SUNSET   450 PM CST
JANUARY  8 2018.......SUNRISE   756 AM CST   SUNSET   451 PM CST


-  INDICATES NEGATIVE NUMBERS.
R  INDICATES RECORD WAS SET OR TIED.
MM INDICATES DATA IS MISSING.
T  INDICATES TRACE AMOUNT.




$$
