000
CDUS43 KMPX 210826
CLISTC


CLIMATE REPORT
NATIONAL WEATHER SERVICE CHANHASSEN MN
225 AM CST SAT FEB 21 2015


...................................

...THE ST CLOUD MN CLIMATE SUMMARY FOR FEBRUARY 20 2015...

CLIMATE NORMAL PERIOD 1981 TO 2010
CLIMATE RECORD PERIOD 1893 TO 2015


WEATHER ITEM   OBSERVED TIME   RECORD YEAR NORMAL DEPARTURE LAST
                VALUE   (LST)  VALUE       VALUE  FROM      YEAR
                                                  NORMAL
..................................................................
TEMPERATURE (F)
 YESTERDAY
  MAXIMUM         23   1004 PM  57    1981  28     -5       38
  MINIMUM          6    106 AM -20    1966   9     -3       13
                                      1918
  AVERAGE         15                        19     -4       26

PRECIPITATION (IN)
  YESTERDAY        0.05          0.78 1922   0.02   0.03     0.61
  MONTH TO DATE    0.31                      0.37  -0.06     1.13
  SINCE DEC 1      1.30                      1.84  -0.54     4.24
  SINCE JAN 1      0.55                      1.02  -0.47     2.47

SNOWFALL (IN)
  YESTERDAY        0.5           7.6  2014   0.3    0.2      7.6
  MONTH TO DATE    3.7                       4.7   -1.0     12.8
  SINCE DEC 1      8.7                      22.7  -14.0     50.0
  SINCE JUL 1     26.3                      31.9   -5.6     53.6
  SNOW DEPTH       2

DEGREE DAYS
 HEATING
  YESTERDAY       50                        46      4       39
  MONTH TO DATE 1094                       988    106     1161
  SINCE DEC 1   3851                      4165   -314     4838
  SINCE JUL 1   5783                      6090   -307     6711

 COOLING
  YESTERDAY        0                         0      0        0
  MONTH TO DATE    0                         0      0        0
  SINCE DEC 1      0                         0      0        0
  SINCE JAN 1      0                         0      0        0
..................................................................


WIND (MPH)
  HIGHEST WIND SPEED    21   HIGHEST WIND DIRECTION     S (190)
  HIGHEST GUST SPEED    23   HIGHEST GUST DIRECTION     S (200)
  AVERAGE WIND SPEED     9.7


SKY COVER
  POSSIBLE SUNSHINE  MM
  AVERAGE SKY COVER 1.0


WEATHER CONDITIONS
 THE FOLLOWING WEATHER WAS RECORDED YESTERDAY.
  LIGHT SNOW
  FOG
  HAZE


RELATIVE HUMIDITY (PERCENT)
 HIGHEST    84           900 AM
 LOWEST     67           100 PM
 AVERAGE    76

..........................................................


THE ST CLOUD MN CLIMATE NORMALS FOR TODAY
                         NORMAL    RECORD    YEAR
 MAXIMUM TEMPERATURE (F)   29        55      1961
 MINIMUM TEMPERATURE (F)   10       -25      1939


SUNRISE AND SUNSET
FEBRUARY 21 2015......SUNRISE   709 AM CST   SUNSET   552 PM CST
FEBRUARY 22 2015......SUNRISE   707 AM CST   SUNSET   553 PM CST


-  INDICATES NEGATIVE NUMBERS.
R  INDICATES RECORD WAS SET OR TIED.
MM INDICATES DATA IS MISSING.
T  INDICATES TRACE AMOUNT.




$$
