000
CDUS43 KMPX 270019
CLISTC


CLIMATE REPORT
NATIONAL WEATHER SERVICE CHANHASSEN MN
619 PM CST SUN NOV 26 2017


...................................

...THE ST CLOUD MN CLIMATE SUMMARY FOR NOVEMBER 26 2017...
VALID TODAY AS OF 0600 PM LOCAL TIME.

CLIMATE NORMAL PERIOD 1981 TO 2010
CLIMATE RECORD PERIOD 1893 TO 2017


WEATHER ITEM   OBSERVED TIME   RECORD YEAR NORMAL DEPARTURE LAST
                VALUE   (LST)  VALUE       VALUE  FROM      YEAR
                                                  NORMAL
..................................................................
TEMPERATURE (F)
 TODAY
  MAXIMUM         47    219 PM  59    1914  33     14       40
  MINIMUM         19    109 AM -17    1977  16      3       24
  AVERAGE         33                        24      9       32

PRECIPITATION (IN)
  TODAY            0.00          0.65 2001   0.04  -0.04     0.00
  MONTH TO DATE    0.82                      1.23  -0.41     1.10
  SINCE SEP 1      8.83                      7.18   1.65     6.86
  SINCE JAN 1     29.76                     26.76   3.00    31.68

SNOWFALL (IN)
  TODAY            0.0           4.1  1965   0.4   -0.4      0.0
  MONTH TO DATE    5.7                       7.0   -1.3      7.3
  SINCE SEP 1      7.1                       7.8   -0.7      7.3
  SINCE JUL 1      7.1                       7.8   -0.7      7.3
  SNOW DEPTH       0

DEGREE DAYS
 HEATING
  TODAY           32                        41     -9       33
  MONTH TO DATE  931                       871     60      629
  SINCE SEP 1   1613                      1698    -85     1239
  SINCE JUL 1   1653                      1756   -103     1261

 COOLING
  TODAY            0                         0      0        0
  MONTH TO DATE    0                         0      0        0
  SINCE SEP 1     71                        36     35       28
  SINCE JAN 1    361                       465   -104      506
..................................................................


WIND (MPH)
  HIGHEST WIND SPEED    12   HIGHEST WIND DIRECTION    SW (210)
  HIGHEST GUST SPEED    16   HIGHEST GUST DIRECTION    SW (210)
  AVERAGE WIND SPEED     5.4


SKY COVER
  POSSIBLE SUNSHINE  MM
  AVERAGE SKY COVER 0.1


WEATHER CONDITIONS
 THE FOLLOWING WEATHER WAS RECORDED TODAY.
  NO SIGNIFICANT WEATHER WAS OBSERVED.


RELATIVE HUMIDITY (PERCENT)
 HIGHEST    96           300 AM
 LOWEST     53           200 PM
 AVERAGE    75

..........................................................


THE ST CLOUD MN CLIMATE NORMALS FOR TOMORROW
                         NORMAL    RECORD    YEAR
 MAXIMUM TEMPERATURE (F)   32        58      1998
 MINIMUM TEMPERATURE (F)   15       -13      1940


SUNRISE AND SUNSET
NOVEMBER 26 2017......SUNRISE   730 AM CST   SUNSET   437 PM CST
NOVEMBER 27 2017......SUNRISE   732 AM CST   SUNSET   436 PM CST


-  INDICATES NEGATIVE NUMBERS.
R  INDICATES RECORD WAS SET OR TIED.
MM INDICATES DATA IS MISSING.
T  INDICATES TRACE AMOUNT.




$$
