000
CDUS43 KMPX 060052
CLISTC


CLIMATE REPORT
NATIONAL WEATHER SERVICE CHANHASSEN MN
752 PM CDT THU OCT 5 2017


...................................

...THE ST CLOUD MN CLIMATE SUMMARY FOR OCTOBER 5 2017...
VALID TODAY AS OF 0700 PM LOCAL TIME.

CLIMATE NORMAL PERIOD 1981 TO 2010
CLIMATE RECORD PERIOD 1893 TO 2017


WEATHER ITEM   OBSERVED TIME   RECORD YEAR NORMAL DEPARTURE LAST
                VALUE   (LST)  VALUE       VALUE  FROM      YEAR
                                                  NORMAL
..................................................................
TEMPERATURE (F)
 TODAY
  MAXIMUM         61    352 PM  89    1947  62     -1       63
  MINIMUM         44   1222 AM  20    1952  39      5       48
  AVERAGE         53                        50      3       56

PRECIPITATION (IN)
  TODAY            0.00          1.08 1893   0.10  -0.10     0.49
  MONTH TO DATE    3.37                      0.50   2.87     0.96
  SINCE SEP 1      6.30                      3.96   2.34     4.04
  SINCE JAN 1     27.23                     23.54   3.69    28.86

SNOWFALL (IN)
  TODAY            0.0           T    1952   0.0    0.0      0.0
                                      1993
  MONTH TO DATE    0.0                       0.0    0.0      0.0
  SINCE SEP 1      0.0                       T      0.0      0.0
  SINCE JUL 1      0.0                       T      0.0      0.0
  SNOW DEPTH       0

DEGREE DAYS
 HEATING
  TODAY           12                        15     -3        9
  MONTH TO DATE   55                        71    -16       22
  SINCE SEP 1    194                       299   -105      140
  SINCE JUL 1    234                       357   -123      162

 COOLING
  TODAY            0                         0      0        0
  MONTH TO DATE    0                         0      0        0
  SINCE SEP 1     71                        34     37       28
  SINCE JAN 1    361                       463   -102      506
..................................................................


WIND (MPH)
  HIGHEST WIND SPEED     7   HIGHEST WIND DIRECTION     S (160)
  HIGHEST GUST SPEED     9   HIGHEST GUST DIRECTION     S (160)
  AVERAGE WIND SPEED     1.8


SKY COVER
  POSSIBLE SUNSHINE  MM
  AVERAGE SKY COVER 1.0


WEATHER CONDITIONS
 THE FOLLOWING WEATHER WAS RECORDED TODAY.
  NO SIGNIFICANT WEATHER WAS OBSERVED.


RELATIVE HUMIDITY (PERCENT)
 HIGHEST   100           600 AM
 LOWEST     64           400 PM
 AVERAGE    82

..........................................................


THE ST CLOUD MN CLIMATE NORMALS FOR TOMORROW
                         NORMAL    RECORD    YEAR
 MAXIMUM TEMPERATURE (F)   62        85      2007
 MINIMUM TEMPERATURE (F)   38        18      1976


SUNRISE AND SUNSET
OCTOBER  5 2017.......SUNRISE   720 AM CDT   SUNSET   648 PM CDT
OCTOBER  6 2017.......SUNRISE   721 AM CDT   SUNSET   647 PM CDT


-  INDICATES NEGATIVE NUMBERS.
R  INDICATES RECORD WAS SET OR TIED.
MM INDICATES DATA IS MISSING.
T  INDICATES TRACE AMOUNT.




$$
