406
CDUS43 KMPX 082148
CLISTC


CLIMATE REPORT
NATIONAL WEATHER SERVICE CHANHASSEN MN
447 PM CDT TUE AUG 8 2017


...................................

...THE ST CLOUD MN CLIMATE SUMMARY FOR AUGUST 8 2017...
VALID TODAY AS OF 0400 PM LOCAL TIME.

CLIMATE NORMAL PERIOD 1981 TO 2010
CLIMATE RECORD PERIOD 1893 TO 2017


WEATHER ITEM   OBSERVED TIME   RECORD YEAR NORMAL DEPARTURE LAST
                VALUE   (LST)  VALUE       VALUE  FROM      YEAR
                                                  NORMAL
..................................................................
TEMPERATURE (F)
 TODAY
  MAXIMUM         83    239 PM  96    1947  81      2       82
  MINIMUM         51    527 AM  43    1904  57     -6       53
  AVERAGE         67                        69     -2       68

PRECIPITATION (IN)
  TODAY            0.00          2.14 2009   0.12  -0.12     0.00
  MONTH TO DATE    1.59                      0.89   0.70     0.09
  SINCE JUN 1      7.55                      8.37  -0.82    10.20
  SINCE JAN 1     17.25                     16.68   0.57    16.55

SNOWFALL (IN)
  TODAY            0.0           0.0    MM   0.0    0.0      0.0
  MONTH TO DATE    0.0                       0.0    0.0      0.0
  SINCE JUN 1      0.0                       0.0    0.0      0.0
  SINCE JUL 1      0.0                       0.0    0.0      0.0
  SNOW DEPTH       0

DEGREE DAYS
 HEATING
  TODAY            0                         1     -1        0
  MONTH TO DATE   12                         8      4        0
  SINCE JUN 1     57                       103    -46       40
  SINCE JUL 1     16                        25     -9        7

 COOLING
  TODAY            2                         5     -3        3
  MONTH TO DATE   17                        40    -23       54
  SINCE JUN 1    273                       317    -44      344
  SINCE JAN 1    276                       342    -66      375
..................................................................


WIND (MPH)
  HIGHEST WIND SPEED    16   HIGHEST WIND DIRECTION     W (260)
  HIGHEST GUST SPEED    19   HIGHEST GUST DIRECTION     W (270)
  AVERAGE WIND SPEED     5.3


SKY COVER
  POSSIBLE SUNSHINE  MM
  AVERAGE SKY COVER 0.1


WEATHER CONDITIONS
 THE FOLLOWING WEATHER WAS RECORDED TODAY.
  NO SIGNIFICANT WEATHER WAS OBSERVED.


RELATIVE HUMIDITY (PERCENT)
 HIGHEST   100           100 AM
 LOWEST     34           200 PM
 AVERAGE    67

..........................................................


THE ST CLOUD MN CLIMATE NORMALS FOR TOMORROW
                         NORMAL    RECORD    YEAR
 MAXIMUM TEMPERATURE (F)   81        96      1900
 MINIMUM TEMPERATURE (F)   57        46      1982
                                             1972


SUNRISE AND SUNSET
AUGUST  8 2017........SUNRISE   609 AM CDT   SUNSET   834 PM CDT
AUGUST  9 2017........SUNRISE   610 AM CDT   SUNSET   833 PM CDT


-  INDICATES NEGATIVE NUMBERS.
R  INDICATES RECORD WAS SET OR TIED.
MM INDICATES DATA IS MISSING.
T  INDICATES TRACE AMOUNT.




$$
