000
CDUS43 KMPX 270743
CLISTC


CLIMATE REPORT
NATIONAL WEATHER SERVICE CHANHASSEN MN
243 AM CDT SAT JUN 27 2015


...................................

...THE ST CLOUD MN CLIMATE SUMMARY FOR JUNE 26 2015...

CLIMATE NORMAL PERIOD 1981 TO 2010
CLIMATE RECORD PERIOD 1893 TO 2015


WEATHER ITEM   OBSERVED TIME   RECORD YEAR NORMAL DEPARTURE LAST
                VALUE   (LST)  VALUE       VALUE  FROM      YEAR
                                                  NORMAL
..................................................................
TEMPERATURE (F)
 YESTERDAY
  MAXIMUM         82    134 PM  99    1933  80      2       84
  MINIMUM         54    442 AM  42    1992  57     -3       54
                                      1982
                                      1925
  AVERAGE         68                        69     -1       69

PRECIPITATION (IN)
  YESTERDAY        0.02          3.46 1983   0.13  -0.11     0.38
  MONTH TO DATE    4.47                      3.62   0.85     6.13
  SINCE JUN 1      4.47                      3.62   0.85     6.13
  SINCE JAN 1     13.14                     11.93   1.21    22.48

SNOWFALL (IN)
  YESTERDAY        0.0           0.0    MM   0.0    0.0      0.0
  MONTH TO DATE    0.0                       0.0    0.0      0.0
  SINCE JUN 1      0.0                       0.0    0.0      0.0
  SINCE JUL 1     31.1                      45.7  -14.6     75.5
  SNOW DEPTH       0

DEGREE DAYS
 HEATING
  YESTERDAY        0                         1     -1        0
  MONTH TO DATE   28                        74    -46       26
  SINCE JUN 1     28                        74    -46       26
  SINCE JUL 1   8143                      8528   -385     9524

 COOLING
  YESTERDAY        3                         5     -2        4
  MONTH TO DATE   53                        75    -22       92
  SINCE JUN 1     53                        75    -22       92
  SINCE JAN 1     58                       100    -42      136
..................................................................


WIND (MPH)
  HIGHEST WIND SPEED    14   HIGHEST WIND DIRECTION     W (280)
  HIGHEST GUST SPEED    21   HIGHEST GUST DIRECTION     N (340)
  AVERAGE WIND SPEED     4.0


SKY COVER
  POSSIBLE SUNSHINE  MM
  AVERAGE SKY COVER 0.1


WEATHER CONDITIONS
 THE FOLLOWING WEATHER WAS RECORDED YESTERDAY.
  THUNDERSTORM
  LIGHT RAIN


RELATIVE HUMIDITY (PERCENT)
 HIGHEST    93           200 AM
 LOWEST     42          1200 PM
 AVERAGE    68

..........................................................


THE ST CLOUD MN CLIMATE NORMALS FOR TODAY
                         NORMAL    RECORD    YEAR
 MAXIMUM TEMPERATURE (F)   81        99      1934
 MINIMUM TEMPERATURE (F)   57        37      1992


SUNRISE AND SUNSET
JUNE 27 2015..........SUNRISE   529 AM CDT   SUNSET   909 PM CDT
JUNE 28 2015..........SUNRISE   530 AM CDT   SUNSET   909 PM CDT


-  INDICATES NEGATIVE NUMBERS.
R  INDICATES RECORD WAS SET OR TIED.
MM INDICATES DATA IS MISSING.
T  INDICATES TRACE AMOUNT.




$$
