000
CDUS43 KMPX 060622
CLISTC


CLIMATE REPORT
NATIONAL WEATHER SERVICE CHANHASSEN MN
1220 AM CST MON FEB 6 2017


...................................

...THE ST CLOUD MN CLIMATE SUMMARY FOR FEBRUARY 5 2017...

CLIMATE NORMAL PERIOD 1981 TO 2010
CLIMATE RECORD PERIOD 1893 TO 2017


WEATHER ITEM   OBSERVED TIME   RECORD YEAR NORMAL DEPARTURE LAST
                VALUE   (LST)  VALUE       VALUE  FROM      YEAR
                                                  NORMAL
..................................................................
TEMPERATURE (F)
 YESTERDAY
  MAXIMUM         28        MM  49    2005  24      4       26
  MINIMUM         11        MM -31    1979   4      7       -2
  AVERAGE         20                        14      6       12

PRECIPITATION (IN)
  YESTERDAY        0.00          0.70 1895   0.01  -0.01     0.00
  MONTH TO DATE    T                         0.08  -0.08     0.13
  SINCE DEC 1      2.09                      1.55   0.54     1.46
  SINCE JAN 1      0.54                      0.73  -0.19     0.44

SNOWFALL (IN)
  YESTERDAY        0.0           5.0  1908   0.3   -0.3      0.0
  MONTH TO DATE    T                         1.2   -1.2      3.1
  SINCE DEC 1     18.8                      19.2   -0.4     15.9
  SINCE JUL 1     26.1                      28.4   -2.3     21.6
  SNOW DEPTH       0

DEGREE DAYS
 HEATING
  YESTERDAY       45                        51     -6       53
  MONTH TO DATE  244                       258    -14      233
  SINCE DEC 1   3186                      3435   -249     2996
  SINCE JUL 1   4560                      5360   -800     4455

 COOLING
  YESTERDAY        0                         0      0        0
  MONTH TO DATE    0                         0      0        0
  SINCE DEC 1      0                         0      0        0
  SINCE JAN 1      0                         0      0        0
..................................................................


WIND (MPH)
  HIGHEST WIND SPEED    18   HIGHEST WIND DIRECTION    NW (310)
  HIGHEST GUST SPEED    MM   HIGHEST GUST DIRECTION    MM
  AVERAGE WIND SPEED     7.9


SKY COVER
  POSSIBLE SUNSHINE  MM
  AVERAGE SKY COVER 0.2


WEATHER CONDITIONS
 THE FOLLOWING WEATHER WAS RECORDED YESTERDAY.
  NO SIGNIFICANT WEATHER WAS OBSERVED.


RELATIVE HUMIDITY (PERCENT)
 HIGHEST    81           100 AM
 LOWEST     45           400 PM
 AVERAGE    63

..........................................................


THE ST CLOUD MN CLIMATE NORMALS FOR TODAY
                         NORMAL    RECORD    YEAR
 MAXIMUM TEMPERATURE (F)   24        50      1987
 MINIMUM TEMPERATURE (F)    4       -33      1982


SUNRISE AND SUNSET
FEBRUARY  6 2017......SUNRISE   731 AM CST   SUNSET   531 PM CST
FEBRUARY  7 2017......SUNRISE   729 AM CST   SUNSET   532 PM CST


-  INDICATES NEGATIVE NUMBERS.
R  INDICATES RECORD WAS SET OR TIED.
MM INDICATES DATA IS MISSING.
T  INDICATES TRACE AMOUNT.




$$
