000
CDUS43 KMPX 090628
CLISTC


CLIMATE REPORT
NATIONAL WEATHER SERVICE CHANHASSEN MN
127 AM CDT TUE SEP 9 2014


...................................

...THE ST CLOUD MN CLIMATE SUMMARY FOR SEPTEMBER 8 2014...

CLIMATE NORMAL PERIOD 1981 TO 2010
CLIMATE RECORD PERIOD 1893 TO 2014


WEATHER ITEM   OBSERVED TIME   RECORD YEAR NORMAL DEPARTURE LAST
                VALUE   (LST)  VALUE       VALUE  FROM      YEAR
                                                  NORMAL
..................................................................
TEMPERATURE (F)
 YESTERDAY
  MAXIMUM         77    345 PM 102    1931  74      3       65
  MINIMUM         59    458 AM  34    1995  50      9       60
  AVERAGE         68                        62      6       63

PRECIPITATION (IN)
  YESTERDAY        0.00          3.62 1985   0.12  -0.12     0.02
  MONTH TO DATE    3.23                      1.05   2.18     0.02
  SINCE SEP 1      3.23                      1.05   2.18     0.02
  SINCE JAN 1     32.60                     20.63  11.97    20.35

SNOWFALL (IN)
  YESTERDAY        0.0           0.0    MM   0.0    0.0      0.0
  MONTH TO DATE    0.0                       0.0    0.0      0.0
  SINCE SEP 1      0.0                       0.0    0.0      0.0
  SINCE JUL 1      0.0                       0.0    0.0      0.0
  SNOW DEPTH       0

DEGREE DAYS
 HEATING
  YESTERDAY        0                         5     -5        2
  MONTH TO DATE    6                        32    -26       17
  SINCE SEP 1      6                        32    -26       17
  SINCE JUL 1     15                        90    -75       66

 COOLING
  YESTERDAY        3                         2      1        0
  MONTH TO DATE   20                        16      4       36
  SINCE SEP 1     20                        16      4       36
  SINCE JAN 1    579                       445    134      540
..................................................................


WIND (MPH)
  HIGHEST WIND SPEED    21   HIGHEST WIND DIRECTION     S (180)
  HIGHEST GUST SPEED    25   HIGHEST GUST DIRECTION    SE (150)
  AVERAGE WIND SPEED    12.2


SKY COVER
  POSSIBLE SUNSHINE  MM
  AVERAGE SKY COVER 0.3


WEATHER CONDITIONS
 THE FOLLOWING WEATHER WAS RECORDED YESTERDAY.
  NO SIGNIFICANT WEATHER WAS OBSERVED.


RELATIVE HUMIDITY (PERCENT)
 HIGHEST    78           600 AM
 LOWEST     54           100 PM
 AVERAGE    66

..........................................................


THE ST CLOUD MN CLIMATE NORMALS FOR TODAY
                         NORMAL    RECORD    YEAR
 MAXIMUM TEMPERATURE (F)   73        98      1931
 MINIMUM TEMPERATURE (F)   50        33      1898


SUNRISE AND SUNSET
SEPTEMBER  9 2014.....SUNRISE   647 AM CDT   SUNSET   739 PM CDT
SEPTEMBER 10 2014.....SUNRISE   649 AM CDT   SUNSET   737 PM CDT


-  INDICATES NEGATIVE NUMBERS.
R  INDICATES RECORD WAS SET OR TIED.
MM INDICATES DATA IS MISSING.
T  INDICATES TRACE AMOUNT.




$$
