000
CDUS43 KMPX 290728
CLISTC


CLIMATE REPORT
NATIONAL WEATHER SERVICE CHANHASSEN MN
228 AM CDT MON JUN 29 2015


...................................

...THE ST CLOUD MN CLIMATE SUMMARY FOR JUNE 28 2015...

CLIMATE NORMAL PERIOD 1981 TO 2010
CLIMATE RECORD PERIOD 1893 TO 2015


WEATHER ITEM   OBSERVED TIME   RECORD YEAR NORMAL DEPARTURE LAST
                VALUE   (LST)  VALUE       VALUE  FROM      YEAR
                                                  NORMAL
..................................................................
TEMPERATURE (F)
 YESTERDAY
  MAXIMUM         81    308 PM 102    1931  81      0       85
  MINIMUM         61    514 AM  44    1911  57      4       69
                                      1895
  AVERAGE         71                        69      2       77

PRECIPITATION (IN)
  YESTERDAY        0.03          2.61 1990   0.14  -0.11     0.02
  MONTH TO DATE    4.63                      3.90   0.73     6.17
  SINCE JUN 1      4.63                      3.90   0.73     6.17
  SINCE JAN 1     13.30                     12.21   1.09    22.52

SNOWFALL (IN)
  YESTERDAY        0.0           0.0    MM   0.0    0.0      0.0
  MONTH TO DATE    0.0                       0.0    0.0      0.0
  SINCE JUN 1      0.0                       0.0    0.0      0.0
  SINCE JUL 1     31.1                      45.7  -14.6     75.5
  SNOW DEPTH       0

DEGREE DAYS
 HEATING
  YESTERDAY        0                         1     -1        0
  MONTH TO DATE   28                        76    -48       26
  SINCE JUN 1     28                        76    -48       26
  SINCE JUL 1   8143                      8530   -387     9524

 COOLING
  YESTERDAY        6                         5      1       12
  MONTH TO DATE   62                        85    -23      116
  SINCE JUN 1     62                        85    -23      116
  SINCE JAN 1     67                       110    -43      160
..................................................................


WIND (MPH)
  HIGHEST WIND SPEED    16   HIGHEST WIND DIRECTION    NW (320)
  HIGHEST GUST SPEED    22   HIGHEST GUST DIRECTION    NW (310)
  AVERAGE WIND SPEED     4.3


SKY COVER
  POSSIBLE SUNSHINE  MM
  AVERAGE SKY COVER 0.5


WEATHER CONDITIONS
 THE FOLLOWING WEATHER WAS RECORDED YESTERDAY.
  THUNDERSTORM
  FOG
  HAZE


RELATIVE HUMIDITY (PERCENT)
 HIGHEST   100          1200 AM
 LOWEST     54           300 PM
 AVERAGE    77

..........................................................


THE ST CLOUD MN CLIMATE NORMALS FOR TODAY
                         NORMAL    RECORD    YEAR
 MAXIMUM TEMPERATURE (F)   81       100      1931
 MINIMUM TEMPERATURE (F)   57        43      1895


SUNRISE AND SUNSET
JUNE 29 2015..........SUNRISE   530 AM CDT   SUNSET   909 PM CDT
JUNE 30 2015..........SUNRISE   531 AM CDT   SUNSET   909 PM CDT


-  INDICATES NEGATIVE NUMBERS.
R  INDICATES RECORD WAS SET OR TIED.
MM INDICATES DATA IS MISSING.
T  INDICATES TRACE AMOUNT.




$$
