000
CDUS43 KMPX 130710
CLISTC


CLIMATE REPORT
NATIONAL WEATHER SERVICE CHANHASSEN MN
210 AM CDT SAT AUG 13 2016


...................................

...THE ST CLOUD MN CLIMATE SUMMARY FOR AUGUST 12 2016...

CLIMATE NORMAL PERIOD 1981 TO 2010
CLIMATE RECORD PERIOD 1893 TO 2016


WEATHER ITEM   OBSERVED TIME   RECORD YEAR NORMAL DEPARTURE LAST
                VALUE   (LST)  VALUE       VALUE  FROM      YEAR
                                                  NORMAL
..................................................................
TEMPERATURE (F)
 YESTERDAY
  MAXIMUM         74    339 PM  95    1965  81     -7       85
  MINIMUM         59   1104 PM  39    1946  57      2       55
  AVERAGE         67                        69     -2       70

PRECIPITATION (IN)
  YESTERDAY        0.78          2.54 1987   0.12   0.66     0.00
  MONTH TO DATE    3.22                      1.36   1.86     0.96
  SINCE JUN 1     13.33                      8.84   4.49    12.80
  SINCE JAN 1     19.68                     17.15   2.53    21.47

SNOWFALL (IN)
  YESTERDAY        0.0           0.0    MM   0.0    0.0      0.0
  MONTH TO DATE    0.0                       0.0    0.0      0.0
  SINCE JUN 1      0.0                       0.0    0.0      0.0
  SINCE JUL 1      0.0                       0.0    0.0      0.0
  SNOW DEPTH       0

DEGREE DAYS
 HEATING
  YESTERDAY        0                         1     -1        0
  MONTH TO DATE    0                        12    -12        0
  SINCE JUN 1     40                       107    -67       40
  SINCE JUL 1      7                        29    -22       12

 COOLING
  YESTERDAY        2                         5     -3        5
  MONTH TO DATE   92                        60     32       51
  SINCE JUN 1    382                       337     45      320
  SINCE JAN 1    413                       362     51      325
..................................................................


WIND (MPH)
  HIGHEST WIND SPEED    28   HIGHEST WIND DIRECTION     N (360)
  HIGHEST GUST SPEED    40   HIGHEST GUST DIRECTION     N (360)
  AVERAGE WIND SPEED     1.7


SKY COVER
  POSSIBLE SUNSHINE  MM
  AVERAGE SKY COVER 0.7


WEATHER CONDITIONS
 THE FOLLOWING WEATHER WAS RECORDED YESTERDAY.
  THUNDERSTORM
  HEAVY RAIN
  LIGHT RAIN
  FOG


RELATIVE HUMIDITY (PERCENT)
 HIGHEST   100          1200 AM
 LOWEST     87          1000 AM
 AVERAGE    94

..........................................................


THE ST CLOUD MN CLIMATE NORMALS FOR TODAY
                         NORMAL    RECORD    YEAR
 MAXIMUM TEMPERATURE (F)   80        95      1938
 MINIMUM TEMPERATURE (F)   57        42      1946


SUNRISE AND SUNSET
AUGUST 13 2016........SUNRISE   615 AM CDT   SUNSET   826 PM CDT
AUGUST 14 2016........SUNRISE   616 AM CDT   SUNSET   825 PM CDT


-  INDICATES NEGATIVE NUMBERS.
R  INDICATES RECORD WAS SET OR TIED.
MM INDICATES DATA IS MISSING.
T  INDICATES TRACE AMOUNT.




$$
