000
CDUS43 KMPX 020024
CLISTC


CLIMATE REPORT
NATIONAL WEATHER SERVICE CHANHASSEN MN
624 PM CST FRI DEC 1 2017


...................................

...THE ST CLOUD MN CLIMATE SUMMARY FOR DECEMBER 1 2017...
VALID TODAY AS OF 0600 PM LOCAL TIME.

CLIMATE NORMAL PERIOD 1981 TO 2010
CLIMATE RECORD PERIOD 1893 TO 2017


WEATHER ITEM   OBSERVED TIME   RECORD YEAR NORMAL DEPARTURE LAST
                VALUE   (LST)  VALUE       VALUE  FROM      YEAR
                                                  NORMAL
..................................................................
TEMPERATURE (F)
 TODAY
  MAXIMUM         41    342 PM  61    1998  30     11       38
  MINIMUM         23    321 AM -19    1919  13     10       30
  AVERAGE         32                        21     11       34

PRECIPITATION (IN)
  TODAY            0.00          0.91 1945   0.03  -0.03      T
  MONTH TO DATE    0.00                      0.03  -0.03      T
  SINCE DEC 1      0.00                      0.03  -0.03      T
  SINCE JAN 1     29.76                     26.94   2.82    32.27

SNOWFALL (IN)
  TODAY            0.0           7.9  1945   0.3   -0.3       T
  MONTH TO DATE    0.0                       0.3   -0.3       T
  SINCE DEC 1      0.0                       0.3   -0.3       T
  SINCE JUL 1      7.1                       9.5   -2.4      7.3
  SNOW DEPTH       0

DEGREE DAYS
 HEATING
  TODAY           33                        44    -11       31
  MONTH TO DATE   33                        44    -11       31
  SINCE DEC 1     33                        44    -11       31
  SINCE JUL 1   1799                      1969   -170     1405

 COOLING
  TODAY            0                         0      0        0
  MONTH TO DATE    0                         0      0        0
  SINCE DEC 1      0                         0      0        0
  SINCE JAN 1    361                       465   -104      506
..................................................................


WIND (MPH)
  HIGHEST WIND SPEED    13   HIGHEST WIND DIRECTION     S (190)
  HIGHEST GUST SPEED    15   HIGHEST GUST DIRECTION     S (190)
  AVERAGE WIND SPEED     5.8


SKY COVER
  POSSIBLE SUNSHINE  MM
  AVERAGE SKY COVER 0.3


WEATHER CONDITIONS
 THE FOLLOWING WEATHER WAS RECORDED TODAY.
  NO SIGNIFICANT WEATHER WAS OBSERVED.


RELATIVE HUMIDITY (PERCENT)
 HIGHEST    88           400 AM
 LOWEST     51           200 PM
 AVERAGE    70

..........................................................


THE ST CLOUD MN CLIMATE NORMALS FOR TOMORROW
                         NORMAL    RECORD    YEAR
 MAXIMUM TEMPERATURE (F)   29        60      1982
 MINIMUM TEMPERATURE (F)   13       -27      1940


SUNRISE AND SUNSET
DECEMBER  1 2017......SUNRISE   736 AM CST   SUNSET   434 PM CST
DECEMBER  2 2017......SUNRISE   738 AM CST   SUNSET   434 PM CST


-  INDICATES NEGATIVE NUMBERS.
R  INDICATES RECORD WAS SET OR TIED.
MM INDICATES DATA IS MISSING.
T  INDICATES TRACE AMOUNT.




$$
