000
CDUS43 KMPX 140719
CLISTC


CLIMATE REPORT
NATIONAL WEATHER SERVICE CHANHASSEN MN
218 AM CDT MON JUL 14 2014


...................................

...THE ST CLOUD MN CLIMATE SUMMARY FOR JULY 13 2014...

CLIMATE NORMAL PERIOD 1981 TO 2010
CLIMATE RECORD PERIOD 1893 TO 2014


WEATHER ITEM   OBSERVED TIME   RECORD YEAR NORMAL DEPARTURE LAST
                VALUE   (LST)  VALUE       VALUE  FROM      YEAR
                                                  NORMAL
..................................................................
TEMPERATURE (F)
 YESTERDAY
  MAXIMUM         78    337 PM 107    1936  83     -5       77
  MINIMUM         56    528 AM  44    1990  59     -3       68
  AVERAGE         67                        71     -4       73

PRECIPITATION (IN)
  YESTERDAY        0.00          1.69 1933   0.11  -0.11     0.16
  MONTH TO DATE    0.81                      1.45  -0.64     1.00
  SINCE JUN 1      6.99                      5.62   1.37     6.76
  SINCE JAN 1     23.34                     13.93   9.41    19.05

SNOWFALL (IN)
  YESTERDAY        0.0           0.0    MM   0.0    0.0      0.0
  MONTH TO DATE    0.0                       0.0    0.0      0.0
  SINCE JUN 1      0.0                       0.0    0.0      0.0
  SINCE JUL 1      0.0                       0.0    0.0      0.0
  SNOW DEPTH       0

DEGREE DAYS
 HEATING
  YESTERDAY        0                         1     -1        0
  MONTH TO DATE    0                        13    -13        0
  SINCE JUN 1     26                        91    -65       87
  SINCE JUL 1      0                        13    -13        0

 COOLING
  YESTERDAY        2                         6     -4        8
  MONTH TO DATE   68                        77     -9      109
  SINCE JUN 1    201                       172     29      208
  SINCE JAN 1    245                       197     48      219
..................................................................


WIND (MPH)
  HIGHEST WIND SPEED    22   HIGHEST WIND DIRECTION    NW (300)
  HIGHEST GUST SPEED    30   HIGHEST GUST DIRECTION     W (290)
  AVERAGE WIND SPEED     9.1


SKY COVER
  POSSIBLE SUNSHINE  MM
  AVERAGE SKY COVER 0.2


WEATHER CONDITIONS
 THE FOLLOWING WEATHER WAS RECORDED YESTERDAY.
  NO SIGNIFICANT WEATHER WAS OBSERVED.


RELATIVE HUMIDITY (PERCENT)
 HIGHEST    87          1200 AM
 LOWEST     29           400 PM
 AVERAGE    58

..........................................................


THE ST CLOUD MN CLIMATE NORMALS FOR TODAY
                         NORMAL    RECORD    YEAR
 MAXIMUM TEMPERATURE (F)   83       105      1936
 MINIMUM TEMPERATURE (F)   59        46      1987


SUNRISE AND SUNSET
JULY 14 2014..........SUNRISE   541 AM CDT   SUNSET   903 PM CDT
JULY 15 2014..........SUNRISE   542 AM CDT   SUNSET   902 PM CDT


-  INDICATES NEGATIVE NUMBERS.
R  INDICATES RECORD WAS SET OR TIED.
MM INDICATES DATA IS MISSING.
T  INDICATES TRACE AMOUNT.




$$
