121
CDUS43 KMPX 260631
CLISTC


CLIMATE REPORT
NATIONAL WEATHER SERVICE CHANHASSEN MN
130 AM CDT WED APR 26 2017


...................................

...THE ST CLOUD MN CLIMATE SUMMARY FOR APRIL 25 2017...

CLIMATE NORMAL PERIOD 1981 TO 2010
CLIMATE RECORD PERIOD 1893 TO 2017


WEATHER ITEM   OBSERVED TIME   RECORD YEAR NORMAL DEPARTURE LAST
                VALUE   (LST)  VALUE       VALUE  FROM      YEAR
                                                  NORMAL
..................................................................
TEMPERATURE (F)
 YESTERDAY
  MAXIMUM         63    318 PM  88    1962  62      1       49
  MINIMUM         41   1159 PM  21    1907  37      4       37
  AVERAGE         52                        49      3       43

PRECIPITATION (IN)
  YESTERDAY        0.38          1.17 1954   0.10   0.28     0.26
  MONTH TO DATE    2.46                      2.06   0.40     1.52
  SINCE MAR 1      3.13                      3.61  -0.48     3.02
  SINCE JAN 1      4.45                      4.85  -0.40     3.96

SNOWFALL (IN)
  YESTERDAY        0.0           6.2  1950   0.1   -0.1      0.0
  MONTH TO DATE    0.0                       2.8   -2.8      1.6
  SINCE MAR 1      2.0                      11.3   -9.3      4.6
  SINCE JUL 1     30.9                      45.5  -14.6     30.3
  SNOW DEPTH       0

DEGREE DAYS
 HEATING
  YESTERDAY       13                        16     -3       22
  MONTH TO DATE  430                       544   -114      499
  SINCE MAR 1   1490                      1648   -158     1316
  SINCE JUL 1   6846                      8094  -1248     6767

 COOLING
  YESTERDAY        0                         0      0        0
  MONTH TO DATE    0                         0      0        5
  SINCE MAR 1      0                         0      0        5
  SINCE JAN 1      0                         0      0        5
..................................................................


WIND (MPH)
  HIGHEST WIND SPEED    17   HIGHEST WIND DIRECTION    NE (30)
  HIGHEST GUST SPEED    25   HIGHEST GUST DIRECTION     N (20)
  AVERAGE WIND SPEED     8.7


SKY COVER
  POSSIBLE SUNSHINE  MM
  AVERAGE SKY COVER 0.5


WEATHER CONDITIONS
 THE FOLLOWING WEATHER WAS RECORDED YESTERDAY.
  RAIN
  LIGHT RAIN
  FOG


RELATIVE HUMIDITY (PERCENT)
 HIGHEST   100          1000 PM
 LOWEST     55           200 PM
 AVERAGE    78

..........................................................


THE ST CLOUD MN CLIMATE NORMALS FOR TODAY
                         NORMAL    RECORD    YEAR
 MAXIMUM TEMPERATURE (F)   62        84      1970
 MINIMUM TEMPERATURE (F)   37        22      1907


SUNRISE AND SUNSET
APRIL 26 2017.........SUNRISE   612 AM CDT   SUNSET   817 PM CDT
APRIL 27 2017.........SUNRISE   610 AM CDT   SUNSET   818 PM CDT


-  INDICATES NEGATIVE NUMBERS.
R  INDICATES RECORD WAS SET OR TIED.
MM INDICATES DATA IS MISSING.
T  INDICATES TRACE AMOUNT.




$$
