000
CDUS43 KMPX 132135
CLISTC


CLIMATE REPORT
NATIONAL WEATHER SERVICE CHANHASSEN MN
434 PM CDT WED AUG 13 2014


...................................

...THE ST CLOUD MN CLIMATE SUMMARY FOR AUGUST 13 2014...
VALID AS OF 0400 PM LOCAL TIME.

CLIMATE NORMAL PERIOD 1981 TO 2010
CLIMATE RECORD PERIOD 1893 TO 2014


WEATHER ITEM   OBSERVED TIME   RECORD YEAR NORMAL DEPARTURE LAST
                VALUE   (LST)  VALUE       VALUE  FROM      YEAR
                                                  NORMAL
..................................................................
TEMPERATURE (F)
 TODAY
  MAXIMUM         83    257 PM  95    1938  80      3       76
  MINIMUM         60    511 AM  42    1946  57      3       46
  AVERAGE         72                        68      4       61

PRECIPITATION (IN)
  TODAY            0.00          2.37 2010   0.13  -0.13     0.00
  MONTH TO DATE    1.18                      1.49  -0.31     0.58
  SINCE JUN 1      8.61                      8.97  -0.36     7.77
  SINCE JAN 1     24.96                     17.28   7.68    20.06

SNOWFALL (IN)
  TODAY            0.0           0.0    MM   0.0    0.0      0.0
  MONTH TO DATE    0.0                       0.0    0.0      0.0
  SINCE JUN 1      0.0                       0.0    0.0      0.0
  SINCE JUL 1      0.0                       0.0    0.0      0.0
  SNOW DEPTH       0

DEGREE DAYS
 HEATING
  TODAY            0                         1     -1        4
  MONTH TO DATE    0                        13    -13       16
  SINCE JUN 1     33                       108    -75      129
  SINCE JUL 1      7                        30    -23       42

 COOLING
  TODAY            7                         5      2        0
  MONTH TO DATE   89                        65     24       12
  SINCE JUN 1    397                       342     55      328
  SINCE JAN 1    441                       367     74      339
..................................................................


WIND (MPH)
  HIGHEST WIND SPEED    10   HIGHEST WIND DIRECTION     N (20)
  HIGHEST GUST SPEED    13   HIGHEST GUST DIRECTION     N (10)
  AVERAGE WIND SPEED     4.2


SKY COVER
  POSSIBLE SUNSHINE  MM
  AVERAGE SKY COVER 0.1


WEATHER CONDITIONS
 THE FOLLOWING WEATHER WAS RECORDED TODAY.
  NO SIGNIFICANT WEATHER WAS OBSERVED.


RELATIVE HUMIDITY (PERCENT)
 HIGHEST    84           500 AM
 LOWEST     46           300 PM
 AVERAGE    65

..........................................................


THE ST CLOUD MN CLIMATE NORMALS FOR TOMORROW
                         NORMAL    RECORD    YEAR
 MAXIMUM TEMPERATURE (F)   80        94      1970
                                             1938
                                             1922
 MINIMUM TEMPERATURE (F)   57        38      1992


SUNRISE AND SUNSET
AUGUST 13 2014........SUNRISE   614 AM CDT   SUNSET   827 PM CDT
AUGUST 14 2014........SUNRISE   616 AM CDT   SUNSET   825 PM CDT


-  INDICATES NEGATIVE NUMBERS.
R  INDICATES RECORD WAS SET OR TIED.
MM INDICATES DATA IS MISSING.
T  INDICATES TRACE AMOUNT.




$$
