000
CDUS43 KMPX 130037
CLISTC


CLIMATE REPORT
NATIONAL WEATHER SERVICE CHANHASSEN MN
736 PM CDT WED APR 12 2017


...................................

...THE ST CLOUD MN CLIMATE SUMMARY FOR APRIL 12 2017...
VALID TODAY AS OF 0700 PM LOCAL TIME.

CLIMATE NORMAL PERIOD 1981 TO 2010
CLIMATE RECORD PERIOD 1893 TO 2017


WEATHER ITEM   OBSERVED TIME   RECORD YEAR NORMAL DEPARTURE LAST
                VALUE   (LST)  VALUE       VALUE  FROM      YEAR
                                                  NORMAL
..................................................................
TEMPERATURE (F)
 TODAY
  MAXIMUM         56   1250 PM  82    1931  55      1       44
  MINIMUM         30    132 AM  13    1992  31     -1       18
                                      1950
  AVERAGE         43                        43      0       31

PRECIPITATION (IN)
  TODAY            0.04          0.90 1897   0.08  -0.04     0.03
  MONTH TO DATE    0.11                      0.88  -0.77     0.18
  SINCE MAR 1      0.78                      2.43  -1.65     1.68
  SINCE JAN 1      2.10                      3.67  -1.57     2.62

SNOWFALL (IN)
  TODAY            0.0           3.4  1991   0.1   -0.1       T
  MONTH TO DATE    0.0                       1.6   -1.6      1.6
  SINCE MAR 1      2.0                      10.1   -8.1      4.6
  SINCE JUL 1     30.9                      44.3  -13.4     30.3
  SNOW DEPTH       0

DEGREE DAYS
 HEATING
  TODAY           22                        22      0       34
  MONTH TO DATE  227                       300    -73      384
  SINCE MAR 1   1287                      1404   -117     1201
  SINCE JUL 1   6643                      7850  -1207     6652

 COOLING
  TODAY            0                         0      0        0
  MONTH TO DATE    0                         0      0        0
  SINCE MAR 1      0                         0      0        0
  SINCE JAN 1      0                         0      0        0
..................................................................


WIND (MPH)
  HIGHEST WIND SPEED    16   HIGHEST WIND DIRECTION    SE (150)
  HIGHEST GUST SPEED    19   HIGHEST GUST DIRECTION    SE (150)
  AVERAGE WIND SPEED     5.4


SKY COVER
  POSSIBLE SUNSHINE  MM
  AVERAGE SKY COVER 0.6


WEATHER CONDITIONS
 THE FOLLOWING WEATHER WAS RECORDED TODAY.
  LIGHT RAIN
  FOG


RELATIVE HUMIDITY (PERCENT)
 HIGHEST   100           600 PM
 LOWEST     47          1200 PM
 AVERAGE    74

..........................................................


THE ST CLOUD MN CLIMATE NORMALS FOR TOMORROW
                         NORMAL    RECORD    YEAR
 MAXIMUM TEMPERATURE (F)   55        81      2006
 MINIMUM TEMPERATURE (F)   32        12      1928


SUNRISE AND SUNSET
APRIL 12 2017.........SUNRISE   636 AM CDT   SUNSET   759 PM CDT
APRIL 13 2017.........SUNRISE   634 AM CDT   SUNSET   800 PM CDT


-  INDICATES NEGATIVE NUMBERS.
R  INDICATES RECORD WAS SET OR TIED.
MM INDICATES DATA IS MISSING.
T  INDICATES TRACE AMOUNT.




$$
