834
CDUS43 KMPX 200755
CLISTC


CLIMATE REPORT
NATIONAL WEATHER SERVICE CHANHASSEN MN
255 AM CDT SAT AUG 20 2016


...................................

...THE ST CLOUD MN CLIMATE SUMMARY FOR AUGUST 19 2016...

CLIMATE NORMAL PERIOD 1981 TO 2010
CLIMATE RECORD PERIOD 1893 TO 2016


WEATHER ITEM   OBSERVED TIME   RECORD YEAR NORMAL DEPARTURE LAST
                VALUE   (LST)  VALUE       VALUE  FROM      YEAR
                                                  NORMAL
..................................................................
TEMPERATURE (F)
 YESTERDAY
  MAXIMUM         76    307 PM 100    1900  79     -3       66
  MINIMUM         64   1159 PM  37    2004  56      8       54
  AVERAGE         70                        68      2       60

PRECIPITATION (IN)
  YESTERDAY        0.62          4.12 1935   0.12   0.50     0.10
  MONTH TO DATE    3.95                      2.22   1.73     2.33
  SINCE JUN 1     14.06                      9.70   4.36    14.17
  SINCE JAN 1     20.41                     18.01   2.40    22.84

SNOWFALL (IN)
  YESTERDAY        0.0           0.0    MM   0.0    0.0      0.0
  MONTH TO DATE    0.0                       0.0    0.0      0.0
  SINCE JUN 1      0.0                       0.0    0.0      0.0
  SINCE JUL 1      0.0                       0.0    0.0      0.0
  SNOW DEPTH       0

DEGREE DAYS
 HEATING
  YESTERDAY        0                         1     -1        5
  MONTH TO DATE    0                        19    -19       12
  SINCE JUN 1     40                       114    -74       52
  SINCE JUL 1      7                        36    -29       24

 COOLING
  YESTERDAY        5                         4      1        0
  MONTH TO DATE  121                        89     32       91
  SINCE JUN 1    411                       366     45      360
  SINCE JAN 1    442                       391     51      365
..................................................................


WIND (MPH)
  HIGHEST WIND SPEED    20   HIGHEST WIND DIRECTION     W (250)
  HIGHEST GUST SPEED    25   HIGHEST GUST DIRECTION    SW (240)
  AVERAGE WIND SPEED     4.6


SKY COVER
  POSSIBLE SUNSHINE  MM
  AVERAGE SKY COVER 0.9


WEATHER CONDITIONS
 THE FOLLOWING WEATHER WAS RECORDED YESTERDAY.
  THUNDERSTORM
  HEAVY RAIN
  RAIN
  LIGHT RAIN
  FOG


RELATIVE HUMIDITY (PERCENT)
 HIGHEST   100          1200 AM
 LOWEST     60           200 PM
 AVERAGE    80

..........................................................


THE ST CLOUD MN CLIMATE NORMALS FOR TODAY
                         NORMAL    RECORD    YEAR
 MAXIMUM TEMPERATURE (F)   79        97      1901
 MINIMUM TEMPERATURE (F)   56        34      1950


SUNRISE AND SUNSET
AUGUST 20 2016........SUNRISE   624 AM CDT   SUNSET   815 PM CDT
AUGUST 21 2016........SUNRISE   625 AM CDT   SUNSET   813 PM CDT


-  INDICATES NEGATIVE NUMBERS.
R  INDICATES RECORD WAS SET OR TIED.
MM INDICATES DATA IS MISSING.
T  INDICATES TRACE AMOUNT.




$$
