000
CDUS43 KMPX 080632
CLISTC


CLIMATE REPORT
NATIONAL WEATHER SERVICE CHANHASSEN MN
131 AM CDT THU SEP 8 2016


...................................

...THE ST CLOUD MN CLIMATE SUMMARY FOR SEPTEMBER 7 2016...

CLIMATE NORMAL PERIOD 1981 TO 2010
CLIMATE RECORD PERIOD 1893 TO 2016


WEATHER ITEM   OBSERVED TIME   RECORD YEAR NORMAL DEPARTURE LAST
                VALUE   (LST)  VALUE       VALUE  FROM      YEAR
                                                  NORMAL
..................................................................
TEMPERATURE (F)
 YESTERDAY
  MAXIMUM         71    539 PM  98    1978  74     -3       80
  MINIMUM         64   1202 PM  35    1956  51     13       55
  AVERAGE         68                        62      6       68

PRECIPITATION (IN)
  YESTERDAY        0.08          2.23 1991   0.13  -0.05     0.00
  MONTH TO DATE    0.81                      0.93  -0.12     1.20
  SINCE SEP 1      0.81                      0.93  -0.12     1.20
  SINCE JAN 1     25.63                     20.51   5.12    24.81

SNOWFALL (IN)
  YESTERDAY        0.0           0.0    MM   0.0    0.0      0.0
  MONTH TO DATE    0.0                       0.0    0.0      0.0
  SINCE SEP 1      0.0                       0.0    0.0      0.0
  SINCE JUL 1      0.0                       0.0    0.0      0.0
  SNOW DEPTH       0

DEGREE DAYS
 HEATING
  YESTERDAY        0                         5     -5        0
  MONTH TO DATE    3                        27    -24        0
  SINCE SEP 1      3                        27    -24        0
  SINCE JUL 1     25                        85    -60       52

 COOLING
  YESTERDAY        3                         2      1        3
  MONTH TO DATE   23                        14      9       72
  SINCE SEP 1     23                        14      9       72
  SINCE JAN 1    501                       443     58      458
..................................................................


WIND (MPH)
  HIGHEST WIND SPEED    15   HIGHEST WIND DIRECTION     S (170)
  HIGHEST GUST SPEED    19   HIGHEST GUST DIRECTION     S (190)
  AVERAGE WIND SPEED     6.5


SKY COVER
  POSSIBLE SUNSHINE  MM
  AVERAGE SKY COVER 0.8


WEATHER CONDITIONS
 THE FOLLOWING WEATHER WAS RECORDED YESTERDAY.
  THUNDERSTORM
  LIGHT RAIN
  FOG


RELATIVE HUMIDITY (PERCENT)
 HIGHEST   100          1200 AM
 LOWEST     87           900 AM
 AVERAGE    94

..........................................................


THE ST CLOUD MN CLIMATE NORMALS FOR TODAY
                         NORMAL    RECORD    YEAR
 MAXIMUM TEMPERATURE (F)   74       102      1931
 MINIMUM TEMPERATURE (F)   50        34      1995


SUNRISE AND SUNSET
SEPTEMBER  8 2016.....SUNRISE   647 AM CDT   SUNSET   740 PM CDT
SEPTEMBER  9 2016.....SUNRISE   648 AM CDT   SUNSET   738 PM CDT


-  INDICATES NEGATIVE NUMBERS.
R  INDICATES RECORD WAS SET OR TIED.
MM INDICATES DATA IS MISSING.
T  INDICATES TRACE AMOUNT.




$$
