000
CDUS43 KMPX 020638
CLISTC


CLIMATE REPORT
NATIONAL WEATHER SERVICE CHANHASSEN MN
137 AM CDT TUE JUN 2 2015


...................................

...THE ST CLOUD MN CLIMATE SUMMARY FOR JUNE 1 2015...

CLIMATE NORMAL PERIOD 1981 TO 2010
CLIMATE RECORD PERIOD 1893 TO 2015


WEATHER ITEM   OBSERVED TIME   RECORD YEAR NORMAL DEPARTURE LAST
                VALUE   (LST)  VALUE       VALUE  FROM      YEAR
                                                  NORMAL
..................................................................
TEMPERATURE (F)
 YESTERDAY
  MAXIMUM         69    358 PM  91    1934  73     -4       79
  MINIMUM         46    548 AM  32    1993  49     -3       66
  AVERAGE         58                        61     -3       73

PRECIPITATION (IN)
  YESTERDAY        0.00          1.20 1897   0.12  -0.12     0.24
  MONTH TO DATE    0.00                      0.12  -0.12     0.24
  SINCE JUN 1      0.00                      0.12  -0.12     0.24
  SINCE JAN 1      8.67                      8.43   0.24    16.59

SNOWFALL (IN)
  YESTERDAY        0.0           0.0    MM   0.0    0.0      0.0
  MONTH TO DATE    0.0                       0.0    0.0      0.0
  SINCE JUN 1      0.0                       0.0    0.0      0.0
  SINCE JUL 1     31.1                      45.7  -14.6     75.5
  SNOW DEPTH       0

DEGREE DAYS
 HEATING
  YESTERDAY        7                         5      2        0
  MONTH TO DATE    7                         5      2        0
  SINCE JUN 1      7                         5      2        0
  SINCE JUL 1   8122                      8459   -337     9498

 COOLING
  YESTERDAY        0                         1     -1        8
  MONTH TO DATE    0                         1     -1        8
  SINCE JUN 1      0                         1     -1        8
  SINCE JAN 1      5                        26    -21       52
..................................................................


WIND (MPH)
  HIGHEST WIND SPEED    17   HIGHEST WIND DIRECTION    SE (150)
  HIGHEST GUST SPEED    23   HIGHEST GUST DIRECTION    SE (140)
  AVERAGE WIND SPEED     8.5


SKY COVER
  POSSIBLE SUNSHINE  MM
  AVERAGE SKY COVER 0.2


WEATHER CONDITIONS
 THE FOLLOWING WEATHER WAS RECORDED YESTERDAY.
  NO SIGNIFICANT WEATHER WAS OBSERVED.


RELATIVE HUMIDITY (PERCENT)
 HIGHEST    82           600 AM
 LOWEST     31          1200 PM
 AVERAGE    57

..........................................................


THE ST CLOUD MN CLIMATE NORMALS FOR TODAY
                         NORMAL    RECORD    YEAR
 MAXIMUM TEMPERATURE (F)   74        93      1940
 MINIMUM TEMPERATURE (F)   49        33      1910


SUNRISE AND SUNSET
JUNE  2 2015..........SUNRISE   530 AM CDT   SUNSET   859 PM CDT
JUNE  3 2015..........SUNRISE   530 AM CDT   SUNSET   859 PM CDT


-  INDICATES NEGATIVE NUMBERS.
R  INDICATES RECORD WAS SET OR TIED.
MM INDICATES DATA IS MISSING.
T  INDICATES TRACE AMOUNT.




$$
