566
CDUS43 KMPX 220634
CLISTC


CLIMATE REPORT
NATIONAL WEATHER SERVICE CHANHASSEN MN
133 AM CDT WED MAR 22 2017


...................................

...THE ST CLOUD MN CLIMATE SUMMARY FOR MARCH 21 2017...

CLIMATE NORMAL PERIOD 1981 TO 2010
CLIMATE RECORD PERIOD 1893 TO 2017


WEATHER ITEM   OBSERVED TIME   RECORD YEAR NORMAL DEPARTURE LAST
                VALUE   (LST)  VALUE       VALUE  FROM      YEAR
                                                  NORMAL
..................................................................
TEMPERATURE (F)
 YESTERDAY
  MAXIMUM         37   1244 AM  75    1911  41     -4       48
  MINIMUM         19   1157 PM -19    1965  22     -3       21
  AVERAGE         28                        32     -4       35

PRECIPITATION (IN)
  YESTERDAY        0.00          0.97 1894   0.05  -0.05     0.00
  MONTH TO DATE    0.50                      0.95  -0.45     0.57
  SINCE MAR 1      0.50                      0.95  -0.45     0.57
  SINCE JAN 1      1.82                      2.19  -0.37     1.51

SNOWFALL (IN)
  YESTERDAY        0.0           3.8  1950   0.2   -0.2      0.0
  MONTH TO DATE    2.0                       6.5   -4.5      2.7
  SINCE MAR 1      2.0                       6.5   -4.5      2.7
  SINCE JUL 1     30.9                      40.7   -9.8     28.4
  SNOW DEPTH       0

DEGREE DAYS
 HEATING
  YESTERDAY       37                        33      4       30
  MONTH TO DATE  804                       797      7      569
  SINCE MAR 1    804                       797      7      569
  SINCE JUL 1   6160                      7243  -1083     6020

 COOLING
  YESTERDAY        0                         0      0        0
  MONTH TO DATE    0                         0      0        0
  SINCE MAR 1      0                         0      0        0
  SINCE JAN 1      0                         0      0        0
..................................................................


WIND (MPH)
  HIGHEST WIND SPEED    20   HIGHEST WIND DIRECTION     N (350)
  HIGHEST GUST SPEED    29   HIGHEST GUST DIRECTION     N (360)
  AVERAGE WIND SPEED    11.3


SKY COVER
  POSSIBLE SUNSHINE  MM
  AVERAGE SKY COVER 0.0


WEATHER CONDITIONS
 THE FOLLOWING WEATHER WAS RECORDED YESTERDAY.
  NO SIGNIFICANT WEATHER WAS OBSERVED.


RELATIVE HUMIDITY (PERCENT)
 HIGHEST    73          1100 PM
 LOWEST     31           500 PM
 AVERAGE    52

..........................................................


THE ST CLOUD MN CLIMATE NORMALS FOR TODAY
                         NORMAL    RECORD    YEAR
 MAXIMUM TEMPERATURE (F)   42        71      1945
 MINIMUM TEMPERATURE (F)   22        -8      1940


SUNRISE AND SUNSET
MARCH 22 2017.........SUNRISE   715 AM CDT   SUNSET   732 PM CDT
MARCH 23 2017.........SUNRISE   713 AM CDT   SUNSET   733 PM CDT


-  INDICATES NEGATIVE NUMBERS.
R  INDICATES RECORD WAS SET OR TIED.
MM INDICATES DATA IS MISSING.
T  INDICATES TRACE AMOUNT.




$$
