000
CDUS43 KMPX 290632
CLISTC


CLIMATE REPORT
NATIONAL WEATHER SERVICE CHANHASSEN MN
130 AM CDT MON SEP 29 2014


...................................

...THE ST CLOUD MN CLIMATE SUMMARY FOR SEPTEMBER 28 2014...

CLIMATE NORMAL PERIOD 1981 TO 2010
CLIMATE RECORD PERIOD 1893 TO 2014


WEATHER ITEM   OBSERVED TIME   RECORD YEAR NORMAL DEPARTURE LAST
                VALUE   (LST)  VALUE       VALUE  FROM      YEAR
                                                  NORMAL
..................................................................
TEMPERATURE (F)
 YESTERDAY
  MAXIMUM         85R   308 PM  85    1905  65     20       72
  MINIMUM         54    642 AM  18    1942  41     13       44
  AVERAGE         70                        53     17       58

PRECIPITATION (IN)
  YESTERDAY        0.00          1.02 1911   0.09  -0.09     0.16
  MONTH TO DATE    3.94                      3.28   0.66     1.87
  SINCE SEP 1      3.94                      3.28   0.66     1.87
  SINCE JAN 1     33.31                     22.86  10.45    22.20

SNOWFALL (IN)
  YESTERDAY        0.0           T    1908   0.0    0.0      0.0
  MONTH TO DATE    0.0                       0.0    0.0      0.0
  SINCE SEP 1      0.0                       0.0    0.0      0.0
  SINCE JUL 1      0.0                       0.0    0.0      0.0
  SNOW DEPTH       0

DEGREE DAYS
 HEATING
  YESTERDAY        0                        12    -12        7
  MONTH TO DATE  127                       204    -77      121
  SINCE SEP 1    127                       204    -77      121
  SINCE JUL 1    136                       262   -126      170

 COOLING
  YESTERDAY        5                         0      5        0
  MONTH TO DATE   43                        31     12       73
  SINCE SEP 1     43                        31     12       73
  SINCE JAN 1    597                       460    137      577
..................................................................


WIND (MPH)
  HIGHEST WIND SPEED    17   HIGHEST WIND DIRECTION     S (200)
  HIGHEST GUST SPEED    31   HIGHEST GUST DIRECTION     S (170)
  AVERAGE WIND SPEED     5.8


SKY COVER
  POSSIBLE SUNSHINE  MM
  AVERAGE SKY COVER 0.1


WEATHER CONDITIONS
 THE FOLLOWING WEATHER WAS RECORDED YESTERDAY.
  FOG
  HAZE


RELATIVE HUMIDITY (PERCENT)
 HIGHEST    93           300 AM
 LOWEST     40           100 PM
 AVERAGE    67

..........................................................


THE ST CLOUD MN CLIMATE NORMALS FOR TODAY
                         NORMAL    RECORD    YEAR
 MAXIMUM TEMPERATURE (F)   65        84      2012
                                             1933
 MINIMUM TEMPERATURE (F)   41        22      1992


SUNRISE AND SUNSET
SEPTEMBER 29 2014.....SUNRISE   712 AM CDT   SUNSET   700 PM CDT
SEPTEMBER 30 2014.....SUNRISE   713 AM CDT   SUNSET   658 PM CDT


-  INDICATES NEGATIVE NUMBERS.
R  INDICATES RECORD WAS SET OR TIED.
MM INDICATES DATA IS MISSING.
T  INDICATES TRACE AMOUNT.




$$
