000
CDUS43 KMPX 280633
CLISTC


CLIMATE REPORT
NATIONAL WEATHER SERVICE CHANHASSEN MN
131 AM CDT TUE OCT 28 2014


...................................

...THE ST CLOUD MN CLIMATE SUMMARY FOR OCTOBER 27 2014...

CLIMATE NORMAL PERIOD 1981 TO 2010
CLIMATE RECORD PERIOD 1893 TO 2014


WEATHER ITEM   OBSERVED TIME   RECORD YEAR NORMAL DEPARTURE LAST
                VALUE   (LST)  VALUE       VALUE  FROM      YEAR
                                                  NORMAL
..................................................................
TEMPERATURE (F)
 YESTERDAY
  MAXIMUM         64    134 PM  75    1983  51     13       56
  MINIMUM         39   1158 PM   5    1976  31      8       27
  AVERAGE         52                        41     11       42

PRECIPITATION (IN)
  YESTERDAY        0.09          1.29 1971   0.06   0.03     0.00
  MONTH TO DATE    0.64                      2.25  -1.61     4.27
  SINCE SEP 1      4.70                      5.71  -1.01     6.14
  SINCE JAN 1     34.07                     25.29   8.78    26.47

SNOWFALL (IN)
  YESTERDAY        0.0           3.0  1919   0.1   -0.1      0.0
  MONTH TO DATE    0.0                       0.6   -0.6      0.8
  SINCE SEP 1      0.0                       0.6   -0.6      0.8
  SINCE JUL 1      0.0                       0.6   -0.6      0.8
  SNOW DEPTH       0

DEGREE DAYS
 HEATING
  YESTERDAY       13                        24    -11       23
  MONTH TO DATE  408                       499    -91      501
  SINCE SEP 1    560                       727   -167      630
  SINCE JUL 1    569                       785   -216      679

 COOLING
  YESTERDAY        0                         0      0        0
  MONTH TO DATE    0                         0      0        0
  SINCE SEP 1     43                        34      9       74
  SINCE JAN 1    597                       463    134      578
..................................................................


WIND (MPH)
  HIGHEST WIND SPEED    20   HIGHEST WIND DIRECTION     W (280)
  HIGHEST GUST SPEED    23   HIGHEST GUST DIRECTION     W (270)
  AVERAGE WIND SPEED     5.6


SKY COVER
  POSSIBLE SUNSHINE  MM
  AVERAGE SKY COVER 0.3


WEATHER CONDITIONS
 THE FOLLOWING WEATHER WAS RECORDED YESTERDAY.
  LIGHT RAIN
  FOG
  FOG W/VISIBILITY <= 1/4 MILE


RELATIVE HUMIDITY (PERCENT)
 HIGHEST    89          1000 PM
 LOWEST     39          1200 PM
 AVERAGE    64

..........................................................


THE ST CLOUD MN CLIMATE NORMALS FOR TODAY
                         NORMAL    RECORD    YEAR
 MAXIMUM TEMPERATURE (F)   51        73      1912
 MINIMUM TEMPERATURE (F)   31         7      1919


SUNRISE AND SUNSET
OCTOBER 28 2014.......SUNRISE   750 AM CDT   SUNSET   609 PM CDT
OCTOBER 29 2014.......SUNRISE   752 AM CDT   SUNSET   608 PM CDT


-  INDICATES NEGATIVE NUMBERS.
R  INDICATES RECORD WAS SET OR TIED.
MM INDICATES DATA IS MISSING.
T  INDICATES TRACE AMOUNT.




$$
