000
CDUS43 KMPX 090750
CLISTC


CLIMATE REPORT
NATIONAL WEATHER SERVICE CHANHASSEN MN
149 AM CST SAT DEC 9 2017


...................................

...THE ST CLOUD MN CLIMATE SUMMARY FOR DECEMBER 8 2017...

CLIMATE NORMAL PERIOD 1981 TO 2010
CLIMATE RECORD PERIOD 1893 TO 2017


WEATHER ITEM   OBSERVED TIME   RECORD YEAR NORMAL DEPARTURE LAST
                VALUE   (LST)  VALUE       VALUE  FROM      YEAR
                                                  NORMAL
..................................................................
TEMPERATURE (F)
 YESTERDAY
  MAXIMUM         31   1000 PM  54    1939  27      4       21
  MINIMUM         16    803 AM -22    1978  10      6        9
  AVERAGE         24                        18      6       15

PRECIPITATION (IN)
  YESTERDAY        T             0.40 1963   0.03  -0.03      T
  MONTH TO DATE    0.03                      0.24  -0.21     0.11
  SINCE DEC 1      0.03                      0.24  -0.21     0.11
  SINCE JAN 1     29.79                     27.15   2.64    32.38

SNOWFALL (IN)
  YESTERDAY        T             5.1  1963   0.3   -0.3       T
  MONTH TO DATE    0.4                       2.5   -2.1      0.9
  SINCE DEC 1      0.4                       2.5   -2.1      0.9
  SINCE JUL 1      7.5                      11.7   -4.2      8.2
  SNOW DEPTH       T

DEGREE DAYS
 HEATING
  YESTERDAY       41                        47     -6       50
  MONTH TO DATE  308                       362    -54      308
  SINCE DEC 1    308                       362    -54      308
  SINCE JUL 1   2074                      2287   -213     1682

 COOLING
  YESTERDAY        0                         0      0        0
  MONTH TO DATE    0                         0      0        0
  SINCE DEC 1      0                         0      0        0
  SINCE JAN 1    361                       465   -104      506
..................................................................


WIND (MPH)
  HIGHEST WIND SPEED    24   HIGHEST WIND DIRECTION    NW (320)
  HIGHEST GUST SPEED    31   HIGHEST GUST DIRECTION    NW (320)
  AVERAGE WIND SPEED    10.6


SKY COVER
  POSSIBLE SUNSHINE  MM
  AVERAGE SKY COVER 0.8


WEATHER CONDITIONS
 THE FOLLOWING WEATHER WAS RECORDED YESTERDAY.
  LIGHT SNOW


RELATIVE HUMIDITY (PERCENT)
 HIGHEST   100           800 AM
 LOWEST     63           300 PM
 AVERAGE    82

..........................................................


THE ST CLOUD MN CLIMATE NORMALS FOR TODAY
                         NORMAL    RECORD    YEAR
 MAXIMUM TEMPERATURE (F)   26        58      1939
 MINIMUM TEMPERATURE (F)    9       -20      1977


SUNRISE AND SUNSET
DECEMBER  9 2017......SUNRISE   745 AM CST   SUNSET   433 PM CST
DECEMBER 10 2017......SUNRISE   746 AM CST   SUNSET   433 PM CST


-  INDICATES NEGATIVE NUMBERS.
R  INDICATES RECORD WAS SET OR TIED.
MM INDICATES DATA IS MISSING.
T  INDICATES TRACE AMOUNT.




$$
