000
CDUS43 KMPX 310729
CLISTC


CLIMATE REPORT
NATIONAL WEATHER SERVICE CHANHASSEN MN
229 AM CDT SUN AUG 31 2014


...................................

...THE ST CLOUD MN CLIMATE SUMMARY FOR AUGUST 30 2014...

CLIMATE NORMAL PERIOD 1981 TO 2010
CLIMATE RECORD PERIOD 1893 TO 2014


WEATHER ITEM   OBSERVED TIME   RECORD YEAR NORMAL DEPARTURE LAST
                VALUE   (LST)  VALUE       VALUE  FROM      YEAR
                                                  NORMAL
..................................................................
TEMPERATURE (F)
 YESTERDAY
  MAXIMUM         75    529 PM  98    1921  77     -2       84
  MINIMUM         65    238 AM  38    1974  53     12       65
  AVERAGE         70                        65      5       75

PRECIPITATION (IN)
  YESTERDAY        T             1.58 1969   0.14  -0.14     0.00
  MONTH TO DATE    4.80                      3.66   1.14     0.67
  SINCE JUN 1     12.23                     11.14   1.09     7.86
  SINCE JAN 1     28.58                     19.45   9.13    20.15

SNOWFALL (IN)
  YESTERDAY        0.0           0.0    MM   0.0    0.0      0.0
  MONTH TO DATE    0.0                       0.0    0.0      0.0
  SINCE JUN 1      0.0                       0.0    0.0      0.0
  SINCE JUL 1      0.0                       0.0    0.0      0.0
  SNOW DEPTH       0

DEGREE DAYS
 HEATING
  YESTERDAY        0                         3     -3        0
  MONTH TO DATE    2                        39    -37       23
  SINCE JUN 1     35                       134    -99      136
  SINCE JUL 1      9                        56    -47       49

 COOLING
  YESTERDAY        5                         3      2       10
  MONTH TO DATE  199                       124     75      169
  SINCE JUN 1    507                       401    106      485
  SINCE JAN 1    551                       426    125      496
..................................................................


WIND (MPH)
  HIGHEST WIND SPEED     8   HIGHEST WIND DIRECTION    SE (120)
  HIGHEST GUST SPEED    11   HIGHEST GUST DIRECTION     N (10)
  AVERAGE WIND SPEED     3.5


SKY COVER
  POSSIBLE SUNSHINE  MM
  AVERAGE SKY COVER 0.9


WEATHER CONDITIONS
 THE FOLLOWING WEATHER WAS RECORDED YESTERDAY.
  THUNDERSTORM
  LIGHT RAIN
  FOG


RELATIVE HUMIDITY (PERCENT)
 HIGHEST    93           100 AM
 LOWEST     68           300 PM
 AVERAGE    81

..........................................................


THE ST CLOUD MN CLIMATE NORMALS FOR TODAY
                         NORMAL    RECORD    YEAR
 MAXIMUM TEMPERATURE (F)   76        95      1907
 MINIMUM TEMPERATURE (F)   53        33      1974


SUNRISE AND SUNSET
AUGUST 31 2014........SUNRISE   636 AM CDT   SUNSET   756 PM CDT
SEPTEMBER  1 2014.....SUNRISE   638 AM CDT   SUNSET   754 PM CDT


-  INDICATES NEGATIVE NUMBERS.
R  INDICATES RECORD WAS SET OR TIED.
MM INDICATES DATA IS MISSING.
T  INDICATES TRACE AMOUNT.




$$
