880
CDUS43 KMPX 292206
CLISTC


CLIMATE REPORT
NATIONAL WEATHER SERVICE CHANHASSEN MN
506 PM CDT SUN MAY 29 2016


...................................

...THE ST CLOUD MN CLIMATE SUMMARY FOR MAY 29 2016...
VALID AS OF 0500 PM LOCAL TIME.

CLIMATE NORMAL PERIOD 1981 TO 2010
CLIMATE RECORD PERIOD 1893 TO 2016


WEATHER ITEM   OBSERVED TIME   RECORD YEAR NORMAL DEPARTURE LAST
                VALUE   (LST)  VALUE       VALUE  FROM      YEAR
                                                  NORMAL
..................................................................
TEMPERATURE (F)
 TODAY
  MAXIMUM         78    246 PM  92    2006  72      6       67
                                      1934
  MINIMUM         59    213 AM  31    1947  48     11       49
  AVERAGE         69                        60      9       58

PRECIPITATION (IN)
  TODAY            0.06          1.37 2008   0.10  -0.04     0.18
  MONTH TO DATE    1.98                      2.74  -0.76     6.03
  SINCE MAR 1      5.22                      6.86  -1.64     8.08
  SINCE JAN 1      6.16                      8.10  -1.94     8.67

SNOWFALL (IN)
  TODAY            0.0           0.0    MM   0.0    0.0      0.0
  MONTH TO DATE    0.0                       0.0    0.0      0.0
  SINCE MAR 1      4.6                      11.5   -6.9      4.3
  SINCE JUL 1     30.3                      45.7  -15.4     31.1
  SNOW DEPTH       0

DEGREE DAYS
 HEATING
  TODAY            0                         6     -6        7
  MONTH TO DATE  264                       276    -12      279
  SINCE MAR 1   1686                      1997   -311     1831
  SINCE JUL 1   7137                      8443  -1306     8089

 COOLING
  TODAY            4                         1      3        0
  MONTH TO DATE   26                        21      5        5
  SINCE MAR 1     31                        23      8        5
  SINCE JAN 1     31                        23      8        5
..................................................................


WIND (MPH)
  HIGHEST WIND SPEED    21   HIGHEST WIND DIRECTION     W (290)
  HIGHEST GUST SPEED    24   HIGHEST GUST DIRECTION     W (290)
  AVERAGE WIND SPEED    10.9


SKY COVER
  POSSIBLE SUNSHINE  MM
  AVERAGE SKY COVER 0.8


WEATHER CONDITIONS
 THE FOLLOWING WEATHER WAS RECORDED TODAY.
  RAIN
  LIGHT RAIN
  FOG


RELATIVE HUMIDITY (PERCENT)
 HIGHEST    97          1200 AM
 LOWEST     47           300 PM
 AVERAGE    72

..........................................................


THE ST CLOUD MN CLIMATE NORMALS FOR TOMORROW
                         NORMAL    RECORD    YEAR
 MAXIMUM TEMPERATURE (F)   73        99      1934
 MINIMUM TEMPERATURE (F)   49        34      1947
                                             1910


SUNRISE AND SUNSET
MAY 29 2016...........SUNRISE   532 AM CDT   SUNSET   856 PM CDT
MAY 30 2016...........SUNRISE   532 AM CDT   SUNSET   857 PM CDT


-  INDICATES NEGATIVE NUMBERS.
R  INDICATES RECORD WAS SET OR TIED.
MM INDICATES DATA IS MISSING.
T  INDICATES TRACE AMOUNT.




$$
