000
CDUS43 KMPX 010624
CLISTC


CLIMATE REPORT
NATIONAL WEATHER SERVICE CHANHASSEN MN
1224 AM CST SUN MAR 1 2015


...................................

...THE ST CLOUD MN CLIMATE SUMMARY FOR FEBRUARY 28 2015...

CLIMATE NORMAL PERIOD 1981 TO 2010
CLIMATE RECORD PERIOD 1893 TO 2015


WEATHER ITEM   OBSERVED TIME   RECORD YEAR NORMAL DEPARTURE LAST
                VALUE   (LST)  VALUE       VALUE  FROM      YEAR
                                                  NORMAL
..................................................................
TEMPERATURE (F)
 YESTERDAY
  MAXIMUM         21    257 PM  56    1932  32    -11       14
  MINIMUM         -4    533 AM -29    1962  13    -17       -9
  AVERAGE          9                        22    -13        3

PRECIPITATION (IN)
  YESTERDAY        T             1.81 1951   0.03  -0.03     0.00
  MONTH TO DATE    0.35                      0.59  -0.24     1.17
  SINCE DEC 1      1.34                      2.06  -0.72     4.28
  SINCE JAN 1      0.59                      1.24  -0.65     2.51

SNOWFALL (IN)
  YESTERDAY        T            12.0  1951   0.3   -0.3      0.0
  MONTH TO DATE    4.2                       7.0   -2.8     13.5
  SINCE DEC 1      9.2                      25.0  -15.8     50.7
  SINCE JUL 1     26.8                      34.2   -7.4     54.3
  SNOW DEPTH       1

DEGREE DAYS
 HEATING
  YESTERDAY       56                        43     13       62
  MONTH TO DATE 1569                      1343    226     1659
  SINCE DEC 1   4326                      4521   -195     5336
  SINCE JUL 1   6258                      6446   -188     7209

 COOLING
  YESTERDAY        0                         0      0        0
  MONTH TO DATE    0                         0      0        0
  SINCE DEC 1      0                         0      0        0
  SINCE JAN 1      0                         0      0        0
..................................................................


WIND (MPH)
  HIGHEST WIND SPEED    24   HIGHEST WIND DIRECTION     S (180)
  HIGHEST GUST SPEED    31   HIGHEST GUST DIRECTION     S (200)
  AVERAGE WIND SPEED    12.3


SKY COVER
  POSSIBLE SUNSHINE  MM
  AVERAGE SKY COVER 0.4


WEATHER CONDITIONS
 THE FOLLOWING WEATHER WAS RECORDED YESTERDAY.
  HAZE


RELATIVE HUMIDITY (PERCENT)
 HIGHEST    86           400 AM
 LOWEST     45           200 PM
 AVERAGE    66

..........................................................


THE ST CLOUD MN CLIMATE NORMALS FOR TODAY
                         NORMAL    RECORD    YEAR
 MAXIMUM TEMPERATURE (F)   32        59      1992
 MINIMUM TEMPERATURE (F)   13       -32      1962


SUNRISE AND SUNSET
MARCH  1 2015.........SUNRISE   655 AM CST   SUNSET   603 PM CST
MARCH  2 2015.........SUNRISE   653 AM CST   SUNSET   604 PM CST


-  INDICATES NEGATIVE NUMBERS.
R  INDICATES RECORD WAS SET OR TIED.
MM INDICATES DATA IS MISSING.
T  INDICATES TRACE AMOUNT.




$$
