000
CDUS43 KMPX 180631
CLISTC


CLIMATE REPORT
NATIONAL WEATHER SERVICE CHANHASSEN MN
1230 AM CST SAT FEB 18 2017


...................................

...THE ST CLOUD MN CLIMATE SUMMARY FOR FEBRUARY 17 2017...

CLIMATE NORMAL PERIOD 1981 TO 2010
CLIMATE RECORD PERIOD 1893 TO 2017


WEATHER ITEM   OBSERVED TIME   RECORD YEAR NORMAL DEPARTURE LAST
                VALUE   (LST)  VALUE       VALUE  FROM      YEAR
                                                  NORMAL
..................................................................
TEMPERATURE (F)
 YESTERDAY
  MAXIMUM         59R   355 PM  54    1981  27     32       28
  MINIMUM         28    747 AM -28    1903   8     20       10
  AVERAGE         44                        18     26       19

PRECIPITATION (IN)
  YESTERDAY        0.00          0.44 2014   0.02  -0.02     0.00
  MONTH TO DATE    0.10                      0.30  -0.20     0.29
  SINCE DEC 1      2.19                      1.77   0.42     1.62
  SINCE JAN 1      0.64                      0.95  -0.31     0.60

SNOWFALL (IN)
  YESTERDAY        0.0           4.3  2014   0.2   -0.2      0.0
  MONTH TO DATE    0.3                       3.9   -3.6      7.0
  SINCE DEC 1     19.1                      21.9   -2.8     19.8
  SINCE JUL 1     26.4                      31.1   -4.7     25.5
  SNOW DEPTH       0

DEGREE DAYS
 HEATING
  YESTERDAY       21                        47    -26       46
  MONTH TO DATE  710                       848   -138      838
  SINCE DEC 1   3652                      4025   -373     3601
  SINCE JUL 1   5026                      5950   -924     5060

 COOLING
  YESTERDAY        0                         0      0        0
  MONTH TO DATE    0                         0      0        0
  SINCE DEC 1      0                         0      0        0
  SINCE JAN 1      0                         0      0        0
..................................................................


WIND (MPH)
  HIGHEST WIND SPEED    16   HIGHEST WIND DIRECTION    SW (220)
  HIGHEST GUST SPEED    21   HIGHEST GUST DIRECTION    SW (220)
  AVERAGE WIND SPEED     7.2


SKY COVER
  POSSIBLE SUNSHINE  MM
  AVERAGE SKY COVER 0.0


WEATHER CONDITIONS
 THE FOLLOWING WEATHER WAS RECORDED YESTERDAY.
  FOG


RELATIVE HUMIDITY (PERCENT)
 HIGHEST   100           400 AM
 LOWEST     47           400 PM
 AVERAGE    74

..........................................................


THE ST CLOUD MN CLIMATE NORMALS FOR TODAY
                         NORMAL    RECORD    YEAR
 MAXIMUM TEMPERATURE (F)   28        56      1981
 MINIMUM TEMPERATURE (F)    8       -26      1929


SUNRISE AND SUNSET
FEBRUARY 18 2017......SUNRISE   713 AM CST   SUNSET   548 PM CST
FEBRUARY 19 2017......SUNRISE   711 AM CST   SUNSET   550 PM CST


-  INDICATES NEGATIVE NUMBERS.
R  INDICATES RECORD WAS SET OR TIED.
MM INDICATES DATA IS MISSING.
T  INDICATES TRACE AMOUNT.




$$
