000
CDUS43 KMPX 260707
CLISTC


CLIMATE REPORT
NATIONAL WEATHER SERVICE CHANHASSEN MN
206 AM CDT TUE APR 26 2016


...................................

...THE ST CLOUD MN CLIMATE SUMMARY FOR APRIL 25 2016...

CLIMATE NORMAL PERIOD 1981 TO 2010
CLIMATE RECORD PERIOD 1893 TO 2016


WEATHER ITEM   OBSERVED TIME   RECORD YEAR NORMAL DEPARTURE LAST
                VALUE   (LST)  VALUE       VALUE  FROM      YEAR
                                                  NORMAL
..................................................................
TEMPERATURE (F)
 YESTERDAY
  MAXIMUM         49    512 AM  88    1962  62    -13       60
  MINIMUM         37   1159 PM  21    1907  37      0       38
  AVERAGE         43                        49     -6       49

PRECIPITATION (IN)
  YESTERDAY        0.26          1.17 1954   0.10   0.16     0.00
  MONTH TO DATE    1.52                      2.06  -0.54     1.67
  SINCE MAR 1      3.02                      3.61  -0.59     2.05
  SINCE JAN 1      3.96                      4.85  -0.89     2.64

SNOWFALL (IN)
  YESTERDAY        0.0           6.2  1950   0.1   -0.1      0.0
  MONTH TO DATE    1.6                       2.8   -1.2      1.0
  SINCE MAR 1      4.6                      11.3   -6.7      4.3
  SINCE JUL 1     30.3                      45.5  -15.2     31.1
  SNOW DEPTH       0

DEGREE DAYS
 HEATING
  YESTERDAY       22                        16      6       16
  MONTH TO DATE  499                       544    -45      479
  SINCE MAR 1   1316                      1648   -332     1480
  SINCE JUL 1   6767                      8094  -1327     7738

 COOLING
  YESTERDAY        0                         0      0        0
  MONTH TO DATE    5                         0      5        0
  SINCE MAR 1      5                         0      5        0
  SINCE JAN 1      5                         0      5        0
..................................................................


WIND (MPH)
  HIGHEST WIND SPEED    17   HIGHEST WIND DIRECTION    NE (40)
  HIGHEST GUST SPEED    26   HIGHEST GUST DIRECTION     E (80)
  AVERAGE WIND SPEED     9.8


SKY COVER
  POSSIBLE SUNSHINE  MM
  AVERAGE SKY COVER 0.9


WEATHER CONDITIONS
 THE FOLLOWING WEATHER WAS RECORDED YESTERDAY.
  LIGHT RAIN
  FOG


RELATIVE HUMIDITY (PERCENT)
 HIGHEST   100           300 AM
 LOWEST     86           700 PM
 AVERAGE    93

..........................................................


THE ST CLOUD MN CLIMATE NORMALS FOR TODAY
                         NORMAL    RECORD    YEAR
 MAXIMUM TEMPERATURE (F)   62        84      1970
 MINIMUM TEMPERATURE (F)   37        22      1907


SUNRISE AND SUNSET
APRIL 26 2016.........SUNRISE   611 AM CDT   SUNSET   817 PM CDT
APRIL 27 2016.........SUNRISE   610 AM CDT   SUNSET   819 PM CDT


-  INDICATES NEGATIVE NUMBERS.
R  INDICATES RECORD WAS SET OR TIED.
MM INDICATES DATA IS MISSING.
T  INDICATES TRACE AMOUNT.




$$
