000
CDUS43 KMPX 090758
CLISTC


CLIMATE REPORT
NATIONAL WEATHER SERVICE CHANHASSEN MN
257 AM CDT WED JUL 9 2014


...................................

...THE ST CLOUD MN CLIMATE SUMMARY FOR JULY 8 2014...

CLIMATE NORMAL PERIOD 1981 TO 2010
CLIMATE RECORD PERIOD 1893 TO 2014


WEATHER ITEM   OBSERVED TIME   RECORD YEAR NORMAL DEPARTURE LAST
                VALUE   (LST)  VALUE       VALUE  FROM      YEAR
                                                  NORMAL
..................................................................
TEMPERATURE (F)
 YESTERDAY
  MAXIMUM         77    153 PM 101    1936  82     -5       86
  MINIMUM         59   1159 PM  42    1958  59      0       63
  AVERAGE         68                        70     -2       75

PRECIPITATION (IN)
  YESTERDAY        0.00          1.77 1925   0.11  -0.11     0.00
  MONTH TO DATE    0.37                      0.92  -0.55     0.06
  SINCE JUN 1      6.55                      5.09   1.46     5.82
  SINCE JAN 1     22.90                     13.40   9.50    18.11

SNOWFALL (IN)
  YESTERDAY        0.0           0.0    MM   0.0    0.0      0.0
  MONTH TO DATE    0.0                       0.0    0.0      0.0
  SINCE JUN 1      0.0                       0.0    0.0      0.0
  SINCE JUL 1      0.0                       0.0    0.0      0.0
  SNOW DEPTH       0

DEGREE DAYS
 HEATING
  YESTERDAY        0                         1     -1        0
  MONTH TO DATE    0                         8     -8        0
  SINCE JUN 1     26                        86    -60       87
  SINCE JUL 1      0                         8     -8        0

 COOLING
  YESTERDAY        3                         6     -3       10
  MONTH TO DATE   43                        47     -4       69
  SINCE JUN 1    176                       142     34      168
  SINCE JAN 1    220                       167     53      179
..................................................................


WIND (MPH)
  HIGHEST WIND SPEED    25   HIGHEST WIND DIRECTION    NW (300)
  HIGHEST GUST SPEED    35   HIGHEST GUST DIRECTION    NW (300)
  AVERAGE WIND SPEED    11.6


SKY COVER
  POSSIBLE SUNSHINE  MM
  AVERAGE SKY COVER 0.2


WEATHER CONDITIONS
 THE FOLLOWING WEATHER WAS RECORDED YESTERDAY.
  NO SIGNIFICANT WEATHER WAS OBSERVED.


RELATIVE HUMIDITY (PERCENT)
 HIGHEST    84           100 AM
 LOWEST     43          1200 PM
 AVERAGE    64

..........................................................


THE ST CLOUD MN CLIMATE NORMALS FOR TODAY
                         NORMAL    RECORD    YEAR
 MAXIMUM TEMPERATURE (F)   82        99      1936
 MINIMUM TEMPERATURE (F)   59        46      1977
                                             1895


SUNRISE AND SUNSET
JULY  9 2014..........SUNRISE   537 AM CDT   SUNSET   906 PM CDT
JULY 10 2014..........SUNRISE   538 AM CDT   SUNSET   905 PM CDT


-  INDICATES NEGATIVE NUMBERS.
R  INDICATES RECORD WAS SET OR TIED.
MM INDICATES DATA IS MISSING.
T  INDICATES TRACE AMOUNT.




$$
