164
CDUS43 KMPX 182232
CLISTC


CLIMATE REPORT
NATIONAL WEATHER SERVICE CHANHASSEN MN
531 PM CDT FRI AUG 18 2017


...................................

...THE ST CLOUD MN CLIMATE SUMMARY FOR AUGUST 18 2017...
VALID TODAY AS OF 0500 PM LOCAL TIME.

CLIMATE NORMAL PERIOD 1981 TO 2010
CLIMATE RECORD PERIOD 1893 TO 2017


WEATHER ITEM   OBSERVED TIME   RECORD YEAR NORMAL DEPARTURE LAST
                VALUE   (LST)  VALUE       VALUE  FROM      YEAR
                                                  NORMAL
..................................................................
TEMPERATURE (F)
 TODAY
  MAXIMUM         76    259 PM  99    1976  80     -4       78
  MINIMUM         54    434 AM  37    1977  56     -2       59
  AVERAGE         65                        68     -3       69

PRECIPITATION (IN)
  TODAY            T             2.38 1899   0.12  -0.12     0.08
  MONTH TO DATE    4.10                      2.10   2.00     3.33
  SINCE JUN 1     10.06                      9.58   0.48    13.44
  SINCE JAN 1     19.76                     17.89   1.87    19.79

SNOWFALL (IN)
  TODAY            0.0           0.0    MM   0.0    0.0      0.0
  MONTH TO DATE    0.0                       0.0    0.0      0.0
  SINCE JUN 1      0.0                       0.0    0.0      0.0
  SINCE JUL 1      0.0                       0.0    0.0      0.0
  SNOW DEPTH       0

DEGREE DAYS
 HEATING
  TODAY            0                         1     -1        0
  MONTH TO DATE   18                        18      0        0
  SINCE JUN 1     63                       113    -50       40
  SINCE JUL 1     22                        35    -13        7

 COOLING
  TODAY            0                         4     -4        4
  MONTH TO DATE   20                        85    -65      116
  SINCE JUN 1    276                       362    -86      406
  SINCE JAN 1    279                       387   -108      437
..................................................................


WIND (MPH)
  HIGHEST WIND SPEED    12   HIGHEST WIND DIRECTION    SW (240)
  HIGHEST GUST SPEED    13   HIGHEST GUST DIRECTION    SW (240)
  AVERAGE WIND SPEED     3.2


SKY COVER
  POSSIBLE SUNSHINE  MM
  AVERAGE SKY COVER 0.3


WEATHER CONDITIONS
 THE FOLLOWING WEATHER WAS RECORDED TODAY.
  FOG


RELATIVE HUMIDITY (PERCENT)
 HIGHEST   100          1200 AM
 LOWEST     60           300 PM
 AVERAGE    80

..........................................................


THE ST CLOUD MN CLIMATE NORMALS FOR TOMORROW
                         NORMAL    RECORD    YEAR
 MAXIMUM TEMPERATURE (F)   79       100      1900
 MINIMUM TEMPERATURE (F)   56        37      2004


SUNRISE AND SUNSET
AUGUST 18 2017........SUNRISE   621 AM CDT   SUNSET   818 PM CDT
AUGUST 19 2017........SUNRISE   622 AM CDT   SUNSET   817 PM CDT


-  INDICATES NEGATIVE NUMBERS.
R  INDICATES RECORD WAS SET OR TIED.
MM INDICATES DATA IS MISSING.
T  INDICATES TRACE AMOUNT.




$$
