000
CDUS43 KMPX 210057
CLISTC


CLIMATE REPORT
NATIONAL WEATHER SERVICE CHANHASSEN MN
757 PM CDT SUN APR 20 2014


...................................

...THE ST CLOUD MN CLIMATE SUMMARY FOR APRIL 20 2014...
VALID TODAY AS OF 0700 PM LOCAL TIME.

CLIMATE NORMAL PERIOD 1981 TO 2010
CLIMATE RECORD PERIOD 1893 TO 2014


WEATHER ITEM   OBSERVED TIME   RECORD YEAR NORMAL DEPARTURE LAST
                VALUE   (LST)  VALUE       VALUE  FROM      YEAR
                                                  NORMAL
..................................................................
TEMPERATURE (F)
 TODAY
  MAXIMUM         75    429 PM  84    1980  59     16       37
  MINIMUM         33    318 AM  16    2013  35     -2       16
  AVERAGE         54                        47      7       27

PRECIPITATION (IN)
  TODAY            0.00          1.08 1917   0.09  -0.09     0.00
  MONTH TO DATE    1.56                      1.58  -0.02     2.46
  SINCE MAR 1      2.76                      3.13  -0.37     5.09
  SINCE JAN 1      5.27                      4.37   0.90     6.87

SNOWFALL (IN)
  TODAY            0.0           4.1  1924   0.1   -0.1      0.0
  MONTH TO DATE   12.0                       2.4    9.6     22.0
  SINCE MAR 1     21.2                      10.9   10.3     38.6
  SINCE JUL 1     75.5                      45.1   30.4     76.1
  SNOW DEPTH       0

DEGREE DAYS
 HEATING
  TODAY           11                        18     -7       38
  MONTH TO DATE  510                       460     50      667
  SINCE MAR 1   1817                      1564    253     1995
  SINCE JUL 1   9026                      8010   1016     8265

 COOLING
  TODAY            0                         0      0        0
  MONTH TO DATE    0                         0      0        0
  SINCE MAR 1      0                         0      0        0
  SINCE JAN 1      0                         0      0        0
..................................................................


WIND (MPH)
  HIGHEST WIND SPEED    10   HIGHEST WIND DIRECTION     N (340)
  HIGHEST GUST SPEED    13   HIGHEST GUST DIRECTION     S (200)
  AVERAGE WIND SPEED     2.4


SKY COVER
  POSSIBLE SUNSHINE  MM
  AVERAGE SKY COVER 0.1


WEATHER CONDITIONS
 THE FOLLOWING WEATHER WAS RECORDED TODAY.
  FOG
  FOG W/VISIBILITY <= 1/4 MILE
  HAZE


RELATIVE HUMIDITY (PERCENT)
 HIGHEST    96           300 AM
 LOWEST     19           500 PM
 AVERAGE    58

..........................................................


THE ST CLOUD MN CLIMATE NORMALS FOR TOMORROW
                         NORMAL    RECORD    YEAR
 MAXIMUM TEMPERATURE (F)   60        96      1980
 MINIMUM TEMPERATURE (F)   35        21      1950
                                             1936


SUNRISE AND SUNSET
APRIL 20 2014.........SUNRISE   622 AM CDT   SUNSET   809 PM CDT
APRIL 21 2014.........SUNRISE   620 AM CDT   SUNSET   810 PM CDT


-  INDICATES NEGATIVE NUMBERS.
R  INDICATES RECORD WAS SET OR TIED.
MM INDICATES DATA IS MISSING.
T  INDICATES TRACE AMOUNT.




$$
