000
CDUS43 KMPX 180706
CLISTC


CLIMATE REPORT
NATIONAL WEATHER SERVICE CHANHASSEN MN
206 AM CDT FRI AUG 18 2017


...................................

...THE ST CLOUD MN CLIMATE SUMMARY FOR AUGUST 17 2017...

CLIMATE NORMAL PERIOD 1981 TO 2010
CLIMATE RECORD PERIOD 1893 TO 2017


WEATHER ITEM   OBSERVED TIME   RECORD YEAR NORMAL DEPARTURE LAST
                VALUE   (LST)  VALUE       VALUE  FROM      YEAR
                                                  NORMAL
..................................................................
TEMPERATURE (F)
 YESTERDAY
  MAXIMUM         72    542 PM  94    1934  80     -8       83
                                      1925
  MINIMUM         56   1159 PM  41    1981  56      0       56
                                      1977
  AVERAGE         64                        68     -4       70

PRECIPITATION (IN)
  YESTERDAY        0.57          2.76 1926   0.12   0.45     0.00
  MONTH TO DATE    4.10                      1.98   2.12     3.25
  SINCE JUN 1     10.06                      9.46   0.60    13.36
  SINCE JAN 1     19.76                     17.77   1.99    19.71

SNOWFALL (IN)
  YESTERDAY        0.0           0.0    MM   0.0    0.0      0.0
  MONTH TO DATE    0.0                       0.0    0.0      0.0
  SINCE JUN 1      0.0                       0.0    0.0      0.0
  SINCE JUL 1      0.0                       0.0    0.0      0.0
  SNOW DEPTH       0

DEGREE DAYS
 HEATING
  YESTERDAY        1                         1      0        0
  MONTH TO DATE   18                        17      1        0
  SINCE JUN 1     63                       112    -49       40
  SINCE JUL 1     22                        34    -12        7

 COOLING
  YESTERDAY        0                         4     -4        5
  MONTH TO DATE   20                        81    -61      112
  SINCE JUN 1    276                       358    -82      402
  SINCE JAN 1    279                       383   -104      433
..................................................................


WIND (MPH)
  HIGHEST WIND SPEED    22   HIGHEST WIND DIRECTION    NW (310)
  HIGHEST GUST SPEED    27   HIGHEST GUST DIRECTION     N (350)
  AVERAGE WIND SPEED    10.1


SKY COVER
  POSSIBLE SUNSHINE  MM
  AVERAGE SKY COVER 0.6


WEATHER CONDITIONS
 THE FOLLOWING WEATHER WAS RECORDED YESTERDAY.
  HEAVY RAIN
  RAIN
  LIGHT RAIN
  FOG


RELATIVE HUMIDITY (PERCENT)
 HIGHEST   100           300 AM
 LOWEST     68           600 PM
 AVERAGE    84

..........................................................


THE ST CLOUD MN CLIMATE NORMALS FOR TODAY
                         NORMAL    RECORD    YEAR
 MAXIMUM TEMPERATURE (F)   80        99      1976
 MINIMUM TEMPERATURE (F)   56        37      1977


SUNRISE AND SUNSET
AUGUST 18 2017........SUNRISE   621 AM CDT   SUNSET   818 PM CDT
AUGUST 19 2017........SUNRISE   622 AM CDT   SUNSET   817 PM CDT


-  INDICATES NEGATIVE NUMBERS.
R  INDICATES RECORD WAS SET OR TIED.
MM INDICATES DATA IS MISSING.
T  INDICATES TRACE AMOUNT.




$$
