188
CDUS43 KMPX 261049
CLISTC


CLIMATE REPORT
NATIONAL WEATHER SERVICE CHANHASSEN MN
449 AM CST SUN FEB 26 2017


...................................

...THE ST CLOUD MN CLIMATE SUMMARY FOR FEBRUARY 25 2017...

CLIMATE NORMAL PERIOD 1981 TO 2010
CLIMATE RECORD PERIOD 1893 TO 2017


WEATHER ITEM   OBSERVED TIME   RECORD YEAR NORMAL DEPARTURE LAST
                VALUE   (LST)  VALUE       VALUE  FROM      YEAR
                                                  NORMAL
..................................................................
TEMPERATURE (F)
 YESTERDAY
  MAXIMUM         32    622 PM  54    1958  30      2       30
  MINIMUM         12    635 AM -30    1940  12      0       23
  AVERAGE         22                        21      1       27

PRECIPITATION (IN)
  YESTERDAY        0.00          0.70 1899   0.03  -0.03      T
  MONTH TO DATE    0.64                      0.50   0.14     0.63
  SINCE DEC 1      2.73                      1.97   0.76     1.96
  SINCE JAN 1      1.18                      1.15   0.03     0.94

SNOWFALL (IN)
  YESTERDAY        0.0           5.8  2001   0.3   -0.3       T
  MONTH TO DATE    0.3                       6.1   -5.8      7.2
  SINCE DEC 1     19.1                      24.1   -5.0     20.0
  SINCE JUL 1     26.4                      33.3   -6.9     25.7
  SNOW DEPTH       0

DEGREE DAYS
 HEATING
  YESTERDAY       43                        44     -1       38
  MONTH TO DATE  939                      1213   -274     1104
  SINCE DEC 1   3881                      4390   -509     3867
  SINCE JUL 1   5255                      6315  -1060     5326

 COOLING
  YESTERDAY        0                         0      0        0
  MONTH TO DATE    0                         0      0        0
  SINCE DEC 1      0                         0      0        0
  SINCE JAN 1      0                         0      0        0
..................................................................


WIND (MPH)
  HIGHEST WIND SPEED    21   HIGHEST WIND DIRECTION    SW (210)
  HIGHEST GUST SPEED    26   HIGHEST GUST DIRECTION     S (190)
  AVERAGE WIND SPEED    12.8


SKY COVER
  POSSIBLE SUNSHINE  MM
  AVERAGE SKY COVER 0.4


WEATHER CONDITIONS
 THE FOLLOWING WEATHER WAS RECORDED YESTERDAY.
  NO SIGNIFICANT WEATHER WAS OBSERVED.


RELATIVE HUMIDITY (PERCENT)
 HIGHEST    75           900 PM
 LOWEST     52          1000 AM
 AVERAGE    64

..........................................................


THE ST CLOUD MN CLIMATE NORMALS FOR TODAY
                         NORMAL    RECORD    YEAR
 MAXIMUM TEMPERATURE (F)   31        55      1958
 MINIMUM TEMPERATURE (F)   12       -29      1940


SUNRISE AND SUNSET
FEBRUARY 26 2017......SUNRISE   659 AM CST   SUNSET   559 PM CST
FEBRUARY 27 2017......SUNRISE   658 AM CST   SUNSET   601 PM CST


-  INDICATES NEGATIVE NUMBERS.
R  INDICATES RECORD WAS SET OR TIED.
MM INDICATES DATA IS MISSING.
T  INDICATES TRACE AMOUNT.




$$
