000
CDUS43 KMPX 250622
CLISTC


CLIMATE REPORT
NATIONAL WEATHER SERVICE CHANHASSEN MN
121 AM CDT MON AUG 25 2014


...................................

...THE ST CLOUD MN CLIMATE SUMMARY FOR AUGUST 24 2014...

CLIMATE NORMAL PERIOD 1981 TO 2010
CLIMATE RECORD PERIOD 1893 TO 2014


WEATHER ITEM   OBSERVED TIME   RECORD YEAR NORMAL DEPARTURE LAST
                VALUE   (LST)  VALUE       VALUE  FROM      YEAR
                                                  NORMAL
..................................................................
TEMPERATURE (F)
 YESTERDAY
  MAXIMUM         89    254 PM  96    2003  78     11       91
  MINIMUM         66   1159 PM  37    1987  55     11       69
  AVERAGE         78                        67     11       80

PRECIPITATION (IN)
  YESTERDAY        0.01          2.35 2006   0.13  -0.12     0.00
  MONTH TO DATE    2.74                      2.85  -0.11     0.58
  SINCE JUN 1     10.17                     10.33  -0.16     7.77
  SINCE JAN 1     26.52                     18.64   7.88    20.06

SNOWFALL (IN)
  YESTERDAY        0.0           0.0    MM   0.0    0.0      0.0
  MONTH TO DATE    0.0                       0.0    0.0      0.0
  SINCE JUN 1      0.0                       0.0    0.0      0.0
  SINCE JUL 1      0.0                       0.0    0.0      0.0
  SNOW DEPTH       0

DEGREE DAYS
 HEATING
  YESTERDAY        0                         2     -2        0
  MONTH TO DATE    0                        26    -26       23
  SINCE JUN 1     33                       121    -88      136
  SINCE JUL 1      7                        43    -36       49

 COOLING
  YESTERDAY       13                         3     10       15
  MONTH TO DATE  179                       106     73       80
  SINCE JUN 1    487                       383    104      396
  SINCE JAN 1    531                       408    123      407
..................................................................


WIND (MPH)
  HIGHEST WIND SPEED    21   HIGHEST WIND DIRECTION    SE (140)
  HIGHEST GUST SPEED    27   HIGHEST GUST DIRECTION    SE (130)
  AVERAGE WIND SPEED    11.1


SKY COVER
  POSSIBLE SUNSHINE  MM
  AVERAGE SKY COVER 0.6


WEATHER CONDITIONS
 THE FOLLOWING WEATHER WAS RECORDED YESTERDAY.
  THUNDERSTORM
  LIGHT RAIN


RELATIVE HUMIDITY (PERCENT)
 HIGHEST    93           100 AM
 LOWEST     56           300 PM
 AVERAGE    75

..........................................................


THE ST CLOUD MN CLIMATE NORMALS FOR TODAY
                         NORMAL    RECORD    YEAR
 MAXIMUM TEMPERATURE (F)   78        94      2013
 MINIMUM TEMPERATURE (F)   55        40      1945


SUNRISE AND SUNSET
AUGUST 25 2014........SUNRISE   629 AM CDT   SUNSET   807 PM CDT
AUGUST 26 2014........SUNRISE   630 AM CDT   SUNSET   805 PM CDT


-  INDICATES NEGATIVE NUMBERS.
R  INDICATES RECORD WAS SET OR TIED.
MM INDICATES DATA IS MISSING.
T  INDICATES TRACE AMOUNT.




$$
