000
CDUS43 KMPX 250658
CLISTC


CLIMATE REPORT
NATIONAL WEATHER SERVICE CHANHASSEN MN
157 AM CDT WED MAY 25 2016


...................................

...THE ST CLOUD MN CLIMATE SUMMARY FOR MAY 24 2016...

CLIMATE NORMAL PERIOD 1981 TO 2010
CLIMATE RECORD PERIOD 1893 TO 2016


WEATHER ITEM   OBSERVED TIME   RECORD YEAR NORMAL DEPARTURE LAST
                VALUE   (LST)  VALUE       VALUE  FROM      YEAR
                                                  NORMAL
..................................................................
TEMPERATURE (F)
 YESTERDAY
  MAXIMUM         80    305 PM  94    2010  71      9       63
  MINIMUM         57    443 AM  30    1949  47     10       57
  AVERAGE         69                        59     10       60

PRECIPITATION (IN)
  YESTERDAY        0.00          1.29 1973   0.10  -0.10     0.51
  MONTH TO DATE    0.93                      2.25  -1.32     5.70
  SINCE MAR 1      4.17                      6.37  -2.20     7.75
  SINCE JAN 1      5.11                      7.61  -2.50     8.34

SNOWFALL (IN)
  YESTERDAY        0.0           0.0    MM   0.0    0.0      0.0
  MONTH TO DATE    0.0                       0.0    0.0      0.0
  SINCE MAR 1      4.6                      11.5   -6.9      4.3
  SINCE JUL 1     30.3                      45.7  -15.4     31.1
  SNOW DEPTH       0

DEGREE DAYS
 HEATING
  YESTERDAY        0                         7     -7        5
  MONTH TO DATE  256                       244     12      261
  SINCE MAR 1   1678                      1965   -287     1813
  SINCE JUL 1   7129                      8411  -1282     8071

 COOLING
  YESTERDAY        4                         1      3        0
  MONTH TO DATE   17                        16      1        0
  SINCE MAR 1     22                        18      4        0
  SINCE JAN 1     22                        18      4        0
..................................................................


WIND (MPH)
  HIGHEST WIND SPEED    12   HIGHEST WIND DIRECTION     N (350)
  HIGHEST GUST SPEED    15   HIGHEST GUST DIRECTION     N (360)
  AVERAGE WIND SPEED     5.3


SKY COVER
  POSSIBLE SUNSHINE  MM
  AVERAGE SKY COVER 0.3


WEATHER CONDITIONS
 THE FOLLOWING WEATHER WAS RECORDED YESTERDAY.
  FOG
  FOG W/VISIBILITY <= 1/4 MILE


RELATIVE HUMIDITY (PERCENT)
 HIGHEST   100           300 AM
 LOWEST     45           300 PM
 AVERAGE    73

..........................................................


THE ST CLOUD MN CLIMATE NORMALS FOR TODAY
                         NORMAL    RECORD    YEAR
 MAXIMUM TEMPERATURE (F)   71        93      1978
 MINIMUM TEMPERATURE (F)   47        31      1913


SUNRISE AND SUNSET
MAY 25 2016...........SUNRISE   535 AM CDT   SUNSET   852 PM CDT
MAY 26 2016...........SUNRISE   534 AM CDT   SUNSET   853 PM CDT


-  INDICATES NEGATIVE NUMBERS.
R  INDICATES RECORD WAS SET OR TIED.
MM INDICATES DATA IS MISSING.
T  INDICATES TRACE AMOUNT.




$$
