000
CDUS43 KMPX 080720
CLISTC


CLIMATE REPORT
NATIONAL WEATHER SERVICE CHANHASSEN MN
118 AM CST FRI DEC 8 2017


...................................

...THE ST CLOUD MN CLIMATE SUMMARY FOR DECEMBER 7 2017...

CLIMATE NORMAL PERIOD 1981 TO 2010
CLIMATE RECORD PERIOD 1893 TO 2017


WEATHER ITEM   OBSERVED TIME   RECORD YEAR NORMAL DEPARTURE LAST
                VALUE   (LST)  VALUE       VALUE  FROM      YEAR
                                                  NORMAL
..................................................................
TEMPERATURE (F)
 YESTERDAY
  MAXIMUM         24   1138 PM  53    1939  27     -3       19
  MINIMUM          4    626 AM -22    1936  10     -6       14
  AVERAGE         14                        19     -5       17

PRECIPITATION (IN)
  YESTERDAY        0.00          0.41 1969   0.03  -0.03      T
  MONTH TO DATE    0.03                      0.21  -0.18     0.11
  SINCE DEC 1      0.03                      0.21  -0.18     0.11
  SINCE JAN 1     29.79                     27.12   2.67    32.38

SNOWFALL (IN)
  YESTERDAY        0.0           4.3  1969   0.3   -0.3       T
  MONTH TO DATE    0.4                       2.2   -1.8      0.9
  SINCE DEC 1      0.4                       2.2   -1.8      0.9
  SINCE JUL 1      7.5                      11.4   -3.9      8.2
  SNOW DEPTH       T

DEGREE DAYS
 HEATING
  YESTERDAY       51                        46      5       48
  MONTH TO DATE  267                       315    -48      258
  SINCE DEC 1    267                       315    -48      258
  SINCE JUL 1   2033                      2240   -207     1632

 COOLING
  YESTERDAY        0                         0      0        0
  MONTH TO DATE    0                         0      0        0
  SINCE DEC 1      0                         0      0        0
  SINCE JAN 1    361                       465   -104      506
..................................................................


WIND (MPH)
  HIGHEST WIND SPEED    18   HIGHEST WIND DIRECTION    NW (320)
  HIGHEST GUST SPEED    27   HIGHEST GUST DIRECTION    NW (310)
  AVERAGE WIND SPEED     9.6


SKY COVER
  POSSIBLE SUNSHINE  MM
  AVERAGE SKY COVER 0.4


WEATHER CONDITIONS
 THE FOLLOWING WEATHER WAS RECORDED YESTERDAY.
  NO SIGNIFICANT WEATHER WAS OBSERVED.


RELATIVE HUMIDITY (PERCENT)
 HIGHEST    86           500 AM
 LOWEST     61          1200 PM
 AVERAGE    74

..........................................................


THE ST CLOUD MN CLIMATE NORMALS FOR TODAY
                         NORMAL    RECORD    YEAR
 MAXIMUM TEMPERATURE (F)   27        54      1939
 MINIMUM TEMPERATURE (F)   10       -22      1978


SUNRISE AND SUNSET
DECEMBER  8 2017......SUNRISE   744 AM CST   SUNSET   433 PM CST
DECEMBER  9 2017......SUNRISE   745 AM CST   SUNSET   433 PM CST


-  INDICATES NEGATIVE NUMBERS.
R  INDICATES RECORD WAS SET OR TIED.
MM INDICATES DATA IS MISSING.
T  INDICATES TRACE AMOUNT.




$$
