000
CDUS43 KMPX 262157
CLISTC


CLIMATE REPORT
NATIONAL WEATHER SERVICE CHANHASSEN MN
457 PM CDT SUN JUL 26 2015


...................................

...THE ST CLOUD MN CLIMATE SUMMARY FOR JULY 26 2015...
VALID AS OF 0400 PM LOCAL TIME.

CLIMATE NORMAL PERIOD 1981 TO 2010
CLIMATE RECORD PERIOD 1893 TO 2015


WEATHER ITEM   OBSERVED TIME   RECORD YEAR NORMAL DEPARTURE LAST
                VALUE   (LST)  VALUE       VALUE  FROM      YEAR
                                                  NORMAL
..................................................................
TEMPERATURE (F)
 TODAY
  MAXIMUM         87    259 PM 103    1931  82      5       88
  MINIMUM         69    604 AM  46    1991  58     11       61
  AVERAGE         78                        70      8       75

PRECIPITATION (IN)
  TODAY            0.00          1.34 1945   0.10  -0.10     0.00
  MONTH TO DATE    6.10                      2.80   3.30     1.25
  SINCE JUN 1     10.76                      6.97   3.79     7.43
  SINCE JAN 1     19.43                     15.28   4.15    23.78

SNOWFALL (IN)
  TODAY            0.0           0.0    MM   0.0    0.0      0.0
  MONTH TO DATE    0.0                       0.0    0.0      0.0
  SINCE JUN 1      0.0                       0.0    0.0      0.0
  SINCE JUL 1      0.0                       0.0    0.0      0.0
  SNOW DEPTH       0

DEGREE DAYS
 HEATING
  TODAY            0                         0      0        0
  MONTH TO DATE   12                        13     -1        7
  SINCE JUN 1     40                        91    -51       33
  SINCE JUL 1     12                        13     -1        7

 COOLING
  TODAY           13                         6      7       10
  MONTH TO DATE  150                       155     -5      149
  SINCE JUN 1    222                       250    -28      282
  SINCE JAN 1    227                       275    -48      326
..................................................................


WIND (MPH)
  HIGHEST WIND SPEED    12   HIGHEST WIND DIRECTION    SE (130)
  HIGHEST GUST SPEED    16   HIGHEST GUST DIRECTION     E (70)
  AVERAGE WIND SPEED     4.2


SKY COVER
  POSSIBLE SUNSHINE  MM
  AVERAGE SKY COVER 0.4


WEATHER CONDITIONS
 THE FOLLOWING WEATHER WAS RECORDED TODAY.
  NO SIGNIFICANT WEATHER WAS OBSERVED.


RELATIVE HUMIDITY (PERCENT)
 HIGHEST   100           100 AM
 LOWEST     46           300 PM
 AVERAGE    73

..........................................................


THE ST CLOUD MN CLIMATE NORMALS FOR TOMORROW
                         NORMAL    RECORD    YEAR
 MAXIMUM TEMPERATURE (F)   82       102      1931
 MINIMUM TEMPERATURE (F)   58        44      1981


SUNRISE AND SUNSET
JULY 26 2015..........SUNRISE   553 AM CDT   SUNSET   852 PM CDT
JULY 27 2015..........SUNRISE   554 AM CDT   SUNSET   851 PM CDT


-  INDICATES NEGATIVE NUMBERS.
R  INDICATES RECORD WAS SET OR TIED.
MM INDICATES DATA IS MISSING.
T  INDICATES TRACE AMOUNT.




$$
