659
CDUS43 KMPX 280652
CLISTC


CLIMATE REPORT
NATIONAL WEATHER SERVICE CHANHASSEN MN
151 AM CDT THU APR 28 2016


...................................

...THE ST CLOUD MN CLIMATE SUMMARY FOR APRIL 27 2016...

CLIMATE NORMAL PERIOD 1981 TO 2010
CLIMATE RECORD PERIOD 1893 TO 2016


WEATHER ITEM   OBSERVED TIME   RECORD YEAR NORMAL DEPARTURE LAST
                VALUE   (LST)  VALUE       VALUE  FROM      YEAR
                                                  NORMAL
..................................................................
TEMPERATURE (F)
 YESTERDAY
  MAXIMUM         52    418 PM  86    1977  63    -11       70
                                      1952
                                      1910
  MINIMUM         36    607 AM  12    1909  38     -2       28
  AVERAGE         44                        50     -6       49

PRECIPITATION (IN)
  YESTERDAY        0.04          2.06 1969   0.10  -0.06     0.00
  MONTH TO DATE    1.56                      2.26  -0.70     1.67
  SINCE MAR 1      3.06                      3.81  -0.75     2.05
  SINCE JAN 1      4.00                      5.05  -1.05     2.64

SNOWFALL (IN)
  YESTERDAY        0.0           3.0  1971   0.0    0.0      0.0
  MONTH TO DATE    1.6                       2.9   -1.3      1.0
  SINCE MAR 1      4.6                      11.4   -6.8      4.3
  SINCE JUL 1     30.3                      45.6  -15.3     31.1
  SNOW DEPTH       0

DEGREE DAYS
 HEATING
  YESTERDAY       21                        15      6       16
  MONTH TO DATE  544                       575    -31      513
  SINCE MAR 1   1361                      1679   -318     1514
  SINCE JUL 1   6812                      8125  -1313     7772

 COOLING
  YESTERDAY        0                         0      0        0
  MONTH TO DATE    5                         0      5        0
  SINCE MAR 1      5                         0      5        0
  SINCE JAN 1      5                         0      5        0
..................................................................


WIND (MPH)
  HIGHEST WIND SPEED    22   HIGHEST WIND DIRECTION    NE (50)
  HIGHEST GUST SPEED    31   HIGHEST GUST DIRECTION    NE (50)
  AVERAGE WIND SPEED    12.3


SKY COVER
  POSSIBLE SUNSHINE  MM
  AVERAGE SKY COVER 0.7


WEATHER CONDITIONS
 THE FOLLOWING WEATHER WAS RECORDED YESTERDAY.
  RAIN
  LIGHT RAIN


RELATIVE HUMIDITY (PERCENT)
 HIGHEST    64           600 AM
 LOWEST     30           100 PM
 AVERAGE    47

..........................................................


THE ST CLOUD MN CLIMATE NORMALS FOR TODAY
                         NORMAL    RECORD    YEAR
 MAXIMUM TEMPERATURE (F)   63        92      2004
 MINIMUM TEMPERATURE (F)   38        18      1950


SUNRISE AND SUNSET
APRIL 28 2016.........SUNRISE   608 AM CDT   SUNSET   820 PM CDT
APRIL 29 2016.........SUNRISE   607 AM CDT   SUNSET   821 PM CDT


-  INDICATES NEGATIVE NUMBERS.
R  INDICATES RECORD WAS SET OR TIED.
MM INDICATES DATA IS MISSING.
T  INDICATES TRACE AMOUNT.




$$
