000
CDUS43 KMPX 250628
CLISTC


CLIMATE REPORT
NATIONAL WEATHER SERVICE CHANHASSEN MN
127 AM CDT SAT MAR 25 2017


...................................

...THE ST CLOUD MN CLIMATE SUMMARY FOR MARCH 24 2017...

CLIMATE NORMAL PERIOD 1981 TO 2010
CLIMATE RECORD PERIOD 1893 TO 2017


WEATHER ITEM   OBSERVED TIME   RECORD YEAR NORMAL DEPARTURE LAST
                VALUE   (LST)  VALUE       VALUE  FROM      YEAR
                                                  NORMAL
..................................................................
TEMPERATURE (F)
 YESTERDAY
  MAXIMUM         41   1027 AM  78    1910  43     -2       46
  MINIMUM         34    632 AM -22    1965  23     11       25
  AVERAGE         38                        33      5       36

PRECIPITATION (IN)
  YESTERDAY        T             0.69 1988   0.05  -0.05     0.00
  MONTH TO DATE    0.64                      1.12  -0.48     0.57
  SINCE MAR 1      0.64                      1.12  -0.48     0.57
  SINCE JAN 1      1.96                      2.36  -0.40     1.51

SNOWFALL (IN)
  YESTERDAY        0.0           4.3  1996   0.2   -0.2      0.0
  MONTH TO DATE    2.0                       7.2   -5.2      2.7
  SINCE MAR 1      2.0                       7.2   -5.2      2.7
  SINCE JUL 1     30.9                      41.4  -10.5     28.4
  SNOW DEPTH       0

DEGREE DAYS
 HEATING
  YESTERDAY       27                        32     -5       29
  MONTH TO DATE  897                       894      3      655
  SINCE MAR 1    897                       894      3      655
  SINCE JUL 1   6253                      7340  -1087     6106

 COOLING
  YESTERDAY        0                         0      0        0
  MONTH TO DATE    0                         0      0        0
  SINCE MAR 1      0                         0      0        0
  SINCE JAN 1      0                         0      0        0
..................................................................


WIND (MPH)
  HIGHEST WIND SPEED    16   HIGHEST WIND DIRECTION     N (10)
  HIGHEST GUST SPEED    21   HIGHEST GUST DIRECTION     N (20)
  AVERAGE WIND SPEED     8.1


SKY COVER
  POSSIBLE SUNSHINE  MM
  AVERAGE SKY COVER 1.0


WEATHER CONDITIONS
 THE FOLLOWING WEATHER WAS RECORDED YESTERDAY.
  FOG


RELATIVE HUMIDITY (PERCENT)
 HIGHEST   100          1200 AM
 LOWEST     76           900 PM
 AVERAGE    88

..........................................................


THE ST CLOUD MN CLIMATE NORMALS FOR TODAY
                         NORMAL    RECORD    YEAR
 MAXIMUM TEMPERATURE (F)   44        76      1939
 MINIMUM TEMPERATURE (F)   24        -8      1940


SUNRISE AND SUNSET
MARCH 25 2017.........SUNRISE   709 AM CDT   SUNSET   736 PM CDT
MARCH 26 2017.........SUNRISE   707 AM CDT   SUNSET   737 PM CDT


-  INDICATES NEGATIVE NUMBERS.
R  INDICATES RECORD WAS SET OR TIED.
MM INDICATES DATA IS MISSING.
T  INDICATES TRACE AMOUNT.




$$
