000
CDUS43 KMPX 260725
CLISTC


CLIMATE REPORT
NATIONAL WEATHER SERVICE CHANHASSEN MN
124 AM CST FRI DEC 26 2014


...................................

...THE ST CLOUD MN CLIMATE SUMMARY FOR DECEMBER 25 2014...

CLIMATE NORMAL PERIOD 1981 TO 2010
CLIMATE RECORD PERIOD 1893 TO 2014


WEATHER ITEM   OBSERVED TIME   RECORD YEAR NORMAL DEPARTURE LAST
                VALUE   (LST)  VALUE       VALUE  FROM      YEAR
                                                  NORMAL
..................................................................
TEMPERATURE (F)
 YESTERDAY
  MAXIMUM         37    421 PM  47    1922  22     15       23
  MINIMUM         32   1159 PM -26    2000   4     28        9
  AVERAGE         35                        13     22       16

PRECIPITATION (IN)
  YESTERDAY        0.06          1.07 1893   0.03   0.03     0.01
  MONTH TO DATE    0.74                      0.67   0.07     1.70
  SINCE DEC 1      0.74                      0.67   0.07     1.70
  SINCE JAN 1     36.71                     27.58   9.13    28.77

SNOWFALL (IN)
  YESTERDAY        0.8           4.2  1950   0.3    0.5      0.2
  MONTH TO DATE    2.3                       7.5   -5.2     19.3
  SINCE DEC 1      2.3                       7.5   -5.2     19.3
  SINCE JUL 1     19.9                      16.7    3.2     22.9
  SNOW DEPTH       0

DEGREE DAYS
 HEATING
  YESTERDAY       30                        52    -22       49
  MONTH TO DATE  951                      1208   -257     1453
  SINCE DEC 1    951                      1208   -257     1453
  SINCE JUL 1   2883                      3133   -250     3326

 COOLING
  YESTERDAY        0                         0      0        0
  MONTH TO DATE    0                         0      0        0
  SINCE DEC 1      0                         0      0        0
  SINCE JAN 1    597                       465    132      578
..................................................................


WIND (MPH)
  HIGHEST WIND SPEED    15   HIGHEST WIND DIRECTION     S (200)
  HIGHEST GUST SPEED    19   HIGHEST GUST DIRECTION    SW (210)
  AVERAGE WIND SPEED     6.5


SKY COVER
  POSSIBLE SUNSHINE  MM
  AVERAGE SKY COVER 1.0


WEATHER CONDITIONS
 THE FOLLOWING WEATHER WAS RECORDED YESTERDAY.
  LIGHT SNOW
  FOG
  HAZE


RELATIVE HUMIDITY (PERCENT)
 HIGHEST    89           900 PM
 LOWEST     70           400 PM
 AVERAGE    80

..........................................................


THE ST CLOUD MN CLIMATE NORMALS FOR TODAY
                         NORMAL    RECORD    YEAR
 MAXIMUM TEMPERATURE (F)   22        49      2011
 MINIMUM TEMPERATURE (F)    4       -34      1996


SUNRISE AND SUNSET
DECEMBER 26 2014......SUNRISE   755 AM CST   SUNSET   438 PM CST
DECEMBER 27 2014......SUNRISE   756 AM CST   SUNSET   439 PM CST


-  INDICATES NEGATIVE NUMBERS.
R  INDICATES RECORD WAS SET OR TIED.
MM INDICATES DATA IS MISSING.
T  INDICATES TRACE AMOUNT.




$$
