000
CDUS43 KMPX 210721
CLISTC


CLIMATE REPORT
NATIONAL WEATHER SERVICE CHANHASSEN MN
220 AM CDT TUE MAR 21 2017


...................................

...THE ST CLOUD MN CLIMATE SUMMARY FOR MARCH 20 2017...

CLIMATE NORMAL PERIOD 1981 TO 2010
CLIMATE RECORD PERIOD 1893 TO 2017


WEATHER ITEM   OBSERVED TIME   RECORD YEAR NORMAL DEPARTURE LAST
                VALUE   (LST)  VALUE       VALUE  FROM      YEAR
                                                  NORMAL
..................................................................
TEMPERATURE (F)
 YESTERDAY
  MAXIMUM         54    444 PM  65    1911  41     13       41
                                      1910
  MINIMUM         35   1242 AM -15    1965  22     13       21
  AVERAGE         45                        31     14       31

PRECIPITATION (IN)
  YESTERDAY        0.00          0.47 1991   0.06  -0.06     0.00
  MONTH TO DATE    0.50                      0.90  -0.40     0.57
  SINCE MAR 1      0.50                      0.90  -0.40     0.57
  SINCE JAN 1      1.82                      2.14  -0.32     1.51

SNOWFALL (IN)
  YESTERDAY        0.0           3.3  1982   0.3   -0.3      0.0
  MONTH TO DATE    2.0                       6.3   -4.3      2.7
  SINCE MAR 1      2.0                       6.3   -4.3      2.7
  SINCE JUL 1     30.9                      40.5   -9.6     28.4
  SNOW DEPTH       0

DEGREE DAYS
 HEATING
  YESTERDAY       20                        34    -14       34
  MONTH TO DATE  767                       764      3      539
  SINCE MAR 1    767                       764      3      539
  SINCE JUL 1   6123                      7210  -1087     5990

 COOLING
  YESTERDAY        0                         0      0        0
  MONTH TO DATE    0                         0      0        0
  SINCE MAR 1      0                         0      0        0
  SINCE JAN 1      0                         0      0        0
..................................................................


WIND (MPH)
  HIGHEST WIND SPEED    15   HIGHEST WIND DIRECTION    NW (310)
  HIGHEST GUST SPEED    18   HIGHEST GUST DIRECTION    NW (310)
  AVERAGE WIND SPEED     8.7


SKY COVER
  POSSIBLE SUNSHINE  MM
  AVERAGE SKY COVER 0.5


WEATHER CONDITIONS
 THE FOLLOWING WEATHER WAS RECORDED YESTERDAY.
  NO SIGNIFICANT WEATHER WAS OBSERVED.


RELATIVE HUMIDITY (PERCENT)
 HIGHEST    92          1200 AM
 LOWEST     22           400 PM
 AVERAGE    57

..........................................................


THE ST CLOUD MN CLIMATE NORMALS FOR TODAY
                         NORMAL    RECORD    YEAR
 MAXIMUM TEMPERATURE (F)   41        75      1911
 MINIMUM TEMPERATURE (F)   22       -19      1965


SUNRISE AND SUNSET
MARCH 21 2017.........SUNRISE   717 AM CDT   SUNSET   731 PM CDT
MARCH 22 2017.........SUNRISE   715 AM CDT   SUNSET   732 PM CDT


-  INDICATES NEGATIVE NUMBERS.
R  INDICATES RECORD WAS SET OR TIED.
MM INDICATES DATA IS MISSING.
T  INDICATES TRACE AMOUNT.




$$
