240
CDUS43 KMPX 160648
CLISTC


CLIMATE REPORT
NATIONAL WEATHER SERVICE CHANHASSEN MN
1248 AM CST MON JAN 16 2017


...................................

...THE ST CLOUD MN CLIMATE SUMMARY FOR JANUARY 15 2017...

CLIMATE NORMAL PERIOD 1981 TO 2010
CLIMATE RECORD PERIOD 1893 TO 2017


WEATHER ITEM   OBSERVED TIME   RECORD YEAR NORMAL DEPARTURE LAST
                VALUE   (LST)  VALUE       VALUE  FROM      YEAR
                                                  NORMAL
..................................................................
TEMPERATURE (F)
 YESTERDAY
  MAXIMUM         30    312 PM  45    1901  21      9       21
  MINIMUM         -8    639 AM -31    1972   1     -9        6
                                      1917
  AVERAGE         11                        11      0       14

PRECIPITATION (IN)
  YESTERDAY        0.00          0.55 1953   0.02  -0.02      T
  MONTH TO DATE    0.43                      0.35   0.08     0.17
  SINCE DEC 1      1.98                      1.17   0.81     1.19
  SINCE JAN 1      0.43                      0.35   0.08     0.17

SNOWFALL (IN)
  YESTERDAY        0.0           5.4  1953   0.3   -0.3      0.1
  MONTH TO DATE    9.0                       4.5    4.5      2.0
  SINCE DEC 1     17.8                      13.9    3.9     10.2
  SINCE JUL 1     25.1                      23.1    2.0     15.9
  SNOW DEPTH       8

DEGREE DAYS
 HEATING
  YESTERDAY       54                        54      0       51
  MONTH TO DATE  888                       803     85      781
  SINCE DEC 1   2352                      2325     27     1964
  SINCE JUL 1   3726                      4250   -524     3423

 COOLING
  YESTERDAY        0                         0      0        0
  MONTH TO DATE    0                         0      0        0
  SINCE DEC 1      0                         0      0        0
  SINCE JAN 1      0                         0      0        0
..................................................................


WIND (MPH)
  HIGHEST WIND SPEED    13   HIGHEST WIND DIRECTION     S (190)
  HIGHEST GUST SPEED    15   HIGHEST GUST DIRECTION    SW (220)
  AVERAGE WIND SPEED     5.3


SKY COVER
  POSSIBLE SUNSHINE  MM
  AVERAGE SKY COVER 0.0


WEATHER CONDITIONS
 THE FOLLOWING WEATHER WAS RECORDED YESTERDAY.
  FOG


RELATIVE HUMIDITY (PERCENT)
 HIGHEST   100          1100 PM
 LOWEST     63           400 PM
 AVERAGE    82

..........................................................


THE ST CLOUD MN CLIMATE NORMALS FOR TODAY
                         NORMAL    RECORD    YEAR
 MAXIMUM TEMPERATURE (F)   21        47      1961
 MINIMUM TEMPERATURE (F)    1       -36      2009


SUNRISE AND SUNSET
JANUARY 16 2017.......SUNRISE   752 AM CST   SUNSET   501 PM CST
JANUARY 17 2017.......SUNRISE   751 AM CST   SUNSET   502 PM CST


-  INDICATES NEGATIVE NUMBERS.
R  INDICATES RECORD WAS SET OR TIED.
MM INDICATES DATA IS MISSING.
T  INDICATES TRACE AMOUNT.




$$
