754
CDUS43 KMPX 170641
CLISTC


CLIMATE REPORT
NATIONAL WEATHER SERVICE CHANHASSEN MN
1241 AM CST TUE JAN 17 2017


...................................

...THE ST CLOUD MN CLIMATE SUMMARY FOR JANUARY 16 2017...

CLIMATE NORMAL PERIOD 1981 TO 2010
CLIMATE RECORD PERIOD 1893 TO 2017


WEATHER ITEM   OBSERVED TIME   RECORD YEAR NORMAL DEPARTURE LAST
                VALUE   (LST)  VALUE       VALUE  FROM      YEAR
                                                  NORMAL
..................................................................
TEMPERATURE (F)
 YESTERDAY
  MAXIMUM         28    421 PM  47    1961  21      7        5
  MINIMUM          3    805 AM -36    2009   1      2      -13
  AVERAGE         16                        11      5       -4

PRECIPITATION (IN)
  YESTERDAY        0.00          0.60 1897   0.02  -0.02     0.00
  MONTH TO DATE    0.43                      0.37   0.06     0.17
  SINCE DEC 1      1.98                      1.19   0.79     1.19
  SINCE JAN 1      0.43                      0.37   0.06     0.17

SNOWFALL (IN)
  YESTERDAY        0.0           6.0  1932   0.2   -0.2      0.0
  MONTH TO DATE    9.0                       4.7    4.3      2.0
  SINCE DEC 1     17.8                      14.1    3.7     10.2
  SINCE JUL 1     25.1                      23.3    1.8     15.9
  SNOW DEPTH       6

DEGREE DAYS
 HEATING
  YESTERDAY       49                        54     -5       69
  MONTH TO DATE  937                       857     80      850
  SINCE DEC 1   2401                      2379     22     2033
  SINCE JUL 1   3775                      4304   -529     3492

 COOLING
  YESTERDAY        0                         0      0        0
  MONTH TO DATE    0                         0      0        0
  SINCE DEC 1      0                         0      0        0
  SINCE JAN 1      0                         0      0        0
..................................................................


WIND (MPH)
  HIGHEST WIND SPEED     8   HIGHEST WIND DIRECTION     S (160)
  HIGHEST GUST SPEED     9   HIGHEST GUST DIRECTION     N (10)
  AVERAGE WIND SPEED     2.9


SKY COVER
  POSSIBLE SUNSHINE  MM
  AVERAGE SKY COVER 0.3


WEATHER CONDITIONS
 THE FOLLOWING WEATHER WAS RECORDED YESTERDAY.
  FOG
  FOG W/VISIBILITY <= 1/4 MILE
  HAZE


RELATIVE HUMIDITY (PERCENT)
 HIGHEST   100          1200 AM
 LOWEST     81           500 PM
 AVERAGE    91

..........................................................


THE ST CLOUD MN CLIMATE NORMALS FOR TODAY
                         NORMAL    RECORD    YEAR
 MAXIMUM TEMPERATURE (F)   21        43      1923
 MINIMUM TEMPERATURE (F)    1       -35      1982


SUNRISE AND SUNSET
JANUARY 17 2017.......SUNRISE   751 AM CST   SUNSET   502 PM CST
JANUARY 18 2017.......SUNRISE   751 AM CST   SUNSET   504 PM CST


-  INDICATES NEGATIVE NUMBERS.
R  INDICATES RECORD WAS SET OR TIED.
MM INDICATES DATA IS MISSING.
T  INDICATES TRACE AMOUNT.




$$
