000
CDUS43 KMPX 210627
CLISTC


CLIMATE REPORT
NATIONAL WEATHER SERVICE CHANHASSEN MN
123 AM CDT THU MAY 21 2015


...................................

...THE ST CLOUD MN CLIMATE SUMMARY FOR MAY 20 2015...

CLIMATE NORMAL PERIOD 1981 TO 2010
CLIMATE RECORD PERIOD 1893 TO 2015


WEATHER ITEM   OBSERVED TIME   RECORD YEAR NORMAL DEPARTURE LAST
                VALUE   (LST)  VALUE       VALUE  FROM      YEAR
                                                  NORMAL
..................................................................
TEMPERATURE (F)
 YESTERDAY
  MAXIMUM         63    531 PM  92    2009  70     -7       79
  MINIMUM         31    448 AM  28    1967  46    -15       54
  AVERAGE         47                        58    -11       67

PRECIPITATION (IN)
  YESTERDAY        0.00          1.72 1960   0.09  -0.09     0.00
  MONTH TO DATE    5.19                      1.87   3.32     4.15
  SINCE MAR 1      7.24                      5.99   1.25    11.25
  SINCE JAN 1      7.83                      7.23   0.60    13.76

SNOWFALL (IN)
  YESTERDAY        0.0           T    1968   0.0    0.0      0.0
                                      1931
  MONTH TO DATE    0.0                       0.0    0.0      0.0
  SINCE MAR 1      4.3                      11.5   -7.2     21.2
  SINCE JUL 1     31.1                      45.7  -14.6     75.5
  SNOW DEPTH       0

DEGREE DAYS
 HEATING
  YESTERDAY       18                         8     10        0
  MONTH TO DATE  228                       214     14      248
  SINCE MAR 1   1780                      1935   -155     2271
  SINCE JUL 1   8038                      8381   -343     9480

 COOLING
  YESTERDAY        0                         1     -1        2
  MONTH TO DATE    0                        12    -12        2
  SINCE MAR 1      0                        14    -14        2
  SINCE JAN 1      0                        14    -14        2
..................................................................


WIND (MPH)
  HIGHEST WIND SPEED    14   HIGHEST WIND DIRECTION    SW (240)
  HIGHEST GUST SPEED    19   HIGHEST GUST DIRECTION    SW (220)
  AVERAGE WIND SPEED     3.7


SKY COVER
  POSSIBLE SUNSHINE  MM
  AVERAGE SKY COVER 0.0


WEATHER CONDITIONS
 THE FOLLOWING WEATHER WAS RECORDED YESTERDAY.
  FOG


RELATIVE HUMIDITY (PERCENT)
 HIGHEST   100          1200 AM
 LOWEST     35          1000 AM
 AVERAGE    68

..........................................................


THE ST CLOUD MN CLIMATE NORMALS FOR TODAY
                         NORMAL    RECORD    YEAR
 MAXIMUM TEMPERATURE (F)   70        95      1964
 MINIMUM TEMPERATURE (F)   46        30      1986
                                             1979


SUNRISE AND SUNSET
MAY 21 2015...........SUNRISE   539 AM CDT   SUNSET   847 PM CDT
MAY 22 2015...........SUNRISE   538 AM CDT   SUNSET   848 PM CDT


-  INDICATES NEGATIVE NUMBERS.
R  INDICATES RECORD WAS SET OR TIED.
MM INDICATES DATA IS MISSING.
T  INDICATES TRACE AMOUNT.




$$
