000
CDUS43 KMPX 190911
CLISTC


CLIMATE REPORT
NATIONAL WEATHER SERVICE CHANHASSEN MN
411 AM CDT SUN OCT 19 2014


...................................

...THE ST CLOUD MN CLIMATE SUMMARY FOR OCTOBER 18 2014...

CLIMATE NORMAL PERIOD 1981 TO 2010
CLIMATE RECORD PERIOD 1893 TO 2014


WEATHER ITEM   OBSERVED TIME   RECORD YEAR NORMAL DEPARTURE LAST
                VALUE   (LST)  VALUE       VALUE  FROM      YEAR
                                                  NORMAL
..................................................................
TEMPERATURE (F)
 YESTERDAY
  MAXIMUM         54    258 PM  80    1945  56     -2       51
  MINIMUM         34   1049 PM  14    1972  34      0       33
  AVERAGE         44                        45     -1       42

PRECIPITATION (IN)
  YESTERDAY        0.00          1.58 1984   0.08  -0.08     0.01
  MONTH TO DATE    0.45                      1.64  -1.19     3.94
  SINCE SEP 1      4.51                      5.10  -0.59     5.81
  SINCE JAN 1     33.88                     24.68   9.20    26.14

SNOWFALL (IN)
  YESTERDAY        0.0           0.9  1976   0.0    0.0      0.0
  MONTH TO DATE    0.0                       0.2   -0.2      0.0
  SINCE SEP 1      0.0                       0.2   -0.2      0.0
  SINCE JUL 1      0.0                       0.2   -0.2      0.0
  SNOW DEPTH       0

DEGREE DAYS
 HEATING
  YESTERDAY       21                        20      1       23
  MONTH TO DATE  297                       301     -4      240
  SINCE SEP 1    449                       529    -80      369
  SINCE JUL 1    458                       587   -129      418

 COOLING
  YESTERDAY        0                         0      0        0
  MONTH TO DATE    0                         0      0        0
  SINCE SEP 1     43                        34      9       74
  SINCE JAN 1    597                       463    134      578
..................................................................


WIND (MPH)
  HIGHEST WIND SPEED    13   HIGHEST WIND DIRECTION    NW (330)
  HIGHEST GUST SPEED    18   HIGHEST GUST DIRECTION     N (340)
  AVERAGE WIND SPEED     6.2


SKY COVER
  POSSIBLE SUNSHINE  MM
  AVERAGE SKY COVER 0.5


WEATHER CONDITIONS
 THE FOLLOWING WEATHER WAS RECORDED YESTERDAY.
  NO SIGNIFICANT WEATHER WAS OBSERVED.


RELATIVE HUMIDITY (PERCENT)
 HIGHEST    92          1000 PM
 LOWEST     50           300 PM
 AVERAGE    71

..........................................................


THE ST CLOUD MN CLIMATE NORMALS FOR TODAY
                         NORMAL    RECORD    YEAR
 MAXIMUM TEMPERATURE (F)   55        85      2000
 MINIMUM TEMPERATURE (F)   34         9      1972


SUNRISE AND SUNSET
OCTOBER 19 2014.......SUNRISE   738 AM CDT   SUNSET   624 PM CDT
OCTOBER 20 2014.......SUNRISE   739 AM CDT   SUNSET   622 PM CDT


-  INDICATES NEGATIVE NUMBERS.
R  INDICATES RECORD WAS SET OR TIED.
MM INDICATES DATA IS MISSING.
T  INDICATES TRACE AMOUNT.




$$
