000
CDUS43 KMPX 190630
CLISTC


CLIMATE REPORT
NATIONAL WEATHER SERVICE CHANHASSEN MN
1230 AM CST MON FEB 19 2018


...................................

...THE ST CLOUD MN CLIMATE SUMMARY FOR FEBRUARY 18 2018...

CLIMATE NORMAL PERIOD 1981 TO 2010
CLIMATE RECORD PERIOD 1893 TO 2018


WEATHER ITEM   OBSERVED TIME   RECORD YEAR NORMAL DEPARTURE LAST
                VALUE   (LST)  VALUE       VALUE  FROM      YEAR
                                                  NORMAL
..................................................................
TEMPERATURE (F)
 YESTERDAY
  MAXIMUM         41    352 PM  57    2017  28     13       57
  MINIMUM         11    117 AM -26    1929   8      3       29
  AVERAGE         26                        18      8       43

PRECIPITATION (IN)
  YESTERDAY        T             0.49 1955   0.02  -0.02     0.00
  MONTH TO DATE    0.19                      0.32  -0.13     0.10
  SINCE DEC 1      0.81                      1.79  -0.98     2.19
  SINCE JAN 1      0.37                      0.97  -0.60     0.64

SNOWFALL (IN)
  YESTERDAY        T             5.0  1991   0.3   -0.3      0.0
  MONTH TO DATE    2.9                       4.2   -1.3      0.3
  SINCE DEC 1     12.2                      22.2  -10.0     19.1
  SINCE JUL 1     19.3                      31.4  -12.1     26.4
  SNOW DEPTH       1

DEGREE DAYS
 HEATING
  YESTERDAY       39                        47     -8       22
  MONTH TO DATE 1049                       895    154      732
  SINCE DEC 1   4187                      4072    115     3674
  SINCE JUL 1   5953                      5997    -44     5048

 COOLING
  YESTERDAY        0                         0      0        0
  MONTH TO DATE    0                         0      0        0
  SINCE DEC 1      0                         0      0        0
  SINCE JAN 1      0                         0      0        0
..................................................................


WIND (MPH)
  HIGHEST WIND SPEED    25   HIGHEST WIND DIRECTION    SE (140)
  HIGHEST GUST SPEED    37   HIGHEST GUST DIRECTION    SE (150)
  AVERAGE WIND SPEED    11.1


SKY COVER
  POSSIBLE SUNSHINE  MM
  AVERAGE SKY COVER 0.7


WEATHER CONDITIONS
 THE FOLLOWING WEATHER WAS RECORDED YESTERDAY.
  LIGHT SNOW
  FOG


RELATIVE HUMIDITY (PERCENT)
 HIGHEST    81           800 PM
 LOWEST     52           800 AM
 AVERAGE    67

..........................................................


THE ST CLOUD MN CLIMATE NORMALS FOR TODAY
                         NORMAL    RECORD    YEAR
 MAXIMUM TEMPERATURE (F)   28        58      2017
 MINIMUM TEMPERATURE (F)    9       -26      1910


SUNRISE AND SUNSET
FEBRUARY 19 2018......SUNRISE   712 AM CST   SUNSET   549 PM CST
FEBRUARY 20 2018......SUNRISE   710 AM CST   SUNSET   551 PM CST


-  INDICATES NEGATIVE NUMBERS.
R  INDICATES RECORD WAS SET OR TIED.
MM INDICATES DATA IS MISSING.
T  INDICATES TRACE AMOUNT.




$$
