000
CDUS43 KMPX 132123
CLISTC


CLIMATE REPORT
NATIONAL WEATHER SERVICE CHANHASSEN MN
422 PM CDT SUN AUG 13 2017


...................................

...THE ST CLOUD MN CLIMATE SUMMARY FOR AUGUST 13 2017...
VALID TODAY AS OF 0400 PM LOCAL TIME.

CLIMATE NORMAL PERIOD 1981 TO 2010
CLIMATE RECORD PERIOD 1893 TO 2017


WEATHER ITEM   OBSERVED TIME   RECORD YEAR NORMAL DEPARTURE LAST
                VALUE   (LST)  VALUE       VALUE  FROM      YEAR
                                                  NORMAL
..................................................................
TEMPERATURE (F)
 TODAY
  MAXIMUM         71    220 PM  95    1938  80     -9       80
  MINIMUM         57   1232 AM  42    1946  57      0       58
  AVERAGE         64                        68     -4       69

PRECIPITATION (IN)
  TODAY            0.02          2.37 2010   0.13  -0.11     0.02
  MONTH TO DATE    1.88                      1.49   0.39     3.24
  SINCE JUN 1      7.84                      8.97  -1.13    13.35
  SINCE JAN 1     17.54                     17.28   0.26    19.70

SNOWFALL (IN)
  TODAY            0.0           0.0    MM   0.0    0.0      0.0
  MONTH TO DATE    0.0                       0.0    0.0      0.0
  SINCE JUN 1      0.0                       0.0    0.0      0.0
  SINCE JUL 1      0.0                       0.0    0.0      0.0
  SNOW DEPTH       0

DEGREE DAYS
 HEATING
  TODAY            1                         1      0        0
  MONTH TO DATE   16                        13      3        0
  SINCE JUN 1     61                       108    -47       40
  SINCE JUL 1     20                        30    -10        7

 COOLING
  TODAY            0                         5     -5        4
  MONTH TO DATE   17                        65    -48       96
  SINCE JUN 1    273                       342    -69      386
  SINCE JAN 1    276                       367    -91      417
..................................................................


WIND (MPH)
  HIGHEST WIND SPEED    16   HIGHEST WIND DIRECTION    SE (140)
  HIGHEST GUST SPEED    19   HIGHEST GUST DIRECTION    SE (140)
  AVERAGE WIND SPEED     4.7


SKY COVER
  POSSIBLE SUNSHINE  MM
  AVERAGE SKY COVER 0.7


WEATHER CONDITIONS
 THE FOLLOWING WEATHER WAS RECORDED TODAY.
  LIGHT RAIN
  FOG


RELATIVE HUMIDITY (PERCENT)
 HIGHEST   100          1200 AM
 LOWEST     73           200 PM
 AVERAGE    87

..........................................................


THE ST CLOUD MN CLIMATE NORMALS FOR TOMORROW
                         NORMAL    RECORD    YEAR
 MAXIMUM TEMPERATURE (F)   80        94      1970
                                             1938
                                             1922
 MINIMUM TEMPERATURE (F)   57        38      1992


SUNRISE AND SUNSET
AUGUST 13 2017........SUNRISE   615 AM CDT   SUNSET   827 PM CDT
AUGUST 14 2017........SUNRISE   616 AM CDT   SUNSET   825 PM CDT


-  INDICATES NEGATIVE NUMBERS.
R  INDICATES RECORD WAS SET OR TIED.
MM INDICATES DATA IS MISSING.
T  INDICATES TRACE AMOUNT.




$$
