000
CDUS43 KMPX 230636
CLISTC


CLIMATE REPORT
NATIONAL WEATHER SERVICE CHANHASSEN MN
136 AM CDT MON MAY 23 2016


...................................

...THE ST CLOUD MN CLIMATE SUMMARY FOR MAY 22 2016...

CLIMATE NORMAL PERIOD 1981 TO 2010
CLIMATE RECORD PERIOD 1893 TO 2016


WEATHER ITEM   OBSERVED TIME   RECORD YEAR NORMAL DEPARTURE LAST
                VALUE   (LST)  VALUE       VALUE  FROM      YEAR
                                                  NORMAL
..................................................................
TEMPERATURE (F)
 YESTERDAY
  MAXIMUM         84    421 PM  94    1964  71     13       74
  MINIMUM         44    433 AM  28    1963  46     -2       37
  AVERAGE         64                        58      6       56

PRECIPITATION (IN)
  YESTERDAY        0.00          3.17 1962   0.10  -0.10     0.00
  MONTH TO DATE    0.75                      2.06  -1.31     5.19
  SINCE MAR 1      3.99                      6.18  -2.19     7.24
  SINCE JAN 1      4.93                      7.42  -2.49     7.83

SNOWFALL (IN)
  YESTERDAY        0.0           0.0    MM   0.0    0.0      0.0
  MONTH TO DATE    0.0                       0.0    0.0      0.0
  SINCE MAR 1      4.6                      11.5   -6.9      4.3
  SINCE JUL 1     30.3                      45.7  -15.4     31.1
  SNOW DEPTH       0

DEGREE DAYS
 HEATING
  YESTERDAY        1                         8     -7        9
  MONTH TO DATE  256                       230     26      246
  SINCE MAR 1   1678                      1951   -273     1798
  SINCE JUL 1   7129                      8397  -1268     8056

 COOLING
  YESTERDAY        0                         1     -1        0
  MONTH TO DATE    8                        14     -6        0
  SINCE MAR 1     13                        16     -3        0
  SINCE JAN 1     13                        16     -3        0
..................................................................


WIND (MPH)
  HIGHEST WIND SPEED    28   HIGHEST WIND DIRECTION    SE (150)
  HIGHEST GUST SPEED    34   HIGHEST GUST DIRECTION     S (190)
  AVERAGE WIND SPEED    12.0


SKY COVER
  POSSIBLE SUNSHINE  MM
  AVERAGE SKY COVER 0.0


WEATHER CONDITIONS
 THE FOLLOWING WEATHER WAS RECORDED YESTERDAY.
  NO SIGNIFICANT WEATHER WAS OBSERVED.


RELATIVE HUMIDITY (PERCENT)
 HIGHEST    86           300 AM
 LOWEST     16           300 PM
 AVERAGE    51

..........................................................


THE ST CLOUD MN CLIMATE NORMALS FOR TODAY
                         NORMAL    RECORD    YEAR
 MAXIMUM TEMPERATURE (F)   71        94      1926
 MINIMUM TEMPERATURE (F)   46        28      1963


SUNRISE AND SUNSET
MAY 23 2016...........SUNRISE   537 AM CDT   SUNSET   850 PM CDT
MAY 24 2016...........SUNRISE   536 AM CDT   SUNSET   851 PM CDT


-  INDICATES NEGATIVE NUMBERS.
R  INDICATES RECORD WAS SET OR TIED.
MM INDICATES DATA IS MISSING.
T  INDICATES TRACE AMOUNT.




$$
