000
CDUS43 KMPX 040919
CLISTC


CLIMATE REPORT
NATIONAL WEATHER SERVICE CHANHASSEN MN
319 AM CST MON DEC 4 2017


...................................

...THE ST CLOUD MN CLIMATE SUMMARY FOR DECEMBER 3 2017...

CLIMATE NORMAL PERIOD 1981 TO 2010
CLIMATE RECORD PERIOD 1893 TO 2017


WEATHER ITEM   OBSERVED TIME   RECORD YEAR NORMAL DEPARTURE LAST
                VALUE   (LST)  VALUE       VALUE  FROM      YEAR
                                                  NORMAL
..................................................................
TEMPERATURE (F)
 YESTERDAY
  MAXIMUM         46   1159 PM  61    1998  29     17       30
  MINIMUM         23    745 AM -28    1940  12     11       26
  AVERAGE         35                        20     15       28

PRECIPITATION (IN)
  YESTERDAY        0.00          0.57 1953   0.04  -0.04     0.01
  MONTH TO DATE    0.00                      0.10  -0.10     0.01
  SINCE DEC 1      0.00                      0.10  -0.10     0.01
  SINCE JAN 1     29.76                     27.01   2.75    32.28

SNOWFALL (IN)
  YESTERDAY        0.0           6.4  1978   0.3   -0.3      0.3
  MONTH TO DATE    0.0                       0.9   -0.9      0.3
  SINCE DEC 1      0.0                       0.9   -0.9      0.3
  SINCE JUL 1      7.1                      10.1   -3.0      7.6
  SNOW DEPTH       0

DEGREE DAYS
 HEATING
  YESTERDAY       30                        45    -15       37
  MONTH TO DATE   94                       133    -39      104
  SINCE DEC 1     94                       133    -39      104
  SINCE JUL 1   1860                      2058   -198     1478

 COOLING
  YESTERDAY        0                         0      0        0
  MONTH TO DATE    0                         0      0        0
  SINCE DEC 1      0                         0      0        0
  SINCE JAN 1    361                       465   -104      506
..................................................................


WIND (MPH)
  HIGHEST WIND SPEED    10   HIGHEST WIND DIRECTION     E (90)
  HIGHEST GUST SPEED    14   HIGHEST GUST DIRECTION     E (100)
  AVERAGE WIND SPEED     6.3


SKY COVER
  POSSIBLE SUNSHINE  MM
  AVERAGE SKY COVER 0.3


WEATHER CONDITIONS
 THE FOLLOWING WEATHER WAS RECORDED YESTERDAY.
  NO SIGNIFICANT WEATHER WAS OBSERVED.


RELATIVE HUMIDITY (PERCENT)
 HIGHEST    92          1200 AM
 LOWEST     59           100 PM
 AVERAGE    76

..........................................................


THE ST CLOUD MN CLIMATE NORMALS FOR TODAY
                         NORMAL    RECORD    YEAR
 MAXIMUM TEMPERATURE (F)   28        52      1941
 MINIMUM TEMPERATURE (F)   12       -16      1991


SUNRISE AND SUNSET
DECEMBER  4 2017......SUNRISE   740 AM CST   SUNSET   433 PM CST
DECEMBER  5 2017......SUNRISE   741 AM CST   SUNSET   433 PM CST


-  INDICATES NEGATIVE NUMBERS.
R  INDICATES RECORD WAS SET OR TIED.
MM INDICATES DATA IS MISSING.
T  INDICATES TRACE AMOUNT.




$$
