000
CDUS43 KMPX 200748
CLISTC


CLIMATE REPORT
NATIONAL WEATHER SERVICE CHANHASSEN MN
248 AM CDT THU APR 20 2017


...................................

...THE ST CLOUD MN CLIMATE SUMMARY FOR APRIL 19 2017...

CLIMATE NORMAL PERIOD 1981 TO 2010
CLIMATE RECORD PERIOD 1893 TO 2017


WEATHER ITEM   OBSERVED TIME   RECORD YEAR NORMAL DEPARTURE LAST
                VALUE   (LST)  VALUE       VALUE  FROM      YEAR
                                                  NORMAL
..................................................................
TEMPERATURE (F)
 YESTERDAY
  MAXIMUM         50   1203 PM  87    1987  59     -9       55
  MINIMUM         37    554 AM  15    1897  34      3       42
  AVERAGE         44                        46     -2       49

PRECIPITATION (IN)
  YESTERDAY        0.48          1.37 1970   0.08   0.40     0.08
  MONTH TO DATE    1.94                      1.49   0.45     0.35
  SINCE MAR 1      2.61                      3.04  -0.43     1.85
  SINCE JAN 1      3.93                      4.28  -0.35     2.79

SNOWFALL (IN)
  YESTERDAY        0.0           1.2  1914   0.1   -0.1      0.0
  MONTH TO DATE    0.0                       2.3   -2.3      1.6
  SINCE MAR 1      2.0                      10.8   -8.8      4.6
  SINCE JUL 1     30.9                      45.0  -14.1     30.3
  SNOW DEPTH       0

DEGREE DAYS
 HEATING
  YESTERDAY       21                        19      2       16
  MONTH TO DATE  333                       442   -109      426
  SINCE MAR 1   1393                      1546   -153     1243
  SINCE JUL 1   6749                      7992  -1243     6694

 COOLING
  YESTERDAY        0                         0      0        0
  MONTH TO DATE    0                         0      0        5
  SINCE MAR 1      0                         0      0        5
  SINCE JAN 1      0                         0      0        5
..................................................................


WIND (MPH)
  HIGHEST WIND SPEED    18   HIGHEST WIND DIRECTION    NE (50)
  HIGHEST GUST SPEED    24   HIGHEST GUST DIRECTION    NE (50)
  AVERAGE WIND SPEED     8.2


SKY COVER
  POSSIBLE SUNSHINE  MM
  AVERAGE SKY COVER 0.6


WEATHER CONDITIONS
 THE FOLLOWING WEATHER WAS RECORDED YESTERDAY.
  HEAVY RAIN
  RAIN
  LIGHT RAIN
  FOG


RELATIVE HUMIDITY (PERCENT)
 HIGHEST   100           600 AM
 LOWEST     60           900 AM
 AVERAGE    80

..........................................................


THE ST CLOUD MN CLIMATE NORMALS FOR TODAY
                         NORMAL    RECORD    YEAR
 MAXIMUM TEMPERATURE (F)   59        84      1980
 MINIMUM TEMPERATURE (F)   35        16      2013


SUNRISE AND SUNSET
APRIL 20 2017.........SUNRISE   622 AM CDT   SUNSET   809 PM CDT
APRIL 21 2017.........SUNRISE   620 AM CDT   SUNSET   811 PM CDT


-  INDICATES NEGATIVE NUMBERS.
R  INDICATES RECORD WAS SET OR TIED.
MM INDICATES DATA IS MISSING.
T  INDICATES TRACE AMOUNT.




$$
