000
CDUS43 KMPX 142134
CLISTC


CLIMATE REPORT
NATIONAL WEATHER SERVICE CHANHASSEN MN
434 PM CDT THU SEP 14 2017


...................................

...THE ST CLOUD MN CLIMATE SUMMARY FOR SEPTEMBER 14 2017...
VALID TODAY AS OF 0400 PM LOCAL TIME.

CLIMATE NORMAL PERIOD 1981 TO 2010
CLIMATE RECORD PERIOD 1893 TO 2017


WEATHER ITEM   OBSERVED TIME   RECORD YEAR NORMAL DEPARTURE LAST
                VALUE   (LST)  VALUE       VALUE  FROM      YEAR
                                                  NORMAL
..................................................................
TEMPERATURE (F)
 TODAY
  MAXIMUM         88    257 PM  95    1939  71     17       66
  MINIMUM         59    506 AM  31    1996  48     11       39
  AVERAGE         74                        59     15       53

PRECIPITATION (IN)
  TODAY            0.00          1.75 1914   0.11  -0.11     0.00
  MONTH TO DATE    0.18                      1.76  -1.58     0.85
  SINCE SEP 1      0.18                      1.76  -1.58     0.85
  SINCE JAN 1     21.11                     21.34  -0.23    25.67

SNOWFALL (IN)
  TODAY            0.0           0.0    MM   0.0    0.0      0.0
  MONTH TO DATE    0.0                       0.0    0.0      0.0
  SINCE SEP 1      0.0                       0.0    0.0      0.0
  SINCE JUL 1      0.0                       0.0    0.0      0.0
  SNOW DEPTH       0

DEGREE DAYS
 HEATING
  TODAY            0                         7     -7       12
  MONTH TO DATE   46                        69    -23       31
  SINCE SEP 1     46                        69    -23       31
  SINCE JUL 1     86                       127    -41       53

 COOLING
  TODAY            9                         1      8        0
  MONTH TO DATE   36                        24     12       26
  SINCE SEP 1     36                        24     12       26
  SINCE JAN 1    326                       453   -127      504
..................................................................


WIND (MPH)
  HIGHEST WIND SPEED    16   HIGHEST WIND DIRECTION    SE (150)
  HIGHEST GUST SPEED    19   HIGHEST GUST DIRECTION    SE (140)
  AVERAGE WIND SPEED     6.2


SKY COVER
  POSSIBLE SUNSHINE  MM
  AVERAGE SKY COVER 0.2


WEATHER CONDITIONS
 THE FOLLOWING WEATHER WAS RECORDED TODAY.
  FOG
  FOG W/VISIBILITY <= 1/4 MILE


RELATIVE HUMIDITY (PERCENT)
 HIGHEST   100          1200 AM
 LOWEST     43           300 PM
 AVERAGE    72

..........................................................


THE ST CLOUD MN CLIMATE NORMALS FOR TOMORROW
                         NORMAL    RECORD    YEAR
 MAXIMUM TEMPERATURE (F)   71        94      1948
 MINIMUM TEMPERATURE (F)   47        27      2007


SUNRISE AND SUNSET
SEPTEMBER 14 2017.....SUNRISE   654 AM CDT   SUNSET   729 PM CDT
SEPTEMBER 15 2017.....SUNRISE   655 AM CDT   SUNSET   727 PM CDT


-  INDICATES NEGATIVE NUMBERS.
R  INDICATES RECORD WAS SET OR TIED.
MM INDICATES DATA IS MISSING.
T  INDICATES TRACE AMOUNT.




$$
