000
CDUS43 KMPX 240624
CLISTC


CLIMATE REPORT
NATIONAL WEATHER SERVICE CHANHASSEN MN
123 AM CDT WED AUG 24 2016


...................................

...THE ST CLOUD MN CLIMATE SUMMARY FOR AUGUST 23 2016...

CLIMATE NORMAL PERIOD 1981 TO 2010
CLIMATE RECORD PERIOD 1893 TO 2016


WEATHER ITEM   OBSERVED TIME   RECORD YEAR NORMAL DEPARTURE LAST
                VALUE   (LST)  VALUE       VALUE  FROM      YEAR
                                                  NORMAL
..................................................................
TEMPERATURE (F)
 YESTERDAY
  MAXIMUM         83    126 PM  95    1947  79      4       67
  MINIMUM         66   1159 PM  39    1934  55     11       54
  AVERAGE         75                        67      8       61

PRECIPITATION (IN)
  YESTERDAY        0.00          0.72 1994   0.13  -0.13     0.02
  MONTH TO DATE    4.17                      2.72   1.45     3.10
  SINCE JUN 1     14.28                     10.20   4.08    14.94
  SINCE JAN 1     20.63                     18.51   2.12    23.61

SNOWFALL (IN)
  YESTERDAY        0.0           0.0    MM   0.0    0.0      0.0
  MONTH TO DATE    0.0                       0.0    0.0      0.0
  SINCE JUN 1      0.0                       0.0    0.0      0.0
  SINCE JUL 1      0.0                       0.0    0.0      0.0
  SNOW DEPTH       0

DEGREE DAYS
 HEATING
  YESTERDAY        0                         2     -2        4
  MONTH TO DATE    5                        24    -19       20
  SINCE JUN 1     45                       119    -74       60
  SINCE JUL 1     12                        41    -29       32

 COOLING
  YESTERDAY       10                         3      7        0
  MONTH TO DATE  134                       103     31       95
  SINCE JUN 1    424                       380     44      364
  SINCE JAN 1    455                       405     50      369
..................................................................


WIND (MPH)
  HIGHEST WIND SPEED    23   HIGHEST WIND DIRECTION     S (160)
  HIGHEST GUST SPEED    29   HIGHEST GUST DIRECTION     S (180)
  AVERAGE WIND SPEED    12.7


SKY COVER
  POSSIBLE SUNSHINE  MM
  AVERAGE SKY COVER 0.2


WEATHER CONDITIONS
 THE FOLLOWING WEATHER WAS RECORDED YESTERDAY.
  NO SIGNIFICANT WEATHER WAS OBSERVED.


RELATIVE HUMIDITY (PERCENT)
 HIGHEST    93          1100 PM
 LOWEST     65           100 PM
 AVERAGE    79

..........................................................


THE ST CLOUD MN CLIMATE NORMALS FOR TODAY
                         NORMAL    RECORD    YEAR
 MAXIMUM TEMPERATURE (F)   78        96      2003
 MINIMUM TEMPERATURE (F)   55        37      1987


SUNRISE AND SUNSET
AUGUST 24 2016........SUNRISE   628 AM CDT   SUNSET   808 PM CDT
AUGUST 25 2016........SUNRISE   630 AM CDT   SUNSET   806 PM CDT


-  INDICATES NEGATIVE NUMBERS.
R  INDICATES RECORD WAS SET OR TIED.
MM INDICATES DATA IS MISSING.
T  INDICATES TRACE AMOUNT.




$$
