000
CDUS43 KMPX 170031
CLISTC


CLIMATE REPORT
NATIONAL WEATHER SERVICE CHANHASSEN MN
731 PM CDT SAT AUG 16 2014


...................................

...THE ST CLOUD MN CLIMATE SUMMARY FOR AUGUST 16 2014...
VALID TODAY AS OF 0700 PM LOCAL TIME.

CLIMATE NORMAL PERIOD 1981 TO 2010
CLIMATE RECORD PERIOD 1893 TO 2014


WEATHER ITEM   OBSERVED TIME   RECORD YEAR NORMAL DEPARTURE LAST
                VALUE   (LST)  VALUE       VALUE  FROM      YEAR
                                                  NORMAL
..................................................................
TEMPERATURE (F)
 TODAY
  MAXIMUM         85    516 PM 100    1950  80      5       80
  MINIMUM         64    526 AM  42    1992  56      8       49
  AVERAGE         75                        68      7       65

PRECIPITATION (IN)
  TODAY            T             2.07 1983   0.12  -0.12     0.00
  MONTH TO DATE    1.18                      1.86  -0.68     0.58
  SINCE JUN 1      8.61                      9.34  -0.73     7.77
  SINCE JAN 1     24.96                     17.65   7.31    20.06

SNOWFALL (IN)
  TODAY            0.0           0.0    MM   0.0    0.0      0.0
  MONTH TO DATE    0.0                       0.0    0.0      0.0
  SINCE JUN 1      0.0                       0.0    0.0      0.0
  SINCE JUL 1      0.0                       0.0    0.0      0.0
  SNOW DEPTH       0

DEGREE DAYS
 HEATING
  TODAY            0                         1     -1        0
  MONTH TO DATE    0                        16    -16       23
  SINCE JUN 1     33                       111    -78      136
  SINCE JUL 1      7                        33    -26       49

 COOLING
  TODAY           10                         4      6        0
  MONTH TO DATE  114                        77     37       12
  SINCE JUN 1    422                       354     68      328
  SINCE JAN 1    466                       379     87      339
..................................................................


WIND (MPH)
  HIGHEST WIND SPEED    12   HIGHEST WIND DIRECTION    SW (220)
  HIGHEST GUST SPEED    14   HIGHEST GUST DIRECTION    SW (210)
  AVERAGE WIND SPEED     4.3


SKY COVER
  POSSIBLE SUNSHINE  MM
  AVERAGE SKY COVER 0.4


WEATHER CONDITIONS
 THE FOLLOWING WEATHER WAS RECORDED TODAY.
  FOG
  FOG W/VISIBILITY <= 1/4 MILE


RELATIVE HUMIDITY (PERCENT)
 HIGHEST    93           300 AM
 LOWEST     61          1200 PM
 AVERAGE    77

..........................................................


THE ST CLOUD MN CLIMATE NORMALS FOR TOMORROW
                         NORMAL    RECORD    YEAR
 MAXIMUM TEMPERATURE (F)   80        94      1934
                                             1925
 MINIMUM TEMPERATURE (F)   56        41      1981
                                             1977


SUNRISE AND SUNSET
AUGUST 16 2014........SUNRISE   618 AM CDT   SUNSET   822 PM CDT
AUGUST 17 2014........SUNRISE   619 AM CDT   SUNSET   820 PM CDT


-  INDICATES NEGATIVE NUMBERS.
R  INDICATES RECORD WAS SET OR TIED.
MM INDICATES DATA IS MISSING.
T  INDICATES TRACE AMOUNT.




$$
