000
CDUS43 KMPX 240054
CLISTC


CLIMATE REPORT
NATIONAL WEATHER SERVICE CHANHASSEN MN
753 PM CDT WED JUL 23 2014


...................................

...THE ST CLOUD MN CLIMATE SUMMARY FOR JULY 23 2014...
VALID TODAY AS OF 0700 PM LOCAL TIME.

CLIMATE NORMAL PERIOD 1981 TO 2010
CLIMATE RECORD PERIOD 1893 TO 2014


WEATHER ITEM   OBSERVED TIME   RECORD YEAR NORMAL DEPARTURE LAST
                VALUE   (LST)  VALUE       VALUE  FROM      YEAR
                                                  NORMAL
..................................................................
TEMPERATURE (F)
 TODAY
  MAXIMUM         82    341 PM 107    1934  83     -1       77
  MINIMUM         56    351 AM  45    1978  59     -3       54
  AVERAGE         69                        70     -1       66

PRECIPITATION (IN)
  TODAY            0.00          2.32 1912   0.10  -0.10     0.00
  MONTH TO DATE    0.83                      2.49  -1.66     1.14
  SINCE JUN 1      7.01                      6.66   0.35     6.90
  SINCE JAN 1     23.36                     14.97   8.39    19.19

SNOWFALL (IN)
  TODAY            0.0           0.0    MM   0.0    0.0      0.0
  MONTH TO DATE    0.0                       0.0    0.0      0.0
  SINCE JUN 1      0.0                       0.0    0.0      0.0
  SINCE JUL 1      0.0                       0.0    0.0      0.0
  SNOW DEPTH       0

DEGREE DAYS
 HEATING
  TODAY            0                         0      0        0
  MONTH TO DATE    7                        13     -6        0
  SINCE JUN 1     33                        91    -58       87
  SINCE JUL 1      7                        13     -6        0

 COOLING
  TODAY            4                         6     -2        1
  MONTH TO DATE  127                       137    -10      208
  SINCE JUN 1    260                       232     28      307
  SINCE JAN 1    304                       257     47      318
..................................................................


WIND (MPH)
  HIGHEST WIND SPEED    14   HIGHEST WIND DIRECTION    NW (310)
  HIGHEST GUST SPEED    20   HIGHEST GUST DIRECTION    SW (230)
  AVERAGE WIND SPEED     6.5


SKY COVER
  POSSIBLE SUNSHINE  MM
  AVERAGE SKY COVER 0.0


WEATHER CONDITIONS
 THE FOLLOWING WEATHER WAS RECORDED TODAY.
  NO SIGNIFICANT WEATHER WAS OBSERVED.


RELATIVE HUMIDITY (PERCENT)
 HIGHEST    86           300 AM
 LOWEST     30           200 PM
 AVERAGE    58

..........................................................


THE ST CLOUD MN CLIMATE NORMALS FOR TOMORROW
                         NORMAL    RECORD    YEAR
 MAXIMUM TEMPERATURE (F)   82       104      1901
 MINIMUM TEMPERATURE (F)   58        46      2004
                                             1992


SUNRISE AND SUNSET
JULY 23 2014..........SUNRISE   550 AM CDT   SUNSET   855 PM CDT
JULY 24 2014..........SUNRISE   551 AM CDT   SUNSET   854 PM CDT


-  INDICATES NEGATIVE NUMBERS.
R  INDICATES RECORD WAS SET OR TIED.
MM INDICATES DATA IS MISSING.
T  INDICATES TRACE AMOUNT.




$$
