000
CDUS43 KMPX 170631
CLISTC


CLIMATE REPORT
NATIONAL WEATHER SERVICE CHANHASSEN MN
130 AM CDT SUN SEP 17 2017


...................................

...THE ST CLOUD MN CLIMATE SUMMARY FOR SEPTEMBER 16 2017...

CLIMATE NORMAL PERIOD 1981 TO 2010
CLIMATE RECORD PERIOD 1893 TO 2017


WEATHER ITEM   OBSERVED TIME   RECORD YEAR NORMAL DEPARTURE LAST
                VALUE   (LST)  VALUE       VALUE  FROM      YEAR
                                                  NORMAL
..................................................................
TEMPERATURE (F)
 YESTERDAY
  MAXIMUM         72   1243 AM  94    1948  70      2       74
  MINIMUM         52   1159 PM  29    1943  47      5       56
  AVERAGE         62                        58      4       65

PRECIPITATION (IN)
  YESTERDAY        0.01          3.02 1907   0.11  -0.10     0.46
  MONTH TO DATE    0.35                      1.99  -1.64     1.60
  SINCE SEP 1      0.35                      1.99  -1.64     1.60
  SINCE JAN 1     21.28                     21.57  -0.29    26.42

SNOWFALL (IN)
  YESTERDAY        0.0           T    1956   0.0    0.0      0.0
  MONTH TO DATE    0.0                       0.0    0.0      0.0
  SINCE SEP 1      0.0                       0.0    0.0      0.0
  SINCE JUL 1      0.0                       0.0    0.0      0.0
  SNOW DEPTH       0

DEGREE DAYS
 HEATING
  YESTERDAY        3                         8     -5        0
  MONTH TO DATE   49                        84    -35       38
  SINCE SEP 1     49                        84    -35       38
  SINCE JUL 1     89                       142    -53       60

 COOLING
  YESTERDAY        0                         1     -1        0
  MONTH TO DATE   39                        26     13       26
  SINCE SEP 1     39                        26     13       26
  SINCE JAN 1    329                       455   -126      504
..................................................................


WIND (MPH)
  HIGHEST WIND SPEED    22   HIGHEST WIND DIRECTION     W (290)
  HIGHEST GUST SPEED    26   HIGHEST GUST DIRECTION     W (290)
  AVERAGE WIND SPEED     9.3


SKY COVER
  POSSIBLE SUNSHINE  MM
  AVERAGE SKY COVER 0.8


WEATHER CONDITIONS
 THE FOLLOWING WEATHER WAS RECORDED YESTERDAY.
  THUNDERSTORM
  LIGHT RAIN


RELATIVE HUMIDITY (PERCENT)
 HIGHEST    97           800 AM
 LOWEST     66           100 PM
 AVERAGE    82

..........................................................


THE ST CLOUD MN CLIMATE NORMALS FOR TODAY
                         NORMAL    RECORD    YEAR
 MAXIMUM TEMPERATURE (F)   70        92      1955
 MINIMUM TEMPERATURE (F)   46        27      1943


SUNRISE AND SUNSET
SEPTEMBER 17 2017.....SUNRISE   657 AM CDT   SUNSET   723 PM CDT
SEPTEMBER 18 2017.....SUNRISE   659 AM CDT   SUNSET   721 PM CDT


-  INDICATES NEGATIVE NUMBERS.
R  INDICATES RECORD WAS SET OR TIED.
MM INDICATES DATA IS MISSING.
T  INDICATES TRACE AMOUNT.




$$
