000
CDUS43 KMPX 180847
CLISTC


CLIMATE REPORT
NATIONAL WEATHER SERVICE CHANHASSEN MN
246 AM CST WED JAN 18 2017


...................................

...THE ST CLOUD MN CLIMATE SUMMARY FOR JANUARY 17 2017...

CLIMATE NORMAL PERIOD 1981 TO 2010
CLIMATE RECORD PERIOD 1893 TO 2017


WEATHER ITEM   OBSERVED TIME   RECORD YEAR NORMAL DEPARTURE LAST
                VALUE   (LST)  VALUE       VALUE  FROM      YEAR
                                                  NORMAL
..................................................................
TEMPERATURE (F)
 YESTERDAY
  MAXIMUM         30    427 PM  43    1923  21      9       -4
  MINIMUM         17   1055 PM -35    1982   1     16      -18
  AVERAGE         24                        11     13      -11

PRECIPITATION (IN)
  YESTERDAY        0.00          0.69 1996   0.02  -0.02      T
  MONTH TO DATE    0.43                      0.39   0.04     0.17
  SINCE DEC 1      1.98                      1.21   0.77     1.19
  SINCE JAN 1      0.43                      0.39   0.04     0.17

SNOWFALL (IN)
  YESTERDAY        0.0          10.0  1996   0.3   -0.3       T
  MONTH TO DATE    9.0                       5.0    4.0      2.0
  SINCE DEC 1     17.8                      14.4    3.4     10.2
  SINCE JUL 1     25.1                      23.6    1.5     15.9
  SNOW DEPTH       6

DEGREE DAYS
 HEATING
  YESTERDAY       41                        54    -13       76
  MONTH TO DATE  978                       911     67      926
  SINCE DEC 1   2442                      2433      9     2109
  SINCE JUL 1   3816                      4358   -542     3568

 COOLING
  YESTERDAY        0                         0      0        0
  MONTH TO DATE    0                         0      0        0
  SINCE DEC 1      0                         0      0        0
  SINCE JAN 1      0                         0      0        0
..................................................................


WIND (MPH)
  HIGHEST WIND SPEED    14   HIGHEST WIND DIRECTION    SW (210)
  HIGHEST GUST SPEED    16   HIGHEST GUST DIRECTION    SW (220)
  AVERAGE WIND SPEED     5.7


SKY COVER
  POSSIBLE SUNSHINE  MM
  AVERAGE SKY COVER 0.8


WEATHER CONDITIONS
 THE FOLLOWING WEATHER WAS RECORDED YESTERDAY.
  FOG
  FOG W/VISIBILITY <= 1/4 MILE


RELATIVE HUMIDITY (PERCENT)
 HIGHEST   100           700 AM
 LOWEST     81           100 AM
 AVERAGE    91

..........................................................


THE ST CLOUD MN CLIMATE NORMALS FOR TODAY
                         NORMAL    RECORD    YEAR
 MAXIMUM TEMPERATURE (F)   21        48      1981
 MINIMUM TEMPERATURE (F)    1       -34      1994


SUNRISE AND SUNSET
JANUARY 18 2017.......SUNRISE   751 AM CST   SUNSET   504 PM CST
JANUARY 19 2017.......SUNRISE   750 AM CST   SUNSET   505 PM CST


-  INDICATES NEGATIVE NUMBERS.
R  INDICATES RECORD WAS SET OR TIED.
MM INDICATES DATA IS MISSING.
T  INDICATES TRACE AMOUNT.




$$
