608
CDUS43 KMPX 240637
CLISTC


CLIMATE REPORT
NATIONAL WEATHER SERVICE CHANHASSEN MN
1236 AM CST FRI FEB 24 2017


...................................

...THE ST CLOUD MN CLIMATE SUMMARY FOR FEBRUARY 23 2017...

CLIMATE NORMAL PERIOD 1981 TO 2010
CLIMATE RECORD PERIOD 1893 TO 2017


WEATHER ITEM   OBSERVED TIME   RECORD YEAR NORMAL DEPARTURE LAST
                VALUE   (LST)  VALUE       VALUE  FROM      YEAR
                                                  NORMAL
..................................................................
TEMPERATURE (F)
 YESTERDAY
  MAXIMUM         33   1236 AM  54    1998  30      3       37
                                      1958
  MINIMUM         26   1159 PM -25    1910  11     15       31
  AVERAGE         30                        20     10       34

PRECIPITATION (IN)
  YESTERDAY        0.00          0.80 1977   0.03  -0.03     0.01
  MONTH TO DATE    0.64                      0.45   0.19     0.63
  SINCE DEC 1      2.73                      1.92   0.81     1.96
  SINCE JAN 1      1.18                      1.10   0.08     0.94

SNOWFALL (IN)
  YESTERDAY        0.0           6.0  1991   0.3   -0.3      0.2
  MONTH TO DATE    0.3                       5.6   -5.3      7.2
  SINCE DEC 1     19.1                      23.6   -4.5     20.0
  SINCE JUL 1     26.4                      32.8   -6.4     25.7
  SNOW DEPTH       0

DEGREE DAYS
 HEATING
  YESTERDAY       35                        45    -10       31
  MONTH TO DATE  854                      1124   -270     1033
  SINCE DEC 1   3796                      4301   -505     3796
  SINCE JUL 1   5170                      6226  -1056     5255

 COOLING
  YESTERDAY        0                         0      0        0
  MONTH TO DATE    0                         0      0        0
  SINCE DEC 1      0                         0      0        0
  SINCE JAN 1      0                         0      0        0
..................................................................


WIND (MPH)
  HIGHEST WIND SPEED    18   HIGHEST WIND DIRECTION     N (20)
  HIGHEST GUST SPEED    27   HIGHEST GUST DIRECTION    NE (40)
  AVERAGE WIND SPEED    10.1


SKY COVER
  POSSIBLE SUNSHINE  MM
  AVERAGE SKY COVER 0.7


WEATHER CONDITIONS
 THE FOLLOWING WEATHER WAS RECORDED YESTERDAY.
  NO SIGNIFICANT WEATHER WAS OBSERVED.


RELATIVE HUMIDITY (PERCENT)
 HIGHEST    92           300 AM
 LOWEST     72           300 PM
 AVERAGE    82

..........................................................


THE ST CLOUD MN CLIMATE NORMALS FOR TODAY
                         NORMAL    RECORD    YEAR
 MAXIMUM TEMPERATURE (F)   30        55      1998
 MINIMUM TEMPERATURE (F)   11       -22      1950


SUNRISE AND SUNSET
FEBRUARY 24 2017......SUNRISE   703 AM CST   SUNSET   557 PM CST
FEBRUARY 25 2017......SUNRISE   701 AM CST   SUNSET   558 PM CST


-  INDICATES NEGATIVE NUMBERS.
R  INDICATES RECORD WAS SET OR TIED.
MM INDICATES DATA IS MISSING.
T  INDICATES TRACE AMOUNT.




$$
