000
CDUS43 KMPX 190743
CLISTC


CLIMATE REPORT
NATIONAL WEATHER SERVICE CHANHASSEN MN
243 AM CDT MON JUN 19 2017


...................................

...THE ST CLOUD MN CLIMATE SUMMARY FOR JUNE 18 2017...

CLIMATE NORMAL PERIOD 1981 TO 2010
CLIMATE RECORD PERIOD 1893 TO 2017


WEATHER ITEM   OBSERVED TIME   RECORD YEAR NORMAL DEPARTURE LAST
                VALUE   (LST)  VALUE       VALUE  FROM      YEAR
                                                  NORMAL
..................................................................
TEMPERATURE (F)
 YESTERDAY
  MAXIMUM         70    556 PM  98    1933  78     -8       86
  MINIMUM         55    456 AM  40    1945  55      0       62
  AVERAGE         63                        66     -3       74

PRECIPITATION (IN)
  YESTERDAY        0.00          1.36 1948   0.15  -0.15     0.00
  MONTH TO DATE    1.03                      2.48  -1.45     2.51
  SINCE JUN 1      1.03                      2.48  -1.45     2.51
  SINCE JAN 1     10.73                     10.79  -0.06     8.86

SNOWFALL (IN)
  YESTERDAY        0.0           0.0    MM   0.0    0.0      0.0
  MONTH TO DATE    0.0                       0.0    0.0      0.0
  SINCE JUN 1      0.0                       0.0    0.0      0.0
  SINCE JUL 1     31.9                      45.7  -13.8     30.3
  SNOW DEPTH       0

DEGREE DAYS
 HEATING
  YESTERDAY        2                         2      0        0
  MONTH TO DATE    8                        62    -54       30
  SINCE JUN 1      8                        62    -54       30
  SINCE JUL 1   7294                      8516  -1222     7167

 COOLING
  YESTERDAY        0                         3     -3        9
  MONTH TO DATE   72                        41     31       59
  SINCE JUN 1     72                        41     31       59
  SINCE JAN 1     75                        66      9       90
..................................................................


WIND (MPH)
  HIGHEST WIND SPEED    21   HIGHEST WIND DIRECTION    NW (300)
  HIGHEST GUST SPEED    26   HIGHEST GUST DIRECTION    NW (300)
  AVERAGE WIND SPEED    10.6


SKY COVER
  POSSIBLE SUNSHINE  MM
  AVERAGE SKY COVER 0.6


WEATHER CONDITIONS
 THE FOLLOWING WEATHER WAS RECORDED YESTERDAY.
  NO SIGNIFICANT WEATHER WAS OBSERVED.


RELATIVE HUMIDITY (PERCENT)
 HIGHEST   100           300 AM
 LOWEST     53           500 PM
 AVERAGE    77

..........................................................


THE ST CLOUD MN CLIMATE NORMALS FOR TODAY
                         NORMAL    RECORD    YEAR
 MAXIMUM TEMPERATURE (F)   79       101      1988
 MINIMUM TEMPERATURE (F)   55        41      1982


SUNRISE AND SUNSET
JUNE 19 2017..........SUNRISE   527 AM CDT   SUNSET   908 PM CDT
JUNE 20 2017..........SUNRISE   527 AM CDT   SUNSET   909 PM CDT


-  INDICATES NEGATIVE NUMBERS.
R  INDICATES RECORD WAS SET OR TIED.
MM INDICATES DATA IS MISSING.
T  INDICATES TRACE AMOUNT.




$$
