000
CDUS43 KMPX 232145
CLISTC


CLIMATE REPORT
NATIONAL WEATHER SERVICE CHANHASSEN MN
445 PM CDT THU JUL 23 2015


...................................

...THE ST CLOUD MN CLIMATE SUMMARY FOR JULY 23 2015...
VALID AS OF 0400 PM LOCAL TIME.

CLIMATE NORMAL PERIOD 1981 TO 2010
CLIMATE RECORD PERIOD 1893 TO 2015


WEATHER ITEM   OBSERVED TIME   RECORD YEAR NORMAL DEPARTURE LAST
                VALUE   (LST)  VALUE       VALUE  FROM      YEAR
                                                  NORMAL
..................................................................
TEMPERATURE (F)
 TODAY
  MAXIMUM         84    224 PM 107    1934  83      1       82
  MINIMUM         58    448 AM  45    1978  59     -1       56
  AVERAGE         71                        70      1       69

PRECIPITATION (IN)
  TODAY            0.00          2.32 1912   0.10  -0.10     0.00
  MONTH TO DATE    5.78                      2.49   3.29     0.83
  SINCE JUN 1     10.44                      6.66   3.78     7.01
  SINCE JAN 1     19.11                     14.97   4.14    23.36

SNOWFALL (IN)
  TODAY            0.0           0.0    MM   0.0    0.0      0.0
  MONTH TO DATE    0.0                       0.0    0.0      0.0
  SINCE JUN 1      0.0                       0.0    0.0      0.0
  SINCE JUL 1      0.0                       0.0    0.0      0.0
  SNOW DEPTH       0

DEGREE DAYS
 HEATING
  TODAY            0                         0      0        0
  MONTH TO DATE   12                        13     -1        7
  SINCE JUN 1     40                        91    -51       33
  SINCE JUL 1     12                        13     -1        7

 COOLING
  TODAY            6                         6      0        4
  MONTH TO DATE  117                       137    -20      127
  SINCE JUN 1    189                       232    -43      260
  SINCE JAN 1    194                       257    -63      304
..................................................................


WIND (MPH)
  HIGHEST WIND SPEED    17   HIGHEST WIND DIRECTION     S (170)
  HIGHEST GUST SPEED    22   HIGHEST GUST DIRECTION     S (160)
  AVERAGE WIND SPEED     7.0


SKY COVER
  POSSIBLE SUNSHINE  MM
  AVERAGE SKY COVER 0.0


WEATHER CONDITIONS
 THE FOLLOWING WEATHER WAS RECORDED TODAY.
  FOG


RELATIVE HUMIDITY (PERCENT)
 HIGHEST   100           200 AM
 LOWEST     47           100 PM
 AVERAGE    74

..........................................................


THE ST CLOUD MN CLIMATE NORMALS FOR TOMORROW
                         NORMAL    RECORD    YEAR
 MAXIMUM TEMPERATURE (F)   82       104      1901
 MINIMUM TEMPERATURE (F)   58        46      2004
                                             1992


SUNRISE AND SUNSET
JULY 23 2015..........SUNRISE   550 AM CDT   SUNSET   855 PM CDT
JULY 24 2015..........SUNRISE   551 AM CDT   SUNSET   854 PM CDT


-  INDICATES NEGATIVE NUMBERS.
R  INDICATES RECORD WAS SET OR TIED.
MM INDICATES DATA IS MISSING.
T  INDICATES TRACE AMOUNT.




$$
