000
CDUS43 KMPX 230050
CLISTC


CLIMATE REPORT
NATIONAL WEATHER SERVICE CHANHASSEN MN
649 PM CST MON DEC 22 2014


...................................

...THE ST CLOUD MN CLIMATE SUMMARY FOR DECEMBER 22 2014...
VALID TODAY AS OF 0600 PM LOCAL TIME.

CLIMATE NORMAL PERIOD 1981 TO 2010
CLIMATE RECORD PERIOD 1893 TO 2014


WEATHER ITEM   OBSERVED TIME   RECORD YEAR NORMAL DEPARTURE LAST
                VALUE   (LST)  VALUE       VALUE  FROM      YEAR
                                                  NORMAL
..................................................................
TEMPERATURE (F)
 TODAY
  MAXIMUM         39   1033 AM  45    1899  23     16       13
  MINIMUM         36    558 PM -24    1983   5     31        1
  AVERAGE         38                        14     24        7

PRECIPITATION (IN)
  TODAY            0.08          0.56 1968   0.03   0.05     0.07
  MONTH TO DATE    0.65                      0.59   0.06     1.48
  SINCE DEC 1      0.65                      0.59   0.06     1.48
  SINCE JAN 1     36.62                     27.50   9.12    28.55

SNOWFALL (IN)
  TODAY            0.0           9.8  1968   0.3   -0.3      1.8
  MONTH TO DATE    1.4                       6.6   -5.2     17.2
  SINCE DEC 1      1.4                       6.6   -5.2     17.2
  SINCE JUL 1     19.0                      15.8    3.2     20.8
  SNOW DEPTH       T

DEGREE DAYS
 HEATING
  TODAY           27                        51    -24       58
  MONTH TO DATE  864                      1053   -189     1257
  SINCE DEC 1    864                      1053   -189     1257
  SINCE JUL 1   2796                      2978   -182     3130

 COOLING
  TODAY            0                         0      0        0
  MONTH TO DATE    0                         0      0        0
  SINCE DEC 1      0                         0      0        0
  SINCE JAN 1    597                       465    132      578
..................................................................


WIND (MPH)
  HIGHEST WIND SPEED    17   HIGHEST WIND DIRECTION    SE (140)
  HIGHEST GUST SPEED    25   HIGHEST GUST DIRECTION    SE (130)
  AVERAGE WIND SPEED    12.3


SKY COVER
  POSSIBLE SUNSHINE  MM
  AVERAGE SKY COVER 1.0


WEATHER CONDITIONS
 THE FOLLOWING WEATHER WAS RECORDED TODAY.
  LIGHT RAIN
  FOG


RELATIVE HUMIDITY (PERCENT)
 HIGHEST    92          1200 AM
 LOWEST     85           200 AM
 AVERAGE    89

..........................................................


THE ST CLOUD MN CLIMATE NORMALS FOR TOMORROW
                         NORMAL    RECORD    YEAR
 MAXIMUM TEMPERATURE (F)   23        52      1899
 MINIMUM TEMPERATURE (F)    5       -30      1983


SUNRISE AND SUNSET
DECEMBER 22 2014......SUNRISE   754 AM CST   SUNSET   436 PM CST
DECEMBER 23 2014......SUNRISE   754 AM CST   SUNSET   436 PM CST


-  INDICATES NEGATIVE NUMBERS.
R  INDICATES RECORD WAS SET OR TIED.
MM INDICATES DATA IS MISSING.
T  INDICATES TRACE AMOUNT.




$$
