000
CDUS43 KMPX 080029
CLISTC


CLIMATE REPORT
NATIONAL WEATHER SERVICE CHANHASSEN MN
728 PM CDT MON AUG 7 2017


...................................

...THE ST CLOUD MN CLIMATE SUMMARY FOR AUGUST 7 2017...
VALID TODAY AS OF 0700 PM LOCAL TIME.

CLIMATE NORMAL PERIOD 1981 TO 2010
CLIMATE RECORD PERIOD 1893 TO 2017


WEATHER ITEM   OBSERVED TIME   RECORD YEAR NORMAL DEPARTURE LAST
                VALUE   (LST)  VALUE       VALUE  FROM      YEAR
                                                  NORMAL
..................................................................
TEMPERATURE (F)
 TODAY
  MAXIMUM         80    411 PM  99    1983  81     -1       82
  MINIMUM         51    507 AM  43    1976  57     -6       54
  AVERAGE         66                        69     -3       68

PRECIPITATION (IN)
  TODAY            0.00          3.43 1980   0.12  -0.12     0.00
  MONTH TO DATE    1.59                      0.77   0.82     0.09
  SINCE JUN 1      7.55                      8.25  -0.70    10.20
  SINCE JAN 1     17.25                     16.56   0.69    16.55

SNOWFALL (IN)
  TODAY            0.0           0.0    MM   0.0    0.0      0.0
  MONTH TO DATE    0.0                       0.0    0.0      0.0
  SINCE JUN 1      0.0                       0.0    0.0      0.0
  SINCE JUL 1      0.0                       0.0    0.0      0.0
  SNOW DEPTH       0

DEGREE DAYS
 HEATING
  TODAY            0                         1     -1        0
  MONTH TO DATE   12                         7      5        0
  SINCE JUN 1     57                       102    -45       40
  SINCE JUL 1     16                        24     -8        7

 COOLING
  TODAY            1                         5     -4        3
  MONTH TO DATE   15                        35    -20       51
  SINCE JUN 1    271                       312    -41      341
  SINCE JAN 1    274                       337    -63      372
..................................................................


WIND (MPH)
  HIGHEST WIND SPEED    12   HIGHEST WIND DIRECTION     W (290)
  HIGHEST GUST SPEED    15   HIGHEST GUST DIRECTION    NW (310)
  AVERAGE WIND SPEED     3.5


SKY COVER
  POSSIBLE SUNSHINE  MM
  AVERAGE SKY COVER 0.1


WEATHER CONDITIONS
 THE FOLLOWING WEATHER WAS RECORDED TODAY.
  NO SIGNIFICANT WEATHER WAS OBSERVED.


RELATIVE HUMIDITY (PERCENT)
 HIGHEST   100           100 AM
 LOWEST     37           100 PM
 AVERAGE    69

..........................................................


THE ST CLOUD MN CLIMATE NORMALS FOR TOMORROW
                         NORMAL    RECORD    YEAR
 MAXIMUM TEMPERATURE (F)   81        96      1947
 MINIMUM TEMPERATURE (F)   57        43      1904


SUNRISE AND SUNSET
AUGUST  7 2017........SUNRISE   607 AM CDT   SUNSET   836 PM CDT
AUGUST  8 2017........SUNRISE   609 AM CDT   SUNSET   834 PM CDT


-  INDICATES NEGATIVE NUMBERS.
R  INDICATES RECORD WAS SET OR TIED.
MM INDICATES DATA IS MISSING.
T  INDICATES TRACE AMOUNT.




$$
