000
CDUS43 KMPX 260654
CLISTC


CLIMATE REPORT
NATIONAL WEATHER SERVICE CHANHASSEN MN
1253 AM CST SAT NOV 26 2016


...................................

...THE ST CLOUD MN CLIMATE SUMMARY FOR NOVEMBER 25 2016...

CLIMATE NORMAL PERIOD 1981 TO 2010
CLIMATE RECORD PERIOD 1893 TO 2016


WEATHER ITEM   OBSERVED TIME   RECORD YEAR NORMAL DEPARTURE LAST
                VALUE   (LST)  VALUE       VALUE  FROM      YEAR
                                                  NORMAL
..................................................................
TEMPERATURE (F)
 YESTERDAY
  MAXIMUM         33    516 PM  58    1914  33      0       44
  MINIMUM         31   1159 PM -13    1977  16     15       33
  AVERAGE         32                        25      7       39

PRECIPITATION (IN)
  YESTERDAY        T             1.40 1896   0.04  -0.04     0.00
  MONTH TO DATE    1.10                      1.19  -0.09     2.73
  SINCE SEP 1      6.86                      7.14  -0.28     8.11
  SINCE JAN 1     31.68                     26.72   4.96    31.72

SNOWFALL (IN)
  YESTERDAY        T             7.8  1993   0.3   -0.3      0.0
  MONTH TO DATE    7.3                       6.6    0.7      0.5
  SINCE SEP 1      7.3                       7.4   -0.1      0.7
  SINCE JUL 1      7.3                       7.4   -0.1      0.7
  SNOW DEPTH       2

DEGREE DAYS
 HEATING
  YESTERDAY       33                        40     -7       26
  MONTH TO DATE  596                       830   -234      598
  SINCE SEP 1   1206                      1657   -451     1205
  SINCE JUL 1   1228                      1715   -487     1257

 COOLING
  YESTERDAY        0                         0      0        0
  MONTH TO DATE    0                         0      0        0
  SINCE SEP 1     28                        36     -8      106
  SINCE JAN 1    506                       465     41      492
..................................................................


WIND (MPH)
  HIGHEST WIND SPEED    10   HIGHEST WIND DIRECTION    SW (210)
  HIGHEST GUST SPEED    13   HIGHEST GUST DIRECTION    SW (230)
  AVERAGE WIND SPEED     5.8


SKY COVER
  POSSIBLE SUNSHINE  MM
  AVERAGE SKY COVER 0.9


WEATHER CONDITIONS
 THE FOLLOWING WEATHER WAS RECORDED YESTERDAY.
  LIGHT SNOW
  FOG


RELATIVE HUMIDITY (PERCENT)
 HIGHEST   100           200 AM
 LOWEST     89          1100 AM
 AVERAGE    95

..........................................................


THE ST CLOUD MN CLIMATE NORMALS FOR TODAY
                         NORMAL    RECORD    YEAR
 MAXIMUM TEMPERATURE (F)   33        59      1914
 MINIMUM TEMPERATURE (F)   16       -17      1977


SUNRISE AND SUNSET
NOVEMBER 26 2016......SUNRISE   731 AM CST   SUNSET   436 PM CST
NOVEMBER 27 2016......SUNRISE   732 AM CST   SUNSET   436 PM CST


-  INDICATES NEGATIVE NUMBERS.
R  INDICATES RECORD WAS SET OR TIED.
MM INDICATES DATA IS MISSING.
T  INDICATES TRACE AMOUNT.




$$
