000
CDUS43 KMPX 232148
CLISTC


CLIMATE REPORT
NATIONAL WEATHER SERVICE CHANHASSEN MN
448 PM CDT SAT APR 23 2016


...................................

...THE ST CLOUD MN CLIMATE SUMMARY FOR APRIL 23 2016...
VALID AS OF 0400 PM LOCAL TIME.

CLIMATE NORMAL PERIOD 1981 TO 2010
CLIMATE RECORD PERIOD 1893 TO 2016


WEATHER ITEM   OBSERVED TIME   RECORD YEAR NORMAL DEPARTURE LAST
                VALUE   (LST)  VALUE       VALUE  FROM      YEAR
                                                  NORMAL
..................................................................
TEMPERATURE (F)
 TODAY
  MAXIMUM         68    154 PM  88    1913  61      7       54
  MINIMUM         37    605 AM  17    1909  36      1       24
  AVERAGE         53                        48      5       39

PRECIPITATION (IN)
  TODAY            0.01          1.19 1915   0.09  -0.08     0.00
  MONTH TO DATE    0.41                      1.85  -1.44     1.19
  SINCE MAR 1      1.91                      3.40  -1.49     1.57
  SINCE JAN 1      2.85                      4.64  -1.79     2.16

SNOWFALL (IN)
  TODAY            0.0           2.8  1936   0.1   -0.1      0.0
  MONTH TO DATE    1.6                       2.7   -1.1      1.0
  SINCE MAR 1      4.6                      11.2   -6.6      4.3
  SINCE JUL 1     30.3                      45.4  -15.1     31.1
  SNOW DEPTH       0

DEGREE DAYS
 HEATING
  TODAY           12                        17     -5       26
  MONTH TO DATE  463                       512    -49      441
  SINCE MAR 1   1280                      1616   -336     1442
  SINCE JUL 1   6731                      8062  -1331     7700

 COOLING
  TODAY            0                         0      0        0
  MONTH TO DATE    5                         0      5        0
  SINCE MAR 1      5                         0      5        0
  SINCE JAN 1      5                         0      5        0
..................................................................


WIND (MPH)
  HIGHEST WIND SPEED    21   HIGHEST WIND DIRECTION    SE (140)
  HIGHEST GUST SPEED    27   HIGHEST GUST DIRECTION    SE (130)
  AVERAGE WIND SPEED     8.9


SKY COVER
  POSSIBLE SUNSHINE  MM
  AVERAGE SKY COVER 0.1


WEATHER CONDITIONS
 THE FOLLOWING WEATHER WAS RECORDED TODAY.
  THUNDERSTORM
  LIGHT RAIN


RELATIVE HUMIDITY (PERCENT)
 HIGHEST    76           400 AM
 LOWEST     39           200 PM
 AVERAGE    58

..........................................................


THE ST CLOUD MN CLIMATE NORMALS FOR TOMORROW
                         NORMAL    RECORD    YEAR
 MAXIMUM TEMPERATURE (F)   61        87      1962
 MINIMUM TEMPERATURE (F)   36        18      1956


SUNRISE AND SUNSET
APRIL 23 2016.........SUNRISE   616 AM CDT   SUNSET   814 PM CDT
APRIL 24 2016.........SUNRISE   614 AM CDT   SUNSET   815 PM CDT


-  INDICATES NEGATIVE NUMBERS.
R  INDICATES RECORD WAS SET OR TIED.
MM INDICATES DATA IS MISSING.
T  INDICATES TRACE AMOUNT.




$$
