000
CDUS43 KMPX 280731
CLISTC


CLIMATE REPORT
NATIONAL WEATHER SERVICE CHANHASSEN MN
230 AM CDT SUN JUN 28 2015


...................................

...THE ST CLOUD MN CLIMATE SUMMARY FOR JUNE 27 2015...

CLIMATE NORMAL PERIOD 1981 TO 2010
CLIMATE RECORD PERIOD 1893 TO 2015


WEATHER ITEM   OBSERVED TIME   RECORD YEAR NORMAL DEPARTURE LAST
                VALUE   (LST)  VALUE       VALUE  FROM      YEAR
                                                  NORMAL
..................................................................
TEMPERATURE (F)
 YESTERDAY
  MAXIMUM         83    354 PM  99    1934  81      2       83
  MINIMUM         53    459 AM  37    1992  57     -4       70
  AVERAGE         68                        69     -1       77

PRECIPITATION (IN)
  YESTERDAY        0.13          3.35 1920   0.14  -0.01     0.02
  MONTH TO DATE    4.60                      3.76   0.84     6.15
  SINCE JUN 1      4.60                      3.76   0.84     6.15
  SINCE JAN 1     13.27                     12.07   1.20    22.50

SNOWFALL (IN)
  YESTERDAY        0.0           0.0    MM   0.0    0.0      0.0
  MONTH TO DATE    0.0                       0.0    0.0      0.0
  SINCE JUN 1      0.0                       0.0    0.0      0.0
  SINCE JUL 1     31.1                      45.7  -14.6     75.5
  SNOW DEPTH       0

DEGREE DAYS
 HEATING
  YESTERDAY        0                         1     -1        0
  MONTH TO DATE   28                        75    -47       26
  SINCE JUN 1     28                        75    -47       26
  SINCE JUL 1   8143                      8529   -386     9524

 COOLING
  YESTERDAY        3                         5     -2       12
  MONTH TO DATE   56                        80    -24      104
  SINCE JUN 1     56                        80    -24      104
  SINCE JAN 1     61                       105    -44      148
..................................................................


WIND (MPH)
  HIGHEST WIND SPEED    22   HIGHEST WIND DIRECTION    NW (300)
  HIGHEST GUST SPEED    28   HIGHEST GUST DIRECTION    NW (300)
  AVERAGE WIND SPEED     4.5


SKY COVER
  POSSIBLE SUNSHINE  MM
  AVERAGE SKY COVER 0.1


WEATHER CONDITIONS
 THE FOLLOWING WEATHER WAS RECORDED YESTERDAY.
  THUNDERSTORM
  LIGHT RAIN
  FOG
  FOG W/VISIBILITY <= 1/4 MILE


RELATIVE HUMIDITY (PERCENT)
 HIGHEST   100           200 AM
 LOWEST     37           200 PM
 AVERAGE    69

..........................................................


THE ST CLOUD MN CLIMATE NORMALS FOR TODAY
                         NORMAL    RECORD    YEAR
 MAXIMUM TEMPERATURE (F)   81       102      1931
 MINIMUM TEMPERATURE (F)   57        44      1911
                                             1895


SUNRISE AND SUNSET
JUNE 28 2015..........SUNRISE   530 AM CDT   SUNSET   909 PM CDT
JUNE 29 2015..........SUNRISE   530 AM CDT   SUNSET   909 PM CDT


-  INDICATES NEGATIVE NUMBERS.
R  INDICATES RECORD WAS SET OR TIED.
MM INDICATES DATA IS MISSING.
T  INDICATES TRACE AMOUNT.




$$
