000
CDUS43 KMPX 190711
CLISTC


CLIMATE REPORT
NATIONAL WEATHER SERVICE CHANHASSEN MN
110 AM CST WED NOV 19 2014


...................................

...THE ST CLOUD MN CLIMATE SUMMARY FOR NOVEMBER 18 2014...

CLIMATE NORMAL PERIOD 1981 TO 2010
CLIMATE RECORD PERIOD 1893 TO 2014


WEATHER ITEM   OBSERVED TIME   RECORD YEAR NORMAL DEPARTURE LAST
                VALUE   (LST)  VALUE       VALUE  FROM      YEAR
                                                  NORMAL
..................................................................
TEMPERATURE (F)
 YESTERDAY
  MAXIMUM         18   1103 PM  65    1904  37    -19       33
  MINIMUM          5    634 AM  -7    1932  20    -15       17
  AVERAGE         12                        29    -17       25

PRECIPITATION (IN)
  YESTERDAY        0.02          0.51 1922   0.04  -0.02     0.00
  MONTH TO DATE    1.63                      0.88   0.75     0.53
  SINCE SEP 1      6.34                      6.83  -0.49     6.74
  SINCE JAN 1     35.71                     26.41   9.30    27.07

SNOWFALL (IN)
  YESTERDAY        1.1           2.8  1957   0.3    0.8      0.0
  MONTH TO DATE   15.4                       4.1   11.3      2.8
  SINCE SEP 1     15.4                       4.9   10.5      3.6
  SINCE JUL 1     15.4                       4.9   10.5      3.6
  SNOW DEPTH       6

DEGREE DAYS
 HEATING
  YESTERDAY       53                        36     17       40
  MONTH TO DATE  688                       560    128      566
  SINCE SEP 1   1355                      1387    -32     1309
  SINCE JUL 1   1364                      1445    -81     1358

 COOLING
  YESTERDAY        0                         0      0        0
  MONTH TO DATE    0                         0      0        0
  SINCE SEP 1     43                        36      7       74
  SINCE JAN 1    597                       465    132      578
..................................................................


WIND (MPH)
  HIGHEST WIND SPEED    20   HIGHEST WIND DIRECTION    NW (300)
  HIGHEST GUST SPEED    25   HIGHEST GUST DIRECTION    NW (300)
  AVERAGE WIND SPEED     9.9


SKY COVER
  POSSIBLE SUNSHINE  MM
  AVERAGE SKY COVER 0.8


WEATHER CONDITIONS
 THE FOLLOWING WEATHER WAS RECORDED YESTERDAY.
  LIGHT SNOW
  FOG


RELATIVE HUMIDITY (PERCENT)
 HIGHEST    80          1100 PM
 LOWEST     56           200 PM
 AVERAGE    68

..........................................................


THE ST CLOUD MN CLIMATE NORMALS FOR TODAY
                         NORMAL    RECORD    YEAR
 MAXIMUM TEMPERATURE (F)   37        59      1924
 MINIMUM TEMPERATURE (F)   20        -6      1911


SUNRISE AND SUNSET
NOVEMBER 19 2014......SUNRISE   721 AM CST   SUNSET   442 PM CST
NOVEMBER 20 2014......SUNRISE   722 AM CST   SUNSET   441 PM CST


-  INDICATES NEGATIVE NUMBERS.
R  INDICATES RECORD WAS SET OR TIED.
MM INDICATES DATA IS MISSING.
T  INDICATES TRACE AMOUNT.




$$
