000
CDUS43 KMPX 260629
CLISTC


CLIMATE REPORT
NATIONAL WEATHER SERVICE CHANHASSEN MN
1229 AM CST MON JAN 26 2015


...................................

...THE ST CLOUD MN CLIMATE SUMMARY FOR JANUARY 25 2015...

CLIMATE NORMAL PERIOD 1981 TO 2010
CLIMATE RECORD PERIOD 1893 TO 2015


WEATHER ITEM   OBSERVED TIME   RECORD YEAR NORMAL DEPARTURE LAST
                VALUE   (LST)  VALUE       VALUE  FROM      YEAR
                                                  NORMAL
..................................................................
TEMPERATURE (F)
 YESTERDAY
  MAXIMUM         32   1224 AM  53    1944  22     10       19
  MINIMUM         20    936 AM -37    1904   2     18       -1
  AVERAGE         26                        12     14        9

PRECIPITATION (IN)
  YESTERDAY        0.00          0.35 1920   0.01  -0.01     0.12
  MONTH TO DATE    0.23                      0.54  -0.31     1.09
  SINCE DEC 1      0.98                      1.36  -0.38     2.86
  SINCE JAN 1      0.23                      0.54  -0.31     1.09

SNOWFALL (IN)
  YESTERDAY        0.0           4.0  1920   0.3   -0.3      1.6
  MONTH TO DATE    2.4                       7.2   -4.8     14.8
  SINCE DEC 1      4.9                      16.6  -11.7     35.2
  SINCE JUL 1     22.5                      25.8   -3.3     38.8
  SNOW DEPTH       1

DEGREE DAYS
 HEATING
  YESTERDAY       39                        53    -14       56
  MONTH TO DATE 1264                      1340    -76     1461
  SINCE DEC 1   2526                      2862   -336     3276
  SINCE JUL 1   4458                      4787   -329     5149

 COOLING
  YESTERDAY        0                         0      0        0
  MONTH TO DATE    0                         0      0        0
  SINCE DEC 1      0                         0      0        0
  SINCE JAN 1      0                         0      0        0
..................................................................


WIND (MPH)
  HIGHEST WIND SPEED    16   HIGHEST WIND DIRECTION    NE (50)
  HIGHEST GUST SPEED    23   HIGHEST GUST DIRECTION    NE (50)
  AVERAGE WIND SPEED     6.0


SKY COVER
  POSSIBLE SUNSHINE  MM
  AVERAGE SKY COVER 0.6


WEATHER CONDITIONS
 THE FOLLOWING WEATHER WAS RECORDED YESTERDAY.
  NO SIGNIFICANT WEATHER WAS OBSERVED.


RELATIVE HUMIDITY (PERCENT)
 HIGHEST    85          1200 AM
 LOWEST     57           300 PM
 AVERAGE    71

..........................................................


THE ST CLOUD MN CLIMATE NORMALS FOR TODAY
                         NORMAL    RECORD    YEAR
 MAXIMUM TEMPERATURE (F)   22        49      1931
 MINIMUM TEMPERATURE (F)    2       -28      1950


SUNRISE AND SUNSET
JANUARY 26 2015.......SUNRISE   744 AM CST   SUNSET   514 PM CST
JANUARY 27 2015.......SUNRISE   743 AM CST   SUNSET   515 PM CST


-  INDICATES NEGATIVE NUMBERS.
R  INDICATES RECORD WAS SET OR TIED.
MM INDICATES DATA IS MISSING.
T  INDICATES TRACE AMOUNT.




$$
