000
CDUS43 KMPX 280026
CLISTC


CLIMATE REPORT
NATIONAL WEATHER SERVICE CHANHASSEN MN
625 PM CST FRI FEB 27 2015


...................................

...THE ST CLOUD MN CLIMATE SUMMARY FOR FEBRUARY 27 2015...
VALID TODAY AS OF 0600 PM LOCAL TIME.

CLIMATE NORMAL PERIOD 1981 TO 2010
CLIMATE RECORD PERIOD 1893 TO 2015


WEATHER ITEM   OBSERVED TIME   RECORD YEAR NORMAL DEPARTURE LAST
                VALUE   (LST)  VALUE       VALUE  FROM      YEAR
                                                  NORMAL
..................................................................
TEMPERATURE (F)
 TODAY
  MAXIMUM         17    440 PM  58    1932  31    -14       -1
  MINIMUM         -8    723 AM -20    2014  12    -20      -20
                                      1962
                                      1919
  AVERAGE          5                        22    -17      -10

PRECIPITATION (IN)
  TODAY            0.00          0.99 1948   0.03  -0.03     0.00
  MONTH TO DATE    0.35                      0.56  -0.21     1.17
  SINCE DEC 1      1.34                      2.03  -0.69     4.28
  SINCE JAN 1      0.59                      1.21  -0.62     2.51

SNOWFALL (IN)
  TODAY            0.0           3.6  1959   0.3   -0.3      0.0
  MONTH TO DATE    4.2                       6.7   -2.5     13.5
  SINCE DEC 1      9.2                      24.7  -15.5     50.7
  SINCE JUL 1     26.8                      33.9   -7.1     54.3
  SNOW DEPTH       1

DEGREE DAYS
 HEATING
  TODAY           60                        43     17       75
  MONTH TO DATE 1513                      1300    213     1597
  SINCE DEC 1   4270                      4477   -207     5274
  SINCE JUL 1   6202                      6402   -200     7147

 COOLING
  TODAY            0                         0      0        0
  MONTH TO DATE    0                         0      0        0
  SINCE DEC 1      0                         0      0        0
  SINCE JAN 1      0                         0      0        0
..................................................................


WIND (MPH)
  HIGHEST WIND SPEED    13   HIGHEST WIND DIRECTION    SW (210)
  HIGHEST GUST SPEED    15   HIGHEST GUST DIRECTION     W (250)
  AVERAGE WIND SPEED     5.5


SKY COVER
  POSSIBLE SUNSHINE  MM
  AVERAGE SKY COVER 0.0


WEATHER CONDITIONS
 THE FOLLOWING WEATHER WAS RECORDED TODAY.
  NO SIGNIFICANT WEATHER WAS OBSERVED.


RELATIVE HUMIDITY (PERCENT)
 HIGHEST    82           300 AM
 LOWEST     42           500 PM
 AVERAGE    62

..........................................................


THE ST CLOUD MN CLIMATE NORMALS FOR TOMORROW
                         NORMAL    RECORD    YEAR
 MAXIMUM TEMPERATURE (F)   32        56      1932
 MINIMUM TEMPERATURE (F)   13       -29      1962


SUNRISE AND SUNSET
FEBRUARY 27 2015......SUNRISE   659 AM CST   SUNSET   600 PM CST
FEBRUARY 28 2015......SUNRISE   657 AM CST   SUNSET   602 PM CST


-  INDICATES NEGATIVE NUMBERS.
R  INDICATES RECORD WAS SET OR TIED.
MM INDICATES DATA IS MISSING.
T  INDICATES TRACE AMOUNT.




$$
