000
CDUS43 KMPX 070726
CLISTC


CLIMATE REPORT
NATIONAL WEATHER SERVICE CHANHASSEN MN
226 AM CDT SAT OCT 7 2017


...................................

...THE ST CLOUD MN CLIMATE SUMMARY FOR OCTOBER 6 2017...

CLIMATE NORMAL PERIOD 1981 TO 2010
CLIMATE RECORD PERIOD 1893 TO 2017


WEATHER ITEM   OBSERVED TIME   RECORD YEAR NORMAL DEPARTURE LAST
                VALUE   (LST)  VALUE       VALUE  FROM      YEAR
                                                  NORMAL
..................................................................
TEMPERATURE (F)
 YESTERDAY
  MAXIMUM         56    109 PM  85    2007  62     -6       57
  MINIMUM         40    549 AM  18    1976  38      2       37
  AVERAGE         48                        50     -2       47

PRECIPITATION (IN)
  YESTERDAY        0.25          1.83 1982   0.09   0.16     0.55
  MONTH TO DATE    3.62                      0.59   3.03     1.51
  SINCE SEP 1      6.55                      4.05   2.50     4.59
  SINCE JAN 1     27.48                     23.63   3.85    29.41

SNOWFALL (IN)
  YESTERDAY        0.0           T    1952   0.0    0.0      0.0
  MONTH TO DATE    0.0                       0.0    0.0      0.0
  SINCE SEP 1      0.0                       T      0.0      0.0
  SINCE JUL 1      0.0                       T      0.0      0.0
  SNOW DEPTH       0

DEGREE DAYS
 HEATING
  YESTERDAY       17                        15      2       18
  MONTH TO DATE   72                        86    -14       40
  SINCE SEP 1    211                       314   -103      158
  SINCE JUL 1    251                       372   -121      180

 COOLING
  YESTERDAY        0                         0      0        0
  MONTH TO DATE    0                         0      0        0
  SINCE SEP 1     71                        34     37       28
  SINCE JAN 1    361                       463   -102      506
..................................................................


WIND (MPH)
  HIGHEST WIND SPEED    14   HIGHEST WIND DIRECTION     N (340)
  HIGHEST GUST SPEED    17   HIGHEST GUST DIRECTION     N (360)
  AVERAGE WIND SPEED     3.3


SKY COVER
  POSSIBLE SUNSHINE  MM
  AVERAGE SKY COVER 0.8


WEATHER CONDITIONS
 THE FOLLOWING WEATHER WAS RECORDED YESTERDAY.
  RAIN
  LIGHT RAIN
  FOG
  FOG W/VISIBILITY <= 1/4 MILE


RELATIVE HUMIDITY (PERCENT)
 HIGHEST   100          1200 AM
 LOWEST     86          1200 PM
 AVERAGE    93

..........................................................


THE ST CLOUD MN CLIMATE NORMALS FOR TODAY
                         NORMAL    RECORD    YEAR
 MAXIMUM TEMPERATURE (F)   61        86      2003
 MINIMUM TEMPERATURE (F)   38        19      1976


SUNRISE AND SUNSET
OCTOBER  7 2017.......SUNRISE   723 AM CDT   SUNSET   645 PM CDT
OCTOBER  8 2017.......SUNRISE   724 AM CDT   SUNSET   643 PM CDT


-  INDICATES NEGATIVE NUMBERS.
R  INDICATES RECORD WAS SET OR TIED.
MM INDICATES DATA IS MISSING.
T  INDICATES TRACE AMOUNT.




$$
