673
CDUS43 KMPX 210720
CLISTC


CLIMATE REPORT
NATIONAL WEATHER SERVICE CHANHASSEN MN
219 AM CDT FRI APR 21 2017


...................................

...THE ST CLOUD MN CLIMATE SUMMARY FOR APRIL 20 2017...

CLIMATE NORMAL PERIOD 1981 TO 2010
CLIMATE RECORD PERIOD 1893 TO 2017


WEATHER ITEM   OBSERVED TIME   RECORD YEAR NORMAL DEPARTURE LAST
                VALUE   (LST)  VALUE       VALUE  FROM      YEAR
                                                  NORMAL
..................................................................
TEMPERATURE (F)
 YESTERDAY
  MAXIMUM         49    552 PM  84    1980  59    -10       67
  MINIMUM         36   1101 PM  16    2013  35      1       50
  AVERAGE         43                        47     -4       59

PRECIPITATION (IN)
  YESTERDAY        0.14          1.08 1917   0.09   0.05     0.02
  MONTH TO DATE    2.08                      1.58   0.50     0.37
  SINCE MAR 1      2.75                      3.13  -0.38     1.87
  SINCE JAN 1      4.07                      4.37  -0.30     2.81

SNOWFALL (IN)
  YESTERDAY        0.0           4.1  1924   0.1   -0.1      0.0
  MONTH TO DATE    0.0                       2.4   -2.4      1.6
  SINCE MAR 1      2.0                      10.9   -8.9      4.6
  SINCE JUL 1     30.9                      45.1  -14.2     30.3
  SNOW DEPTH       0

DEGREE DAYS
 HEATING
  YESTERDAY       22                        18      4        6
  MONTH TO DATE  355                       460   -105      432
  SINCE MAR 1   1415                      1564   -149     1249
  SINCE JUL 1   6771                      8010  -1239     6700

 COOLING
  YESTERDAY        0                         0      0        0
  MONTH TO DATE    0                         0      0        5
  SINCE MAR 1      0                         0      0        5
  SINCE JAN 1      0                         0      0        5
..................................................................


WIND (MPH)
  HIGHEST WIND SPEED    21   HIGHEST WIND DIRECTION     N (350)
  HIGHEST GUST SPEED    27   HIGHEST GUST DIRECTION     N (350)
  AVERAGE WIND SPEED     8.1


SKY COVER
  POSSIBLE SUNSHINE  MM
  AVERAGE SKY COVER 0.8


WEATHER CONDITIONS
 THE FOLLOWING WEATHER WAS RECORDED YESTERDAY.
  HEAVY RAIN
  LIGHT RAIN
  LIGHT SNOW
  FOG


RELATIVE HUMIDITY (PERCENT)
 HIGHEST   100          1200 AM
 LOWEST     71           500 PM
 AVERAGE    86

..........................................................


THE ST CLOUD MN CLIMATE NORMALS FOR TODAY
                         NORMAL    RECORD    YEAR
 MAXIMUM TEMPERATURE (F)   60        96      1980
 MINIMUM TEMPERATURE (F)   35        21      1950
                                             1936


SUNRISE AND SUNSET
APRIL 21 2017.........SUNRISE   620 AM CDT   SUNSET   811 PM CDT
APRIL 22 2017.........SUNRISE   618 AM CDT   SUNSET   812 PM CDT


-  INDICATES NEGATIVE NUMBERS.
R  INDICATES RECORD WAS SET OR TIED.
MM INDICATES DATA IS MISSING.
T  INDICATES TRACE AMOUNT.




$$
