000
CDUS43 KMPX 230713
CLISTC


CLIMATE REPORT
NATIONAL WEATHER SERVICE CHANHASSEN MN
212 AM CDT WED AUG 23 2017


...................................

...THE ST CLOUD MN CLIMATE SUMMARY FOR AUGUST 22 2017...

CLIMATE NORMAL PERIOD 1981 TO 2010
CLIMATE RECORD PERIOD 1893 TO 2017


WEATHER ITEM   OBSERVED TIME   RECORD YEAR NORMAL DEPARTURE LAST
                VALUE   (LST)  VALUE       VALUE  FROM      YEAR
                                                  NORMAL
..................................................................
TEMPERATURE (F)
 YESTERDAY
  MAXIMUM         74    240 PM  97    1971  79     -5       82
  MINIMUM         53    608 AM  42    1950  55     -2       54
                                      1945
                                      1908
  AVERAGE         64                        67     -3       68

PRECIPITATION (IN)
  YESTERDAY        0.00          2.15 1900   0.12  -0.12     0.00
  MONTH TO DATE    4.19                      2.59   1.60     4.17
  SINCE JUN 1     10.15                     10.07   0.08    14.28
  SINCE JAN 1     19.85                     18.38   1.47    20.63

SNOWFALL (IN)
  YESTERDAY        0.0           0.0    MM   0.0    0.0      0.0
  MONTH TO DATE    0.0                       0.0    0.0      0.0
  SINCE JUN 1      0.0                       0.0    0.0      0.0
  SINCE JUL 1      0.0                       0.0    0.0      0.0
  SNOW DEPTH       0

DEGREE DAYS
 HEATING
  YESTERDAY        1                         1      0        0
  MONTH TO DATE   22                        22      0        5
  SINCE JUN 1     67                       117    -50       45
  SINCE JUL 1     26                        39    -13       12

 COOLING
  YESTERDAY        0                         3     -3        3
  MONTH TO DATE   23                       100    -77      124
  SINCE JUN 1    279                       377    -98      414
  SINCE JAN 1    282                       402   -120      445
..................................................................


WIND (MPH)
  HIGHEST WIND SPEED    24   HIGHEST WIND DIRECTION     W (290)
  HIGHEST GUST SPEED    30   HIGHEST GUST DIRECTION    NW (310)
  AVERAGE WIND SPEED    11.5


SKY COVER
  POSSIBLE SUNSHINE  MM
  AVERAGE SKY COVER 0.1


WEATHER CONDITIONS
 THE FOLLOWING WEATHER WAS RECORDED YESTERDAY.
  NO SIGNIFICANT WEATHER WAS OBSERVED.


RELATIVE HUMIDITY (PERCENT)
 HIGHEST   100           500 AM
 LOWEST     38           200 PM
 AVERAGE    69

..........................................................


THE ST CLOUD MN CLIMATE NORMALS FOR TODAY
                         NORMAL    RECORD    YEAR
 MAXIMUM TEMPERATURE (F)   79        95      1947
 MINIMUM TEMPERATURE (F)   55        39      1934


SUNRISE AND SUNSET
AUGUST 23 2017........SUNRISE   627 AM CDT   SUNSET   810 PM CDT
AUGUST 24 2017........SUNRISE   628 AM CDT   SUNSET   808 PM CDT


-  INDICATES NEGATIVE NUMBERS.
R  INDICATES RECORD WAS SET OR TIED.
MM INDICATES DATA IS MISSING.
T  INDICATES TRACE AMOUNT.




$$
