000
CDUS43 KMPX 210727
CLISTC


CLIMATE REPORT
NATIONAL WEATHER SERVICE CHANHASSEN MN
227 AM CDT TUE OCT 21 2014


...................................

...THE ST CLOUD MN CLIMATE SUMMARY FOR OCTOBER 20 2014...

CLIMATE NORMAL PERIOD 1981 TO 2010
CLIMATE RECORD PERIOD 1893 TO 2014


WEATHER ITEM   OBSERVED TIME   RECORD YEAR NORMAL DEPARTURE LAST
                VALUE   (LST)  VALUE       VALUE  FROM      YEAR
                                                  NORMAL
..................................................................
TEMPERATURE (F)
 YESTERDAY
  MAXIMUM         66    320 PM  81    1953  55     11       36
  MINIMUM         38   1159 PM  17    1989  34      4       29
  AVERAGE         52                        44      8       33

PRECIPITATION (IN)
  YESTERDAY        0.00          0.82 1904   0.07  -0.07     0.27
  MONTH TO DATE    0.45                      1.79  -1.34     4.27
  SINCE SEP 1      4.51                      5.25  -0.74     6.14
  SINCE JAN 1     33.88                     24.83   9.05    26.47

SNOWFALL (IN)
  YESTERDAY        0.0           5.8  1936   0.1   -0.1      0.8
  MONTH TO DATE    0.0                       0.3   -0.3      0.8
  SINCE SEP 1      0.0                       0.3   -0.3      0.8
  SINCE JUL 1      0.0                       0.3   -0.3      0.8
  SNOW DEPTH       0

DEGREE DAYS
 HEATING
  YESTERDAY       13                        21     -8       32
  MONTH TO DATE  320                       342    -22      299
  SINCE SEP 1    472                       570    -98      428
  SINCE JUL 1    481                       628   -147      477

 COOLING
  YESTERDAY        0                         0      0        0
  MONTH TO DATE    0                         0      0        0
  SINCE SEP 1     43                        34      9       74
  SINCE JAN 1    597                       463    134      578
..................................................................


WIND (MPH)
  HIGHEST WIND SPEED    16   HIGHEST WIND DIRECTION     N (340)
  HIGHEST GUST SPEED    21   HIGHEST GUST DIRECTION    NW (310)
  AVERAGE WIND SPEED     5.9


SKY COVER
  POSSIBLE SUNSHINE  MM
  AVERAGE SKY COVER 0.0


WEATHER CONDITIONS
 THE FOLLOWING WEATHER WAS RECORDED YESTERDAY.
  NO SIGNIFICANT WEATHER WAS OBSERVED.


RELATIVE HUMIDITY (PERCENT)
 HIGHEST    83           600 AM
 LOWEST     40           200 PM
 AVERAGE    62

..........................................................


THE ST CLOUD MN CLIMATE NORMALS FOR TODAY
                         NORMAL    RECORD    YEAR
 MAXIMUM TEMPERATURE (F)   54        87      1947
 MINIMUM TEMPERATURE (F)   33        11      1913


SUNRISE AND SUNSET
OCTOBER 21 2014.......SUNRISE   741 AM CDT   SUNSET   620 PM CDT
OCTOBER 22 2014.......SUNRISE   742 AM CDT   SUNSET   619 PM CDT


-  INDICATES NEGATIVE NUMBERS.
R  INDICATES RECORD WAS SET OR TIED.
MM INDICATES DATA IS MISSING.
T  INDICATES TRACE AMOUNT.




$$
