000
CDUS43 KMPX 180640
CLISTC


CLIMATE REPORT
NATIONAL WEATHER SERVICE CHANHASSEN MN
140 AM CDT SAT OCT 18 2014


...................................

...THE ST CLOUD MN CLIMATE SUMMARY FOR OCTOBER 17 2014...

CLIMATE NORMAL PERIOD 1981 TO 2010
CLIMATE RECORD PERIOD 1893 TO 2014


WEATHER ITEM   OBSERVED TIME   RECORD YEAR NORMAL DEPARTURE LAST
                VALUE   (LST)  VALUE       VALUE  FROM      YEAR
                                                  NORMAL
..................................................................
TEMPERATURE (F)
 YESTERDAY
  MAXIMUM         58    413 PM  87    1910  56      2       50
  MINIMUM         46    659 PM  10    1952  35     11       35
  AVERAGE         52                        46      6       43

PRECIPITATION (IN)
  YESTERDAY        0.00          1.60 1968   0.09  -0.09     0.25
  MONTH TO DATE    0.45                      1.56  -1.11     3.93
  SINCE SEP 1      4.51                      5.02  -0.51     5.80
  SINCE JAN 1     33.88                     24.60   9.28    26.13

SNOWFALL (IN)
  YESTERDAY        0.0           1.8  2002   0.1   -0.1      0.0
  MONTH TO DATE    0.0                       0.2   -0.2      0.0
  SINCE SEP 1      0.0                       0.2   -0.2      0.0
  SINCE JUL 1      0.0                       0.2   -0.2      0.0
  SNOW DEPTH       0

DEGREE DAYS
 HEATING
  YESTERDAY       13                        20     -7       22
  MONTH TO DATE  276                       281     -5      217
  SINCE SEP 1    428                       509    -81      346
  SINCE JUL 1    437                       567   -130      395

 COOLING
  YESTERDAY        0                         0      0        0
  MONTH TO DATE    0                         0      0        0
  SINCE SEP 1     43                        34      9       74
  SINCE JAN 1    597                       463    134      578
..................................................................


WIND (MPH)
  HIGHEST WIND SPEED    29   HIGHEST WIND DIRECTION    NW (310)
  HIGHEST GUST SPEED    33   HIGHEST GUST DIRECTION    NW (310)
  AVERAGE WIND SPEED    13.9


SKY COVER
  POSSIBLE SUNSHINE  MM
  AVERAGE SKY COVER 0.8


WEATHER CONDITIONS
 THE FOLLOWING WEATHER WAS RECORDED YESTERDAY.
  NO SIGNIFICANT WEATHER WAS OBSERVED.


RELATIVE HUMIDITY (PERCENT)
 HIGHEST    71           100 AM
 LOWEST     51           400 PM
 AVERAGE    61

..........................................................


THE ST CLOUD MN CLIMATE NORMALS FOR TODAY
                         NORMAL    RECORD    YEAR
 MAXIMUM TEMPERATURE (F)   56        80      1945
 MINIMUM TEMPERATURE (F)   34        14      1972


SUNRISE AND SUNSET
OCTOBER 18 2014.......SUNRISE   737 AM CDT   SUNSET   625 PM CDT
OCTOBER 19 2014.......SUNRISE   738 AM CDT   SUNSET   624 PM CDT


-  INDICATES NEGATIVE NUMBERS.
R  INDICATES RECORD WAS SET OR TIED.
MM INDICATES DATA IS MISSING.
T  INDICATES TRACE AMOUNT.




$$
