000
CDUS43 KMPX 150639
CLISTC


CLIMATE REPORT
NATIONAL WEATHER SERVICE CHANHASSEN MN
138 AM CDT THU SEP 15 2016


...................................

...THE ST CLOUD MN CLIMATE SUMMARY FOR SEPTEMBER 14 2016...

CLIMATE NORMAL PERIOD 1981 TO 2010
CLIMATE RECORD PERIOD 1893 TO 2016


WEATHER ITEM   OBSERVED TIME   RECORD YEAR NORMAL DEPARTURE LAST
                VALUE   (LST)  VALUE       VALUE  FROM      YEAR
                                                  NORMAL
..................................................................
TEMPERATURE (F)
 YESTERDAY
  MAXIMUM         66    454 PM  95    1939  71     -5       81
  MINIMUM         39    509 AM  31    1996  48     -9       55
  AVERAGE         53                        59     -6       68

PRECIPITATION (IN)
  YESTERDAY        0.00          1.75 1914   0.11  -0.11     0.00
  MONTH TO DATE    0.85                      1.76  -0.91     1.39
  SINCE SEP 1      0.85                      1.76  -0.91     1.39
  SINCE JAN 1     25.67                     21.34   4.33    25.00

SNOWFALL (IN)
  YESTERDAY        0.0           0.0    MM   0.0    0.0      0.0
  MONTH TO DATE    0.0                       0.0    0.0      0.0
  SINCE SEP 1      0.0                       0.0    0.0      0.0
  SINCE JUL 1      0.0                       0.0    0.0      0.0
  SNOW DEPTH       0

DEGREE DAYS
 HEATING
  YESTERDAY       12                         7      5        0
  MONTH TO DATE   31                        69    -38       42
  SINCE SEP 1     31                        69    -38       42
  SINCE JUL 1     53                       127    -74       94

 COOLING
  YESTERDAY        0                         1     -1        3
  MONTH TO DATE   26                        24      2       75
  SINCE SEP 1     26                        24      2       75
  SINCE JAN 1    504                       453     51      461
..................................................................


WIND (MPH)
  HIGHEST WIND SPEED     9   HIGHEST WIND DIRECTION     S (170)
  HIGHEST GUST SPEED    13   HIGHEST GUST DIRECTION     S (200)
  AVERAGE WIND SPEED     3.7


SKY COVER
  POSSIBLE SUNSHINE  MM
  AVERAGE SKY COVER 0.1


WEATHER CONDITIONS
 THE FOLLOWING WEATHER WAS RECORDED YESTERDAY.
  NO SIGNIFICANT WEATHER WAS OBSERVED.


RELATIVE HUMIDITY (PERCENT)
 HIGHEST   100          1200 AM
 LOWEST     43           300 PM
 AVERAGE    72

..........................................................


THE ST CLOUD MN CLIMATE NORMALS FOR TODAY
                         NORMAL    RECORD    YEAR
 MAXIMUM TEMPERATURE (F)   71        94      1948
 MINIMUM TEMPERATURE (F)   47        27      2007


SUNRISE AND SUNSET
SEPTEMBER 15 2016.....SUNRISE   655 AM CDT   SUNSET   726 PM CDT
SEPTEMBER 16 2016.....SUNRISE   657 AM CDT   SUNSET   724 PM CDT


-  INDICATES NEGATIVE NUMBERS.
R  INDICATES RECORD WAS SET OR TIED.
MM INDICATES DATA IS MISSING.
T  INDICATES TRACE AMOUNT.




$$
