000
CDUS43 KMPX 080627
CLISTC


CLIMATE REPORT
NATIONAL WEATHER SERVICE CHANHASSEN MN
1227 AM CST WED NOV 8 2017


...................................

...THE ST CLOUD MN CLIMATE SUMMARY FOR NOVEMBER 7 2017...

CLIMATE NORMAL PERIOD 1981 TO 2010
CLIMATE RECORD PERIOD 1893 TO 2017


WEATHER ITEM   OBSERVED TIME   RECORD YEAR NORMAL DEPARTURE LAST
                VALUE   (LST)  VALUE       VALUE  FROM      YEAR
                                                  NORMAL
..................................................................
TEMPERATURE (F)
 YESTERDAY
  MAXIMUM         32    258 PM  68    1949  44    -12       61
  MINIMUM         18    731 AM -10    1991  27     -9       46
  AVERAGE         25                        35    -10       54

PRECIPITATION (IN)
  YESTERDAY        0.00          0.58 1913   0.05  -0.05     0.00
  MONTH TO DATE    0.70                      0.35   0.35     0.00
  SINCE SEP 1      8.71                      6.30   2.41     5.76
  SINCE JAN 1     29.64                     25.88   3.76    30.58

SNOWFALL (IN)
  YESTERDAY        0.0           4.3  1943   0.2   -0.2      0.0
  MONTH TO DATE    4.6                       1.1    3.5      0.0
  SINCE SEP 1      6.0                       1.9    4.1      0.0
  SINCE JUL 1      6.0                       1.9    4.1      0.0
  SNOW DEPTH       0

DEGREE DAYS
 HEATING
  YESTERDAY       40                        30     10       11
  MONTH TO DATE  254                       195     59      102
  SINCE SEP 1    936                      1022    -86      712
  SINCE JUL 1    976                      1080   -104      734

 COOLING
  YESTERDAY        0                         0      0        0
  MONTH TO DATE    0                         0      0        0
  SINCE SEP 1     71                        36     35       28
  SINCE JAN 1    361                       465   -104      506
..................................................................


WIND (MPH)
  HIGHEST WIND SPEED    14   HIGHEST WIND DIRECTION     W (260)
  HIGHEST GUST SPEED    25   HIGHEST GUST DIRECTION    NW (330)
  AVERAGE WIND SPEED     7.2


SKY COVER
  POSSIBLE SUNSHINE  MM
  AVERAGE SKY COVER 0.3


WEATHER CONDITIONS
 THE FOLLOWING WEATHER WAS RECORDED YESTERDAY.
  NO SIGNIFICANT WEATHER WAS OBSERVED.


RELATIVE HUMIDITY (PERCENT)
 HIGHEST    84          1200 AM
 LOWEST     39          1200 PM
 AVERAGE    62

..........................................................


THE ST CLOUD MN CLIMATE NORMALS FOR TODAY
                         NORMAL    RECORD    YEAR
 MAXIMUM TEMPERATURE (F)   44        75      1999
 MINIMUM TEMPERATURE (F)   26        -5      1991


SUNRISE AND SUNSET
NOVEMBER  8 2017......SUNRISE   706 AM CST   SUNSET   453 PM CST
NOVEMBER  9 2017......SUNRISE   707 AM CST   SUNSET   452 PM CST


-  INDICATES NEGATIVE NUMBERS.
R  INDICATES RECORD WAS SET OR TIED.
MM INDICATES DATA IS MISSING.
T  INDICATES TRACE AMOUNT.




$$
