000
CDUS43 KMPX 070714
CLISTC


CLIMATE REPORT
NATIONAL WEATHER SERVICE CHANHASSEN MN
212 AM CDT MON JUL 7 2014


...................................

...THE ST CLOUD MN CLIMATE SUMMARY FOR JULY 6 2014...

CLIMATE NORMAL PERIOD 1981 TO 2010
CLIMATE RECORD PERIOD 1893 TO 2014


WEATHER ITEM   OBSERVED TIME   RECORD YEAR NORMAL DEPARTURE LAST
                VALUE   (LST)  VALUE       VALUE  FROM      YEAR
                                                  NORMAL
..................................................................
TEMPERATURE (F)
 YESTERDAY
  MAXIMUM         89    142 PM 105    1936  82      7       78
  MINIMUM         66   1159 PM  41    1942  58      8       69
  AVERAGE         78                        70      8       74

PRECIPITATION (IN)
  YESTERDAY        0.18          4.05 1897   0.11   0.07     0.04
  MONTH TO DATE    0.23                      0.70  -0.47     0.04
  SINCE JUN 1      6.41                      4.87   1.54     5.80
  SINCE JAN 1     22.76                     13.18   9.58    18.09

SNOWFALL (IN)
  YESTERDAY        0.0           0.0    MM   0.0    0.0      0.0
  MONTH TO DATE    0.0                       0.0    0.0      0.0
  SINCE JUN 1      0.0                       0.0    0.0      0.0
  SINCE JUL 1      0.0                       0.0    0.0      0.0
  SNOW DEPTH       0

DEGREE DAYS
 HEATING
  YESTERDAY        0                         1     -1        0
  MONTH TO DATE    0                         6     -6        0
  SINCE JUN 1     26                        84    -58       87
  SINCE JUL 1      0                         6     -6        0

 COOLING
  YESTERDAY       13                         6      7        9
  MONTH TO DATE   31                        35     -4       44
  SINCE JUN 1    164                       130     34      143
  SINCE JAN 1    208                       155     53      154
..................................................................


WIND (MPH)
  HIGHEST WIND SPEED    23   HIGHEST WIND DIRECTION    NW (310)
  HIGHEST GUST SPEED    29   HIGHEST GUST DIRECTION    NW (310)
  AVERAGE WIND SPEED    10.4


SKY COVER
  POSSIBLE SUNSHINE  MM
  AVERAGE SKY COVER 0.3


WEATHER CONDITIONS
 THE FOLLOWING WEATHER WAS RECORDED YESTERDAY.
  THUNDERSTORM
  RAIN
  LIGHT RAIN
  FOG


RELATIVE HUMIDITY (PERCENT)
 HIGHEST    90           700 AM
 LOWEST     47           100 PM
 AVERAGE    69

..........................................................


THE ST CLOUD MN CLIMATE NORMALS FOR TODAY
                         NORMAL    RECORD    YEAR
 MAXIMUM TEMPERATURE (F)   82       102      1936
 MINIMUM TEMPERATURE (F)   58        40      1972


SUNRISE AND SUNSET
JULY  7 2014..........SUNRISE   535 AM CDT   SUNSET   907 PM CDT
JULY  8 2014..........SUNRISE   536 AM CDT   SUNSET   906 PM CDT


-  INDICATES NEGATIVE NUMBERS.
R  INDICATES RECORD WAS SET OR TIED.
MM INDICATES DATA IS MISSING.
T  INDICATES TRACE AMOUNT.




$$
