000
CDUS43 KMPX 250631
CLISTC


CLIMATE REPORT
NATIONAL WEATHER SERVICE CHANHASSEN MN
128 AM CDT THU JUN 25 2015


...................................

...THE ST CLOUD MN CLIMATE SUMMARY FOR JUNE 24 2015...

CLIMATE NORMAL PERIOD 1981 TO 2010
CLIMATE RECORD PERIOD 1893 TO 2015


WEATHER ITEM   OBSERVED TIME   RECORD YEAR NORMAL DEPARTURE LAST
                VALUE   (LST)  VALUE       VALUE  FROM      YEAR
                                                  NORMAL
..................................................................
TEMPERATURE (F)
 YESTERDAY
  MAXIMUM         79    428 PM 102    1988  80     -1       83
  MINIMUM         55    423 AM  40    1972  56     -1       58
  AVERAGE         67                        68     -1       71

PRECIPITATION (IN)
  YESTERDAY        0.00          2.35 1923   0.14  -0.14     0.06
  MONTH TO DATE    4.45                      3.35   1.10     5.75
  SINCE JUN 1      4.45                      3.35   1.10     5.75
  SINCE JAN 1     13.12                     11.66   1.46    22.10

SNOWFALL (IN)
  YESTERDAY        0.0           0.0    MM   0.0    0.0      0.0
  MONTH TO DATE    0.0                       0.0    0.0      0.0
  SINCE JUN 1      0.0                       0.0    0.0      0.0
  SINCE JUL 1     31.1                      45.7  -14.6     75.5
  SNOW DEPTH       0

DEGREE DAYS
 HEATING
  YESTERDAY        0                         1     -1        0
  MONTH TO DATE   28                        72    -44       22
  SINCE JUN 1     28                        72    -44       22
  SINCE JUL 1   8143                      8526   -383     9520

 COOLING
  YESTERDAY        2                         4     -2        6
  MONTH TO DATE   44                        65    -21       88
  SINCE JUN 1     44                        65    -21       88
  SINCE JAN 1     49                        90    -41      132
..................................................................


WIND (MPH)
  HIGHEST WIND SPEED    14   HIGHEST WIND DIRECTION     S (200)
  HIGHEST GUST SPEED    20   HIGHEST GUST DIRECTION     S (200)
  AVERAGE WIND SPEED     4.5


SKY COVER
  POSSIBLE SUNSHINE  MM
  AVERAGE SKY COVER 0.1


WEATHER CONDITIONS
 THE FOLLOWING WEATHER WAS RECORDED YESTERDAY.
  FOG


RELATIVE HUMIDITY (PERCENT)
 HIGHEST   100           200 AM
 LOWEST     45           200 PM
 AVERAGE    73

..........................................................


THE ST CLOUD MN CLIMATE NORMALS FOR TODAY
                         NORMAL    RECORD    YEAR
 MAXIMUM TEMPERATURE (F)   80        97      1964
 MINIMUM TEMPERATURE (F)   56        40      1958


SUNRISE AND SUNSET
JUNE 25 2015..........SUNRISE   528 AM CDT   SUNSET   909 PM CDT
JUNE 26 2015..........SUNRISE   529 AM CDT   SUNSET   909 PM CDT


-  INDICATES NEGATIVE NUMBERS.
R  INDICATES RECORD WAS SET OR TIED.
MM INDICATES DATA IS MISSING.
T  INDICATES TRACE AMOUNT.




$$
