172
CDUS43 KMPX 260738
CLISTC


CLIMATE REPORT
NATIONAL WEATHER SERVICE CHANHASSEN MN
237 AM CDT THU MAY 26 2016


...................................

...THE ST CLOUD MN CLIMATE SUMMARY FOR MAY 25 2016...

CLIMATE NORMAL PERIOD 1981 TO 2010
CLIMATE RECORD PERIOD 1893 TO 2016


WEATHER ITEM   OBSERVED TIME   RECORD YEAR NORMAL DEPARTURE LAST
                VALUE   (LST)  VALUE       VALUE  FROM      YEAR
                                                  NORMAL
..................................................................
TEMPERATURE (F)
 YESTERDAY
  MAXIMUM         75    503 PM  93    1978  71      4       69
  MINIMUM         57    517 AM  31    1913  47     10       54
  AVERAGE         66                        59      7       62

PRECIPITATION (IN)
  YESTERDAY        0.58          2.30 1907   0.10   0.48     0.15
  MONTH TO DATE    1.51                      2.35  -0.84     5.85
  SINCE MAR 1      4.75                      6.47  -1.72     7.90
  SINCE JAN 1      5.69                      7.71  -2.02     8.49

SNOWFALL (IN)
  YESTERDAY        0.0           0.0    MM   0.0    0.0      0.0
  MONTH TO DATE    0.0                       0.0    0.0      0.0
  SINCE MAR 1      4.6                      11.5   -6.9      4.3
  SINCE JUL 1     30.3                      45.7  -15.4     31.1
  SNOW DEPTH       0

DEGREE DAYS
 HEATING
  YESTERDAY        0                         7     -7        3
  MONTH TO DATE  256                       251      5      264
  SINCE MAR 1   1678                      1972   -294     1816
  SINCE JUL 1   7129                      8418  -1289     8074

 COOLING
  YESTERDAY        1                         1      0        0
  MONTH TO DATE   18                        17      1        0
  SINCE MAR 1     23                        19      4        0
  SINCE JAN 1     23                        19      4        0
..................................................................


WIND (MPH)
  HIGHEST WIND SPEED    17   HIGHEST WIND DIRECTION     N (360)
  HIGHEST GUST SPEED    21   HIGHEST GUST DIRECTION     N (10)
  AVERAGE WIND SPEED     7.7


SKY COVER
  POSSIBLE SUNSHINE  MM
  AVERAGE SKY COVER 0.5


WEATHER CONDITIONS
 THE FOLLOWING WEATHER WAS RECORDED YESTERDAY.
  THUNDERSTORM
  HEAVY RAIN
  RAIN
  LIGHT RAIN
  FOG


RELATIVE HUMIDITY (PERCENT)
 HIGHEST   100          1100 AM
 LOWEST     67          1200 AM
 AVERAGE    84

..........................................................


THE ST CLOUD MN CLIMATE NORMALS FOR TODAY
                         NORMAL    RECORD    YEAR
 MAXIMUM TEMPERATURE (F)   72        93      1914
 MINIMUM TEMPERATURE (F)   47        30      1992


SUNRISE AND SUNSET
MAY 26 2016...........SUNRISE   534 AM CDT   SUNSET   853 PM CDT
MAY 27 2016...........SUNRISE   534 AM CDT   SUNSET   854 PM CDT


-  INDICATES NEGATIVE NUMBERS.
R  INDICATES RECORD WAS SET OR TIED.
MM INDICATES DATA IS MISSING.
T  INDICATES TRACE AMOUNT.




$$
