000
CDUS43 KMPX 190043
CLISTC


CLIMATE REPORT
NATIONAL WEATHER SERVICE CHANHASSEN MN
743 PM CDT SUN SEP 18 2016


...................................

...THE ST CLOUD MN CLIMATE SUMMARY FOR SEPTEMBER 18 2016...
VALID TODAY AS OF 0700 PM LOCAL TIME.

CLIMATE NORMAL PERIOD 1981 TO 2010
CLIMATE RECORD PERIOD 1893 TO 2016


WEATHER ITEM   OBSERVED TIME   RECORD YEAR NORMAL DEPARTURE LAST
                VALUE   (LST)  VALUE       VALUE  FROM      YEAR
                                                  NORMAL
..................................................................
TEMPERATURE (F)
 TODAY
  MAXIMUM         80    243 PM  88    2000  69     11       63
                                      1998
                                      1984
  MINIMUM         47    158 AM  29    1993  46      1       48
  AVERAGE         64                        58      6       56

PRECIPITATION (IN)
  TODAY            0.00          1.84 1963   0.11  -0.11     0.01
  MONTH TO DATE    1.60                      2.22  -0.62     2.05
  SINCE SEP 1      1.60                      2.22  -0.62     2.05
  SINCE JAN 1     26.42                     21.80   4.62    25.66

SNOWFALL (IN)
  TODAY            0.0           T    1954   0.0    0.0      0.0
  MONTH TO DATE    0.0                       0.0    0.0      0.0
  SINCE SEP 1      0.0                       0.0    0.0      0.0
  SINCE JUL 1      0.0                       0.0    0.0      0.0
  SNOW DEPTH       0

DEGREE DAYS
 HEATING
  TODAY            1                         8     -7        9
  MONTH TO DATE   45                       100    -55       51
  SINCE SEP 1     45                       100    -55       51
  SINCE JUL 1     67                       158    -91      103

 COOLING
  TODAY            0                         1     -1        0
  MONTH TO DATE   26                        28     -2       95
  SINCE SEP 1     26                        28     -2       95
  SINCE JAN 1    504                       457     47      481
..................................................................


WIND (MPH)
  HIGHEST WIND SPEED    17   HIGHEST WIND DIRECTION     S (170)
  HIGHEST GUST SPEED    23   HIGHEST GUST DIRECTION     S (170)
  AVERAGE WIND SPEED     6.7


SKY COVER
  POSSIBLE SUNSHINE  MM
  AVERAGE SKY COVER 0.0


WEATHER CONDITIONS
 THE FOLLOWING WEATHER WAS RECORDED TODAY.
  NO SIGNIFICANT WEATHER WAS OBSERVED.


RELATIVE HUMIDITY (PERCENT)
 HIGHEST   100          1200 AM
 LOWEST     48           300 PM
 AVERAGE    74

..........................................................


THE ST CLOUD MN CLIMATE NORMALS FOR TOMORROW
                         NORMAL    RECORD    YEAR
 MAXIMUM TEMPERATURE (F)   69        94      1984
                                             1895
 MINIMUM TEMPERATURE (F)   45        28      1991


SUNRISE AND SUNSET
SEPTEMBER 18 2016.....SUNRISE   659 AM CDT   SUNSET   720 PM CDT
SEPTEMBER 19 2016.....SUNRISE   700 AM CDT   SUNSET   719 PM CDT


-  INDICATES NEGATIVE NUMBERS.
R  INDICATES RECORD WAS SET OR TIED.
MM INDICATES DATA IS MISSING.
T  INDICATES TRACE AMOUNT.




$$
