000
CDUS43 KMPX 100024
CLISTC


CLIMATE REPORT
NATIONAL WEATHER SERVICE CHANHASSEN MN
624 PM CST THU NOV 9 2017


...................................

...THE ST CLOUD MN CLIMATE SUMMARY FOR NOVEMBER 9 2017...
VALID TODAY AS OF 0600 PM LOCAL TIME.

CLIMATE NORMAL PERIOD 1981 TO 2010
CLIMATE RECORD PERIOD 1893 TO 2017


WEATHER ITEM   OBSERVED TIME   RECORD YEAR NORMAL DEPARTURE LAST
                VALUE   (LST)  VALUE       VALUE  FROM      YEAR
                                                  NORMAL
..................................................................
TEMPERATURE (F)
 TODAY
  MAXIMUM         25   1238 AM  68    1999  43    -18       60
  MINIMUM         13    806 AM   0    1979  26    -13       27
  AVERAGE         19                        34    -15       44

PRECIPITATION (IN)
  TODAY            T             2.02 1977   0.05  -0.05     0.00
  MONTH TO DATE    0.71                      0.45   0.26     0.00
  SINCE SEP 1      8.72                      6.40   2.32     5.76
  SINCE JAN 1     29.65                     25.98   3.67    30.58

SNOWFALL (IN)
  TODAY            T             3.0  1896   0.2   -0.2      0.0
  MONTH TO DATE    4.6                       1.5    3.1      0.0
  SINCE SEP 1      6.0                       2.3    3.7      0.0
  SINCE JUL 1      6.0                       2.3    3.7      0.0
  SNOW DEPTH       T

DEGREE DAYS
 HEATING
  TODAY           46                        31     15       21
  MONTH TO DATE  335                       256     79      143
  SINCE SEP 1   1017                      1083    -66      753
  SINCE JUL 1   1057                      1141    -84      775

 COOLING
  TODAY            0                         0      0        0
  MONTH TO DATE    0                         0      0        0
  SINCE SEP 1     71                        36     35       28
  SINCE JAN 1    361                       465   -104      506
..................................................................


WIND (MPH)
  HIGHEST WIND SPEED    28   HIGHEST WIND DIRECTION    NW (310)
  HIGHEST GUST SPEED    33   HIGHEST GUST DIRECTION    NW (330)
  AVERAGE WIND SPEED    15.8


SKY COVER
  POSSIBLE SUNSHINE  MM
  AVERAGE SKY COVER 0.5


WEATHER CONDITIONS
 THE FOLLOWING WEATHER WAS RECORDED TODAY.
  LIGHT SNOW


RELATIVE HUMIDITY (PERCENT)
 HIGHEST    84           200 AM
 LOWEST     46           400 PM
 AVERAGE    65

..........................................................


THE ST CLOUD MN CLIMATE NORMALS FOR TOMORROW
                         NORMAL    RECORD    YEAR
 MAXIMUM TEMPERATURE (F)   42        68      1909
 MINIMUM TEMPERATURE (F)   25        -1      1979


SUNRISE AND SUNSET
NOVEMBER  9 2017......SUNRISE   707 AM CST   SUNSET   452 PM CST
NOVEMBER 10 2017......SUNRISE   709 AM CST   SUNSET   451 PM CST


-  INDICATES NEGATIVE NUMBERS.
R  INDICATES RECORD WAS SET OR TIED.
MM INDICATES DATA IS MISSING.
T  INDICATES TRACE AMOUNT.




$$
