727
CDUS43 KMPX 120809
CLISTC


CLIMATE REPORT
NATIONAL WEATHER SERVICE CHANHASSEN MN
308 AM CDT TUE MAY 12 2015


...................................

...THE ST CLOUD MN CLIMATE SUMMARY FOR MAY 11 2015...

CLIMATE NORMAL PERIOD 1981 TO 2010
CLIMATE RECORD PERIOD 1893 TO 2015


WEATHER ITEM   OBSERVED TIME   RECORD YEAR NORMAL DEPARTURE LAST
                VALUE   (LST)  VALUE       VALUE  FROM      YEAR
                                                  NORMAL
..................................................................
TEMPERATURE (F)
 YESTERDAY
  MAXIMUM         49    537 PM  90    1911  68    -19       71
                                      1900
  MINIMUM         39   1159 PM  19    1946  43     -4       46
  AVERAGE         44                        55    -11       59

PRECIPITATION (IN)
  YESTERDAY        0.09          1.72 1937   0.09   0.00     0.28
  MONTH TO DATE    1.82                      1.05   0.77     2.96
  SINCE MAR 1      3.87                      5.17  -1.30    10.06
  SINCE JAN 1      4.46                      6.41  -1.95    12.57

SNOWFALL (IN)
  YESTERDAY        0.0           0.3  1946   0.0    0.0      0.0
  MONTH TO DATE    0.0                       0.0    0.0      0.0
  SINCE MAR 1      4.3                      11.5   -7.2     21.2
  SINCE JUL 1     31.1                      45.7  -14.6     75.5
  SNOW DEPTH       0

DEGREE DAYS
 HEATING
  YESTERDAY       21                        10     11        6
  MONTH TO DATE  106                       132    -26      137
  SINCE MAR 1   1658                      1853   -195     2160
  SINCE JUL 1   7916                      8299   -383     9369

 COOLING
  YESTERDAY        0                         1     -1        0
  MONTH TO DATE    0                         3     -3        0
  SINCE MAR 1      0                         5     -5        0
  SINCE JAN 1      0                         5     -5        0
..................................................................


WIND (MPH)
  HIGHEST WIND SPEED    20   HIGHEST WIND DIRECTION    NW (310)
  HIGHEST GUST SPEED    26   HIGHEST GUST DIRECTION    NW (310)
  AVERAGE WIND SPEED    10.1


SKY COVER
  POSSIBLE SUNSHINE  MM
  AVERAGE SKY COVER 0.9


WEATHER CONDITIONS
 THE FOLLOWING WEATHER WAS RECORDED YESTERDAY.
  LIGHT RAIN
  FOG


RELATIVE HUMIDITY (PERCENT)
 HIGHEST    96           200 AM
 LOWEST     86           900 AM
 AVERAGE    91

..........................................................


THE ST CLOUD MN CLIMATE NORMALS FOR TODAY
                         NORMAL    RECORD    YEAR
 MAXIMUM TEMPERATURE (F)   68        95      1900
 MINIMUM TEMPERATURE (F)   43        21      1946


SUNRISE AND SUNSET
MAY 12 2015...........SUNRISE   549 AM CDT   SUNSET   837 PM CDT
MAY 13 2015...........SUNRISE   548 AM CDT   SUNSET   838 PM CDT


-  INDICATES NEGATIVE NUMBERS.
R  INDICATES RECORD WAS SET OR TIED.
MM INDICATES DATA IS MISSING.
T  INDICATES TRACE AMOUNT.




$$
