000
CDUS43 KMPX 170745
CLISTC


CLIMATE REPORT
NATIONAL WEATHER SERVICE CHANHASSEN MN
244 AM CDT WED AUG 17 2016


...................................

...THE ST CLOUD MN CLIMATE SUMMARY FOR AUGUST 16 2016...

CLIMATE NORMAL PERIOD 1981 TO 2010
CLIMATE RECORD PERIOD 1893 TO 2016


WEATHER ITEM   OBSERVED TIME   RECORD YEAR NORMAL DEPARTURE LAST
                VALUE   (LST)  VALUE       VALUE  FROM      YEAR
                                                  NORMAL
..................................................................
TEMPERATURE (F)
 YESTERDAY
  MAXIMUM         83    440 PM 100    1950  80      3       80
  MINIMUM         59   1159 PM  42    1992  56      3       62
  AVERAGE         71                        68      3       71

PRECIPITATION (IN)
  YESTERDAY        T             2.07 1983   0.12  -0.12     0.09
  MONTH TO DATE    3.25                      1.86   1.39     1.46
  SINCE JUN 1     13.36                      9.34   4.02    13.30
  SINCE JAN 1     19.71                     17.65   2.06    21.97

SNOWFALL (IN)
  YESTERDAY        0.0           0.0    MM   0.0    0.0      0.0
  MONTH TO DATE    0.0                       0.0    0.0      0.0
  SINCE JUN 1      0.0                       0.0    0.0      0.0
  SINCE JUL 1      0.0                       0.0    0.0      0.0
  SNOW DEPTH       0

DEGREE DAYS
 HEATING
  YESTERDAY        0                         1     -1        0
  MONTH TO DATE    0                        16    -16        0
  SINCE JUN 1     40                       111    -71       40
  SINCE JUL 1      7                        33    -26       12

 COOLING
  YESTERDAY        6                         4      2        6
  MONTH TO DATE  107                        77     30       91
  SINCE JUN 1    397                       354     43      360
  SINCE JAN 1    428                       379     49      365
..................................................................


WIND (MPH)
  HIGHEST WIND SPEED    21   HIGHEST WIND DIRECTION     N (360)
  HIGHEST GUST SPEED    29   HIGHEST GUST DIRECTION     N (360)
  AVERAGE WIND SPEED     3.6


SKY COVER
  POSSIBLE SUNSHINE  MM
  AVERAGE SKY COVER 0.2


WEATHER CONDITIONS
 THE FOLLOWING WEATHER WAS RECORDED YESTERDAY.
  THUNDERSTORM
  LIGHT RAIN
  FOG


RELATIVE HUMIDITY (PERCENT)
 HIGHEST   100           200 AM
 LOWEST     65           200 PM
 AVERAGE    83

..........................................................


THE ST CLOUD MN CLIMATE NORMALS FOR TODAY
                         NORMAL    RECORD    YEAR
 MAXIMUM TEMPERATURE (F)   80        94      1934
                                             1925
 MINIMUM TEMPERATURE (F)   56        41      1981
                                             1977


SUNRISE AND SUNSET
AUGUST 17 2016........SUNRISE   620 AM CDT   SUNSET   820 PM CDT
AUGUST 18 2016........SUNRISE   621 AM CDT   SUNSET   818 PM CDT


-  INDICATES NEGATIVE NUMBERS.
R  INDICATES RECORD WAS SET OR TIED.
MM INDICATES DATA IS MISSING.
T  INDICATES TRACE AMOUNT.




$$
