395
CDUS43 KMPX 210808
CLISTC


CLIMATE REPORT
NATIONAL WEATHER SERVICE CHANHASSEN MN
308 AM CDT THU SEP 21 2017


...................................

...THE ST CLOUD MN CLIMATE SUMMARY FOR SEPTEMBER 20 2017...

CLIMATE NORMAL PERIOD 1981 TO 2010
CLIMATE RECORD PERIOD 1893 TO 2017


WEATHER ITEM   OBSERVED TIME   RECORD YEAR NORMAL DEPARTURE LAST
                VALUE   (LST)  VALUE       VALUE  FROM      YEAR
                                                  NORMAL
..................................................................
TEMPERATURE (F)
 YESTERDAY
  MAXIMUM         71    424 PM  91    1908  69      2       76
  MINIMUM         45   1143 PM  26    1991  45      0       46
  AVERAGE         58                        57      1       61

PRECIPITATION (IN)
  YESTERDAY        0.56          1.20 1921   0.12   0.44     0.00
  MONTH TO DATE    0.95                      2.45  -1.50     1.63
  SINCE SEP 1      0.95                      2.45  -1.50     1.63
  SINCE JAN 1     21.88                     22.03  -0.15    26.45

SNOWFALL (IN)
  YESTERDAY        0.0           0.0    MM   0.0    0.0      0.0
  MONTH TO DATE    0.0                       0.0    0.0      0.0
  SINCE SEP 1      0.0                       0.0    0.0      0.0
  SINCE JUL 1      0.0                       0.0    0.0      0.0
  SNOW DEPTH       0

DEGREE DAYS
 HEATING
  YESTERDAY        7                         9     -2        4
  MONTH TO DATE   76                       118    -42       50
  SINCE SEP 1     76                       118    -42       50
  SINCE JUL 1    116                       176    -60       72

 COOLING
  YESTERDAY        0                         1     -1        0
  MONTH TO DATE   41                        30     11       26
  SINCE SEP 1     41                        30     11       26
  SINCE JAN 1    331                       459   -128      504
..................................................................


WIND (MPH)
  HIGHEST WIND SPEED    36   HIGHEST WIND DIRECTION     W (270)
  HIGHEST GUST SPEED    51   HIGHEST GUST DIRECTION     W (270)
  AVERAGE WIND SPEED     7.1


SKY COVER
  POSSIBLE SUNSHINE  MM
  AVERAGE SKY COVER 0.3


WEATHER CONDITIONS
 THE FOLLOWING WEATHER WAS RECORDED YESTERDAY.
  THUNDERSTORM
  HEAVY RAIN
  LIGHT RAIN
  FOG
  HAZE


RELATIVE HUMIDITY (PERCENT)
 HIGHEST   100           400 AM
 LOWEST     47           200 PM
 AVERAGE    74

..........................................................


THE ST CLOUD MN CLIMATE NORMALS FOR TODAY
                         NORMAL    RECORD    YEAR
 MAXIMUM TEMPERATURE (F)   68        89      1908
 MINIMUM TEMPERATURE (F)   44        23      1974


SUNRISE AND SUNSET
SEPTEMBER 21 2017.....SUNRISE   702 AM CDT   SUNSET   715 PM CDT
SEPTEMBER 22 2017.....SUNRISE   704 AM CDT   SUNSET   713 PM CDT


-  INDICATES NEGATIVE NUMBERS.
R  INDICATES RECORD WAS SET OR TIED.
MM INDICATES DATA IS MISSING.
T  INDICATES TRACE AMOUNT.




$$
