000
CDUS43 KMPX 230623
CLISTC


CLIMATE REPORT
NATIONAL WEATHER SERVICE CHANHASSEN MN
123 AM CDT SUN AUG 23 2015


...................................

...THE ST CLOUD MN CLIMATE SUMMARY FOR AUGUST 22 2015...

CLIMATE NORMAL PERIOD 1981 TO 2010
CLIMATE RECORD PERIOD 1893 TO 2015


WEATHER ITEM   OBSERVED TIME   RECORD YEAR NORMAL DEPARTURE LAST
                VALUE   (LST)  VALUE       VALUE  FROM      YEAR
                                                  NORMAL
..................................................................
TEMPERATURE (F)
 YESTERDAY
  MAXIMUM         79    113 PM  97    1971  79      0       80
  MINIMUM         56   1159 PM  42    1950  55      1       69
                                      1945
                                      1908
  AVERAGE         68                        67      1       75

PRECIPITATION (IN)
  YESTERDAY        0.75          2.15 1900   0.12   0.63     0.00
  MONTH TO DATE    3.08                      2.59   0.49     2.73
  SINCE JUN 1     14.92                     10.07   4.85    10.16
  SINCE JAN 1     23.59                     18.38   5.21    26.51

SNOWFALL (IN)
  YESTERDAY        0.0           0.0    MM   0.0    0.0      0.0
  MONTH TO DATE    0.0                       0.0    0.0      0.0
  SINCE JUN 1      0.0                       0.0    0.0      0.0
  SINCE JUL 1      0.0                       0.0    0.0      0.0
  SNOW DEPTH       0

DEGREE DAYS
 HEATING
  YESTERDAY        0                         1     -1        0
  MONTH TO DATE   16                        22     -6        0
  SINCE JUN 1     56                       117    -61       33
  SINCE JUL 1     28                        39    -11        7

 COOLING
  YESTERDAY        3                         3      0       10
  MONTH TO DATE   95                       100     -5      155
  SINCE JUN 1    364                       377    -13      463
  SINCE JAN 1    369                       402    -33      507
..................................................................


WIND (MPH)
  HIGHEST WIND SPEED    29   HIGHEST WIND DIRECTION     W (270)
  HIGHEST GUST SPEED    38   HIGHEST GUST DIRECTION     W (280)
  AVERAGE WIND SPEED    15.5


SKY COVER
  POSSIBLE SUNSHINE  MM
  AVERAGE SKY COVER 0.7


WEATHER CONDITIONS
 THE FOLLOWING WEATHER WAS RECORDED YESTERDAY.
  THUNDERSTORM
  HEAVY RAIN
  RAIN
  LIGHT RAIN
  FOG
  FOG W/VISIBILITY <= 1/4 MILE


RELATIVE HUMIDITY (PERCENT)
 HIGHEST    87           600 AM
 LOWEST     72           900 PM
 AVERAGE    80

..........................................................


THE ST CLOUD MN CLIMATE NORMALS FOR TODAY
                         NORMAL    RECORD    YEAR
 MAXIMUM TEMPERATURE (F)   79        95      1947
 MINIMUM TEMPERATURE (F)   55        39      1934


SUNRISE AND SUNSET
AUGUST 23 2015........SUNRISE   626 AM CDT   SUNSET   811 PM CDT
AUGUST 24 2015........SUNRISE   628 AM CDT   SUNSET   809 PM CDT


-  INDICATES NEGATIVE NUMBERS.
R  INDICATES RECORD WAS SET OR TIED.
MM INDICATES DATA IS MISSING.
T  INDICATES TRACE AMOUNT.




$$
