000
CDUS43 KMPX 120022
CLISTC


CLIMATE REPORT
NATIONAL WEATHER SERVICE CHANHASSEN MN
621 PM CST SUN FEB 11 2018


...................................

...THE ST CLOUD MN CLIMATE SUMMARY FOR FEBRUARY 11 2018...
VALID TODAY AS OF 0600 PM LOCAL TIME.

CLIMATE NORMAL PERIOD 1981 TO 2010
CLIMATE RECORD PERIOD 1893 TO 2018


WEATHER ITEM   OBSERVED TIME   RECORD YEAR NORMAL DEPARTURE LAST
                VALUE   (LST)  VALUE       VALUE  FROM      YEAR
                                                  NORMAL
..................................................................
TEMPERATURE (F)
 TODAY
  MAXIMUM         17    339 PM  48    1987  26     -9       38
                                      1918
  MINIMUM        -12    750 AM -35    1899   6    -18       30
  AVERAGE          3                        16    -13       34

PRECIPITATION (IN)
  TODAY            0.00          0.22 1979   0.02  -0.02     0.07
  MONTH TO DATE    0.19                      0.19   0.00     0.10
  SINCE DEC 1      0.81                      1.66  -0.85     2.19
  SINCE JAN 1      0.37                      0.84  -0.47     0.64

SNOWFALL (IN)
  TODAY            0.0           3.0  1903   0.2   -0.2       T
  MONTH TO DATE    2.9                       2.5    0.4      0.3
  SINCE DEC 1     12.2                      20.5   -8.3     19.1
  SINCE JUL 1     19.3                      29.7  -10.4     26.4
  SNOW DEPTH       3

DEGREE DAYS
 HEATING
  TODAY           62                        49     13       31
  MONTH TO DATE  709                       559    150      521
  SINCE DEC 1   3847                      3736    111     3463
  SINCE JUL 1   5613                      5661    -48     4837

 COOLING
  TODAY            0                         0      0        0
  MONTH TO DATE    0                         0      0        0
  SINCE DEC 1      0                         0      0        0
  SINCE JAN 1      0                         0      0        0
..................................................................


WIND (MPH)
  HIGHEST WIND SPEED    22   HIGHEST WIND DIRECTION    NW (310)
  HIGHEST GUST SPEED    26   HIGHEST GUST DIRECTION     W (280)
  AVERAGE WIND SPEED     9.3


SKY COVER
  POSSIBLE SUNSHINE  MM
  AVERAGE SKY COVER 0.0


WEATHER CONDITIONS
 THE FOLLOWING WEATHER WAS RECORDED TODAY.
  NO SIGNIFICANT WEATHER WAS OBSERVED.


RELATIVE HUMIDITY (PERCENT)
 HIGHEST    91          1200 AM
 LOWEST     56           200 PM
 AVERAGE    74

..........................................................


THE ST CLOUD MN CLIMATE NORMALS FOR TOMORROW
                         NORMAL    RECORD    YEAR
 MAXIMUM TEMPERATURE (F)   26        52      1990
 MINIMUM TEMPERATURE (F)    6       -27      1988


SUNRISE AND SUNSET
FEBRUARY 11 2018......SUNRISE   724 AM CST   SUNSET   538 PM CST
FEBRUARY 12 2018......SUNRISE   722 AM CST   SUNSET   539 PM CST


-  INDICATES NEGATIVE NUMBERS.
R  INDICATES RECORD WAS SET OR TIED.
MM INDICATES DATA IS MISSING.
T  INDICATES TRACE AMOUNT.




$$
