000
CDUS43 KMPX 140828
CLISTC


CLIMATE REPORT
NATIONAL WEATHER SERVICE CHANHASSEN MN
328 AM CDT MON APR 14 2014


...................................

...THE ST CLOUD MN CLIMATE SUMMARY FOR APRIL 13 2014...

CLIMATE NORMAL PERIOD 1981 TO 2010
CLIMATE RECORD PERIOD 1893 TO 2014


WEATHER ITEM   OBSERVED TIME   RECORD YEAR NORMAL DEPARTURE LAST
                VALUE   (LST)  VALUE       VALUE  FROM      YEAR
                                                  NORMAL
..................................................................
TEMPERATURE (F)
 YESTERDAY
  MAXIMUM         41    157 PM  81    2006  55    -14       34
  MINIMUM         30   1159 PM  12    1928  32     -2       17
  AVERAGE         36                        43     -7       26

PRECIPITATION (IN)
  YESTERDAY        0.00          0.90 2010   0.09  -0.09     0.05
  MONTH TO DATE    0.57                      0.97  -0.40     1.08
  SINCE MAR 1      1.77                      2.52  -0.75     3.71
  SINCE JAN 1      4.28                      3.76   0.52     5.49

SNOWFALL (IN)
  YESTERDAY        0.0           1.7  1964   0.1   -0.1      0.4
  MONTH TO DATE    3.5                       1.7    1.8     10.5
  SINCE MAR 1     12.7                      10.2    2.5     27.1
  SINCE JUL 1     67.0                      44.4   22.6     64.6
  SNOW DEPTH       0

DEGREE DAYS
 HEATING
  YESTERDAY       29                        22      7       39
  MONTH TO DATE  315                       322     -7      427
  SINCE MAR 1   1622                      1426    196     1755
  SINCE JUL 1   8831                      7872    959     8025

 COOLING
  YESTERDAY        0                         0      0        0
  MONTH TO DATE    0                         0      0        0
  SINCE MAR 1      0                         0      0        0
  SINCE JAN 1      0                         0      0        0
..................................................................


WIND (MPH)
  HIGHEST WIND SPEED    25   HIGHEST WIND DIRECTION     N (360)
  HIGHEST GUST SPEED    36   HIGHEST GUST DIRECTION     N (350)
  AVERAGE WIND SPEED    13.8


SKY COVER
  POSSIBLE SUNSHINE  MM
  AVERAGE SKY COVER 0.7


WEATHER CONDITIONS
 THE FOLLOWING WEATHER WAS RECORDED YESTERDAY.
  NO SIGNIFICANT WEATHER WAS OBSERVED.


RELATIVE HUMIDITY (PERCENT)
 HIGHEST    85           300 AM
 LOWEST     54           300 PM
 AVERAGE    70

..........................................................


THE ST CLOUD MN CLIMATE NORMALS FOR TODAY
                         NORMAL    RECORD    YEAR
 MAXIMUM TEMPERATURE (F)   56        89      2003
 MINIMUM TEMPERATURE (F)   32        15      2008
                                             1935


SUNRISE AND SUNSET
APRIL 14 2014.........SUNRISE   633 AM CDT   SUNSET   801 PM CDT
APRIL 15 2014.........SUNRISE   631 AM CDT   SUNSET   803 PM CDT


-  INDICATES NEGATIVE NUMBERS.
R  INDICATES RECORD WAS SET OR TIED.
MM INDICATES DATA IS MISSING.
T  INDICATES TRACE AMOUNT.




$$
