000
CDUS43 KMPX 210724
CLISTC


CLIMATE REPORT
NATIONAL WEATHER SERVICE CHANHASSEN MN
223 AM CDT THU APR 21 2016


...................................

...THE ST CLOUD MN CLIMATE SUMMARY FOR APRIL 20 2016...

CLIMATE NORMAL PERIOD 1981 TO 2010
CLIMATE RECORD PERIOD 1893 TO 2016


WEATHER ITEM   OBSERVED TIME   RECORD YEAR NORMAL DEPARTURE LAST
                VALUE   (LST)  VALUE       VALUE  FROM      YEAR
                                                  NORMAL
..................................................................
TEMPERATURE (F)
 YESTERDAY
  MAXIMUM         67    434 PM  84    1980  59      8       42
  MINIMUM         50    645 AM  16    2013  35     15       34
  AVERAGE         59                        47     12       38

PRECIPITATION (IN)
  YESTERDAY        0.02          1.08 1917   0.09  -0.07      T
  MONTH TO DATE    0.37                      1.58  -1.21     1.15
  SINCE MAR 1      1.87                      3.13  -1.26     1.53
  SINCE JAN 1      2.81                      4.37  -1.56     2.12

SNOWFALL (IN)
  YESTERDAY        0.0           4.1  1924   0.1   -0.1       T
  MONTH TO DATE    1.6                       2.4   -0.8      1.0
  SINCE MAR 1      4.6                      10.9   -6.3      4.3
  SINCE JUL 1     30.3                      45.1  -14.8     31.1
  SNOW DEPTH       0

DEGREE DAYS
 HEATING
  YESTERDAY        6                        18    -12       27
  MONTH TO DATE  432                       460    -28      359
  SINCE MAR 1   1249                      1564   -315     1360
  SINCE JUL 1   6700                      8010  -1310     7618

 COOLING
  YESTERDAY        0                         0      0        0
  MONTH TO DATE    5                         0      5        0
  SINCE MAR 1      5                         0      5        0
  SINCE JAN 1      5                         0      5        0
..................................................................


WIND (MPH)
  HIGHEST WIND SPEED    14   HIGHEST WIND DIRECTION    SE (150)
  HIGHEST GUST SPEED    17   HIGHEST GUST DIRECTION    SE (150)
  AVERAGE WIND SPEED     5.2


SKY COVER
  POSSIBLE SUNSHINE  MM
  AVERAGE SKY COVER 0.9


WEATHER CONDITIONS
 THE FOLLOWING WEATHER WAS RECORDED YESTERDAY.
  LIGHT RAIN
  FOG


RELATIVE HUMIDITY (PERCENT)
 HIGHEST    93           600 AM
 LOWEST     52           600 PM
 AVERAGE    73

..........................................................


THE ST CLOUD MN CLIMATE NORMALS FOR TODAY
                         NORMAL    RECORD    YEAR
 MAXIMUM TEMPERATURE (F)   60        96      1980
 MINIMUM TEMPERATURE (F)   35        21      1950
                                             1936


SUNRISE AND SUNSET
APRIL 21 2016.........SUNRISE   619 AM CDT   SUNSET   811 PM CDT
APRIL 22 2016.........SUNRISE   618 AM CDT   SUNSET   812 PM CDT


-  INDICATES NEGATIVE NUMBERS.
R  INDICATES RECORD WAS SET OR TIED.
MM INDICATES DATA IS MISSING.
T  INDICATES TRACE AMOUNT.




$$
