000
CDUS43 KMPX 110655
CLISTC


CLIMATE REPORT
NATIONAL WEATHER SERVICE CHANHASSEN MN
154 AM CDT THU SEP 11 2014


...................................

...THE ST CLOUD MN CLIMATE SUMMARY FOR SEPTEMBER 10 2014...

CLIMATE NORMAL PERIOD 1981 TO 2010
CLIMATE RECORD PERIOD 1893 TO 2014


WEATHER ITEM   OBSERVED TIME   RECORD YEAR NORMAL DEPARTURE LAST
                VALUE   (LST)  VALUE       VALUE  FROM      YEAR
                                                  NORMAL
..................................................................
TEMPERATURE (F)
 YESTERDAY
  MAXIMUM         59   1231 AM 106    1931  73    -14       85
  MINIMUM         44   1034 PM  30    1917  49     -5       59
  AVERAGE         52                        61     -9       72

PRECIPITATION (IN)
  YESTERDAY        0.38          2.38 1900   0.12   0.26     0.04
  MONTH TO DATE    3.73                      1.30   2.43     0.10
  SINCE SEP 1      3.73                      1.30   2.43     0.10
  SINCE JAN 1     33.10                     20.88  12.22    20.43

SNOWFALL (IN)
  YESTERDAY        0.0           0.0    MM   0.0    0.0      0.0
  MONTH TO DATE    0.0                       0.0    0.0      0.0
  SINCE SEP 1      0.0                       0.0    0.0      0.0
  SINCE JUL 1      0.0                       0.0    0.0      0.0
  SNOW DEPTH       0

DEGREE DAYS
 HEATING
  YESTERDAY       13                         6      7        0
  MONTH TO DATE   19                        43    -24       17
  SINCE SEP 1     19                        43    -24       17
  SINCE JUL 1     28                       101    -73       66

 COOLING
  YESTERDAY        0                         2     -2        7
  MONTH TO DATE   20                        20      0       54
  SINCE SEP 1     20                        20      0       54
  SINCE JAN 1    579                       449    130      558
..................................................................


WIND (MPH)
  HIGHEST WIND SPEED    22   HIGHEST WIND DIRECTION     N (360)
  HIGHEST GUST SPEED    29   HIGHEST GUST DIRECTION     N (360)
  AVERAGE WIND SPEED    11.4


SKY COVER
  POSSIBLE SUNSHINE  MM
  AVERAGE SKY COVER 0.9


WEATHER CONDITIONS
 THE FOLLOWING WEATHER WAS RECORDED YESTERDAY.
  RAIN
  LIGHT RAIN
  FOG


RELATIVE HUMIDITY (PERCENT)
 HIGHEST    87          1200 AM
 LOWEST     71           100 PM
 AVERAGE    79

..........................................................


THE ST CLOUD MN CLIMATE NORMALS FOR TODAY
                         NORMAL    RECORD    YEAR
 MAXIMUM TEMPERATURE (F)   72        96      2012
                                             1931
 MINIMUM TEMPERATURE (F)   49        31      1955


SUNRISE AND SUNSET
SEPTEMBER 11 2014.....SUNRISE   650 AM CDT   SUNSET   735 PM CDT
SEPTEMBER 12 2014.....SUNRISE   651 AM CDT   SUNSET   733 PM CDT


-  INDICATES NEGATIVE NUMBERS.
R  INDICATES RECORD WAS SET OR TIED.
MM INDICATES DATA IS MISSING.
T  INDICATES TRACE AMOUNT.




$$
