000
CDUS43 KMPX 280833
CLISTC


CLIMATE REPORT
NATIONAL WEATHER SERVICE CHANHASSEN MN
333 AM CDT THU AUG 28 2014


...................................

...THE ST CLOUD MN CLIMATE SUMMARY FOR AUGUST 27 2014...

CLIMATE NORMAL PERIOD 1981 TO 2010
CLIMATE RECORD PERIOD 1893 TO 2014


WEATHER ITEM   OBSERVED TIME   RECORD YEAR NORMAL DEPARTURE LAST
                VALUE   (LST)  VALUE       VALUE  FROM      YEAR
                                                  NORMAL
..................................................................
TEMPERATURE (F)
 YESTERDAY
  MAXIMUM         77    153 PM  98    1921  77      0       92
  MINIMUM         57    601 AM  37    1982  54      3       67
  AVERAGE         67                        66      1       80

PRECIPITATION (IN)
  YESTERDAY        T             3.59 1960   0.13  -0.13     0.00
  MONTH TO DATE    2.75                      3.25  -0.50     0.67
  SINCE JUN 1     10.18                     10.73  -0.55     7.86
  SINCE JAN 1     26.53                     19.04   7.49    20.15

SNOWFALL (IN)
  YESTERDAY        0.0           0.0    MM   0.0    0.0      0.0
  MONTH TO DATE    0.0                       0.0    0.0      0.0
  SINCE JUN 1      0.0                       0.0    0.0      0.0
  SINCE JUL 1      0.0                       0.0    0.0      0.0
  SNOW DEPTH       0

DEGREE DAYS
 HEATING
  YESTERDAY        0                         2     -2        0
  MONTH TO DATE    2                        32    -30       23
  SINCE JUN 1     35                       127    -92      136
  SINCE JUL 1      9                        49    -40       49

 COOLING
  YESTERDAY        2                         3     -1       15
  MONTH TO DATE  185                       115     70      133
  SINCE JUN 1    493                       392    101      449
  SINCE JAN 1    537                       417    120      460
..................................................................


WIND (MPH)
  HIGHEST WIND SPEED    10   HIGHEST WIND DIRECTION     S (160)
  HIGHEST GUST SPEED    13   HIGHEST GUST DIRECTION     S (160)
  AVERAGE WIND SPEED     3.7


SKY COVER
  POSSIBLE SUNSHINE  MM
  AVERAGE SKY COVER 0.5


WEATHER CONDITIONS
 THE FOLLOWING WEATHER WAS RECORDED YESTERDAY.
  LIGHT RAIN


RELATIVE HUMIDITY (PERCENT)
 HIGHEST    93           500 AM
 LOWEST     47           200 PM
 AVERAGE    70

..........................................................


THE ST CLOUD MN CLIMATE NORMALS FOR TODAY
                         NORMAL    RECORD    YEAR
 MAXIMUM TEMPERATURE (F)   77        94      1984
                                             1969
                                             1937
 MINIMUM TEMPERATURE (F)   54        36      1974


SUNRISE AND SUNSET
AUGUST 28 2014........SUNRISE   633 AM CDT   SUNSET   801 PM CDT
AUGUST 29 2014........SUNRISE   634 AM CDT   SUNSET   759 PM CDT


-  INDICATES NEGATIVE NUMBERS.
R  INDICATES RECORD WAS SET OR TIED.
MM INDICATES DATA IS MISSING.
T  INDICATES TRACE AMOUNT.




$$
