000
CDUS43 KMPX 190628
CLISTC


CLIMATE REPORT
NATIONAL WEATHER SERVICE CHANHASSEN MN
125 AM CDT TUE MAY 19 2015


...................................

...THE ST CLOUD MN CLIMATE SUMMARY FOR MAY 18 2015...

CLIMATE NORMAL PERIOD 1981 TO 2010
CLIMATE RECORD PERIOD 1893 TO 2015


WEATHER ITEM   OBSERVED TIME   RECORD YEAR NORMAL DEPARTURE LAST
                VALUE   (LST)  VALUE       VALUE  FROM      YEAR
                                                  NORMAL
..................................................................
TEMPERATURE (F)
 YESTERDAY
  MAXIMUM         47    112 PM  94    2012  70    -23       74
                                      1998
  MINIMUM         37   1159 PM  30    1976  45     -8       45
  AVERAGE         42                        57    -15       60

PRECIPITATION (IN)
  YESTERDAY        0.01          2.41 1962   0.09  -0.08     0.00
  MONTH TO DATE    5.19                      1.68   3.51     3.20
  SINCE MAR 1      7.24                      5.80   1.44    10.30
  SINCE JAN 1      7.83                      7.04   0.79    12.81

SNOWFALL (IN)
  YESTERDAY        0.0           T    1968   0.0    0.0      0.0
                                      1915
  MONTH TO DATE    0.0                       0.0    0.0      0.0
  SINCE MAR 1      4.3                      11.5   -7.2     21.2
  SINCE JUL 1     31.1                      45.7  -14.6     75.5
  SNOW DEPTH       0

DEGREE DAYS
 HEATING
  YESTERDAY       23                         9     14        5
  MONTH TO DATE  189                       198     -9      240
  SINCE MAR 1   1741                      1919   -178     2263
  SINCE JUL 1   7999                      8365   -366     9472

 COOLING
  YESTERDAY        0                         1     -1        0
  MONTH TO DATE    0                        10    -10        0
  SINCE MAR 1      0                        12    -12        0
  SINCE JAN 1      0                        12    -12        0
..................................................................


WIND (MPH)
  HIGHEST WIND SPEED    30   HIGHEST WIND DIRECTION     W (250)
  HIGHEST GUST SPEED    38   HIGHEST GUST DIRECTION    SW (240)
  AVERAGE WIND SPEED    16.8


SKY COVER
  POSSIBLE SUNSHINE  MM
  AVERAGE SKY COVER 1.0


WEATHER CONDITIONS
 THE FOLLOWING WEATHER WAS RECORDED YESTERDAY.
  LIGHT RAIN
  FOG


RELATIVE HUMIDITY (PERCENT)
 HIGHEST    92           500 AM
 LOWEST     65           100 PM
 AVERAGE    79

..........................................................


THE ST CLOUD MN CLIMATE NORMALS FOR TODAY
                         NORMAL    RECORD    YEAR
 MAXIMUM TEMPERATURE (F)   70        91      1921
 MINIMUM TEMPERATURE (F)   45        28      2000
                                             1981


SUNRISE AND SUNSET
MAY 19 2015...........SUNRISE   541 AM CDT   SUNSET   845 PM CDT
MAY 20 2015...........SUNRISE   540 AM CDT   SUNSET   846 PM CDT


-  INDICATES NEGATIVE NUMBERS.
R  INDICATES RECORD WAS SET OR TIED.
MM INDICATES DATA IS MISSING.
T  INDICATES TRACE AMOUNT.




$$
