000
CDUS43 KMPX 090634
CLISTC


CLIMATE REPORT
NATIONAL WEATHER SERVICE CHANHASSEN MN
1233 AM CST THU NOV 9 2017


...................................

...THE ST CLOUD MN CLIMATE SUMMARY FOR NOVEMBER 8 2017...

CLIMATE NORMAL PERIOD 1981 TO 2010
CLIMATE RECORD PERIOD 1893 TO 2017


WEATHER ITEM   OBSERVED TIME   RECORD YEAR NORMAL DEPARTURE LAST
                VALUE   (LST)  VALUE       VALUE  FROM      YEAR
                                                  NORMAL
..................................................................
TEMPERATURE (F)
 YESTERDAY
  MAXIMUM         37    221 PM  75    1999  44     -7       58
  MINIMUM         22    715 AM  -5    1991  26     -4       31
  AVERAGE         30                        35     -5       45

PRECIPITATION (IN)
  YESTERDAY        0.01          0.96 1970   0.05  -0.04     0.00
  MONTH TO DATE    0.71                      0.40   0.31     0.00
  SINCE SEP 1      8.72                      6.35   2.37     5.76
  SINCE JAN 1     29.65                     25.93   3.72    30.58

SNOWFALL (IN)
  YESTERDAY        T             6.7  1943   0.2   -0.2      0.0
  MONTH TO DATE    4.6                       1.3    3.3      0.0
  SINCE SEP 1      6.0                       2.1    3.9      0.0
  SINCE JUL 1      6.0                       2.1    3.9      0.0
  SNOW DEPTH       0

DEGREE DAYS
 HEATING
  YESTERDAY       35                        30      5       20
  MONTH TO DATE  289                       225     64      122
  SINCE SEP 1    971                      1052    -81      732
  SINCE JUL 1   1011                      1110    -99      754

 COOLING
  YESTERDAY        0                         0      0        0
  MONTH TO DATE    0                         0      0        0
  SINCE SEP 1     71                        36     35       28
  SINCE JAN 1    361                       465   -104      506
..................................................................


WIND (MPH)
  HIGHEST WIND SPEED    15   HIGHEST WIND DIRECTION     N (340)
  HIGHEST GUST SPEED    20   HIGHEST GUST DIRECTION     N (350)
  AVERAGE WIND SPEED     7.5


SKY COVER
  POSSIBLE SUNSHINE  MM
  AVERAGE SKY COVER 0.3


WEATHER CONDITIONS
 THE FOLLOWING WEATHER WAS RECORDED YESTERDAY.
  LIGHT SNOW
  FOG


RELATIVE HUMIDITY (PERCENT)
 HIGHEST    96           500 AM
 LOWEST     56           200 PM
 AVERAGE    76

..........................................................


THE ST CLOUD MN CLIMATE NORMALS FOR TODAY
                         NORMAL    RECORD    YEAR
 MAXIMUM TEMPERATURE (F)   43        68      1999
 MINIMUM TEMPERATURE (F)   26         0      1979


SUNRISE AND SUNSET
NOVEMBER  9 2017......SUNRISE   707 AM CST   SUNSET   452 PM CST
NOVEMBER 10 2017......SUNRISE   709 AM CST   SUNSET   451 PM CST


-  INDICATES NEGATIVE NUMBERS.
R  INDICATES RECORD WAS SET OR TIED.
MM INDICATES DATA IS MISSING.
T  INDICATES TRACE AMOUNT.




$$
