000
CDUS43 KMPX 180641
CLISTC


CLIMATE REPORT
NATIONAL WEATHER SERVICE CHANHASSEN MN
137 AM CDT THU MAY 18 2017


...................................

...THE ST CLOUD MN CLIMATE SUMMARY FOR MAY 17 2017...

CLIMATE NORMAL PERIOD 1981 TO 2010
CLIMATE RECORD PERIOD 1893 TO 2017


WEATHER ITEM   OBSERVED TIME   RECORD YEAR NORMAL DEPARTURE LAST
                VALUE   (LST)  VALUE       VALUE  FROM      YEAR
                                                  NORMAL
..................................................................
TEMPERATURE (F)
 YESTERDAY
  MAXIMUM         63   1127 AM  90    1998  69     -6       65
                                      1972
  MINIMUM         50   1159 PM  28    1973  45      5       37
  AVERAGE         57                        57      0       51

PRECIPITATION (IN)
  YESTERDAY        0.81          1.41 2015   0.09   0.72     0.00
  MONTH TO DATE    2.30                      1.59   0.71     0.75
  SINCE MAR 1      6.24                      5.71   0.53     3.99
  SINCE JAN 1      7.56                      6.95   0.61     4.93

SNOWFALL (IN)
  YESTERDAY        0.0           T    1915   0.0    0.0      0.0
  MONTH TO DATE    1.0                       0.0    1.0      0.0
  SINCE MAR 1      3.0                      11.5   -8.5      4.6
  SINCE JUL 1     31.9                      45.7  -13.8     30.3
  SNOW DEPTH       0

DEGREE DAYS
 HEATING
  YESTERDAY        8                         9     -1       14
  MONTH TO DATE  152                       189    -37      221
  SINCE MAR 1   1775                      1910   -135     1643
  SINCE JUL 1   7131                      8356  -1225     7094

 COOLING
  YESTERDAY        0                         1     -1        0
  MONTH TO DATE    3                         9     -6        8
  SINCE MAR 1      3                        11     -8       13
  SINCE JAN 1      3                        11     -8       13
..................................................................


WIND (MPH)
  HIGHEST WIND SPEED    24   HIGHEST WIND DIRECTION    NE (40)
  HIGHEST GUST SPEED    34   HIGHEST GUST DIRECTION     N (20)
  AVERAGE WIND SPEED     9.8


SKY COVER
  POSSIBLE SUNSHINE  MM
  AVERAGE SKY COVER 0.8


WEATHER CONDITIONS
 THE FOLLOWING WEATHER WAS RECORDED YESTERDAY.
  THUNDERSTORM
  HEAVY RAIN
  RAIN
  LIGHT RAIN
  FOG


RELATIVE HUMIDITY (PERCENT)
 HIGHEST   100           300 AM
 LOWEST     84           900 AM
 AVERAGE    92

..........................................................


THE ST CLOUD MN CLIMATE NORMALS FOR TODAY
                         NORMAL    RECORD    YEAR
 MAXIMUM TEMPERATURE (F)   70        94      2012
                                             1998
 MINIMUM TEMPERATURE (F)   45        30      1976


SUNRISE AND SUNSET
MAY 18 2017...........SUNRISE   542 AM CDT   SUNSET   844 PM CDT
MAY 19 2017...........SUNRISE   541 AM CDT   SUNSET   845 PM CDT


-  INDICATES NEGATIVE NUMBERS.
R  INDICATES RECORD WAS SET OR TIED.
MM INDICATES DATA IS MISSING.
T  INDICATES TRACE AMOUNT.




$$
