000
CDUS43 KMPX 260628
CLISTC


CLIMATE REPORT
NATIONAL WEATHER SERVICE CHANHASSEN MN
127 AM CDT WED AUG 26 2015


...................................

...THE ST CLOUD MN CLIMATE SUMMARY FOR AUGUST 25 2015...

CLIMATE NORMAL PERIOD 1981 TO 2010
CLIMATE RECORD PERIOD 1893 TO 2015


WEATHER ITEM   OBSERVED TIME   RECORD YEAR NORMAL DEPARTURE LAST
                VALUE   (LST)  VALUE       VALUE  FROM      YEAR
                                                  NORMAL
..................................................................
TEMPERATURE (F)
 YESTERDAY
  MAXIMUM         73        MM  94    2013  78     -5       77
  MINIMUM         47        MM  40    1945  55     -8       61
  AVERAGE         60                        66     -6       69

PRECIPITATION (IN)
  YESTERDAY        0.00          3.42 1967   0.13  -0.13     0.00
  MONTH TO DATE    3.10                      2.98   0.12     2.74
  SINCE JUN 1     14.94                     10.46   4.48    10.17
  SINCE JAN 1     23.61                     18.77   4.84    26.52

SNOWFALL (IN)
  YESTERDAY        0.0           0.0    MM   0.0    0.0      0.0
  MONTH TO DATE    0.0                       0.0    0.0      0.0
  SINCE JUN 1      0.0                       0.0    0.0      0.0
  SINCE JUL 1      0.0                       0.0    0.0      0.0
  SNOW DEPTH       0

DEGREE DAYS
 HEATING
  YESTERDAY        5                         2      3        0
  MONTH TO DATE   31                        28      3        0
  SINCE JUN 1     71                       123    -52       33
  SINCE JUL 1     43                        45     -2        7

 COOLING
  YESTERDAY        0                         3     -3        4
  MONTH TO DATE   95                       109    -14      178
  SINCE JUN 1    364                       386    -22      486
  SINCE JAN 1    369                       411    -42      530
..................................................................


WIND (MPH)
  HIGHEST WIND SPEED    17   HIGHEST WIND DIRECTION    NW (310)
  HIGHEST GUST SPEED    21   HIGHEST GUST DIRECTION    NW (330)
  AVERAGE WIND SPEED     7.9


SKY COVER
  POSSIBLE SUNSHINE  MM
  AVERAGE SKY COVER 0.0


WEATHER CONDITIONS
 THE FOLLOWING WEATHER WAS RECORDED YESTERDAY.
  NO SIGNIFICANT WEATHER WAS OBSERVED.


RELATIVE HUMIDITY (PERCENT)
 HIGHEST    96          1000 PM
 LOWEST     38           300 PM
 AVERAGE    67

..........................................................


THE ST CLOUD MN CLIMATE NORMALS FOR TODAY
                         NORMAL    RECORD    YEAR
 MAXIMUM TEMPERATURE (F)   78        95      2013
 MINIMUM TEMPERATURE (F)   54        40      1986
                                             1915


SUNRISE AND SUNSET
AUGUST 26 2015........SUNRISE   630 AM CDT   SUNSET   805 PM CDT
AUGUST 27 2015........SUNRISE   631 AM CDT   SUNSET   804 PM CDT


-  INDICATES NEGATIVE NUMBERS.
R  INDICATES RECORD WAS SET OR TIED.
MM INDICATES DATA IS MISSING.
T  INDICATES TRACE AMOUNT.




$$
