000
CDUS43 KMPX 160052
CLISTC


CLIMATE REPORT
NATIONAL WEATHER SERVICE CHANHASSEN MN
752 PM CDT WED OCT 15 2014


...................................

...THE ST CLOUD MN CLIMATE SUMMARY FOR OCTOBER 15 2014...
VALID TODAY AS OF 0700 PM LOCAL TIME.

CLIMATE NORMAL PERIOD 1981 TO 2010
CLIMATE RECORD PERIOD 1893 TO 2014


WEATHER ITEM   OBSERVED TIME   RECORD YEAR NORMAL DEPARTURE LAST
                VALUE   (LST)  VALUE       VALUE  FROM      YEAR
                                                  NORMAL
..................................................................
TEMPERATURE (F)
 TODAY
  MAXIMUM         69    421 PM  82    1968  57     12       49
                                      1947
                                      1910
  MINIMUM         33    646 AM  19    1952  35     -2       43
  AVERAGE         51                        46      5       46

PRECIPITATION (IN)
  TODAY            0.00          3.20 1899   0.09  -0.09     1.06
  MONTH TO DATE    0.45                      1.39  -0.94     3.68
  SINCE SEP 1      4.51                      4.85  -0.34     5.55
  SINCE JAN 1     33.88                     24.43   9.45    25.88

SNOWFALL (IN)
  TODAY            0.0           1.4  1966   0.0    0.0      0.0
  MONTH TO DATE    0.0                       0.1   -0.1      0.0
  SINCE SEP 1      0.0                       0.1   -0.1      0.0
  SINCE JUL 1      0.0                       0.1   -0.1      0.0
  SNOW DEPTH       0

DEGREE DAYS
 HEATING
  TODAY           14                        19     -5       19
  MONTH TO DATE  254                       242     12      173
  SINCE SEP 1    406                       470    -64      302
  SINCE JUL 1    415                       528   -113      351

 COOLING
  TODAY            0                         0      0        0
  MONTH TO DATE    0                         0      0        0
  SINCE SEP 1     43                        34      9       74
  SINCE JAN 1    597                       463    134      578
..................................................................


WIND (MPH)
  HIGHEST WIND SPEED     6   HIGHEST WIND DIRECTION     E (110)
  HIGHEST GUST SPEED     7   HIGHEST GUST DIRECTION    SE (120)
  AVERAGE WIND SPEED     1.7


SKY COVER
  POSSIBLE SUNSHINE  MM
  AVERAGE SKY COVER 0.0


WEATHER CONDITIONS
 THE FOLLOWING WEATHER WAS RECORDED TODAY.
  FOG


RELATIVE HUMIDITY (PERCENT)
 HIGHEST    92           400 AM
 LOWEST     31           400 PM
 AVERAGE    62

..........................................................


THE ST CLOUD MN CLIMATE NORMALS FOR TOMORROW
                         NORMAL    RECORD    YEAR
 MAXIMUM TEMPERATURE (F)   57        83      1947
 MINIMUM TEMPERATURE (F)   35        18      1952


SUNRISE AND SUNSET
OCTOBER 15 2014.......SUNRISE   733 AM CDT   SUNSET   631 PM CDT
OCTOBER 16 2014.......SUNRISE   734 AM CDT   SUNSET   629 PM CDT


-  INDICATES NEGATIVE NUMBERS.
R  INDICATES RECORD WAS SET OR TIED.
MM INDICATES DATA IS MISSING.
T  INDICATES TRACE AMOUNT.




$$
