000
CDUS43 KMPX 190645
CLISTC


CLIMATE REPORT
NATIONAL WEATHER SERVICE CHANHASSEN MN
1245 AM CST MON JAN 19 2015


...................................

...THE ST CLOUD MN CLIMATE SUMMARY FOR JANUARY 18 2015...

CLIMATE NORMAL PERIOD 1981 TO 2010
CLIMATE RECORD PERIOD 1893 TO 2015


WEATHER ITEM   OBSERVED TIME   RECORD YEAR NORMAL DEPARTURE LAST
                VALUE   (LST)  VALUE       VALUE  FROM      YEAR
                                                  NORMAL
..................................................................
TEMPERATURE (F)
 YESTERDAY
  MAXIMUM         39    237 PM  48    1981  21     18       22
  MINIMUM         21   1159 PM -34    1994   1     20       12
  AVERAGE         30                        11     19       17

PRECIPITATION (IN)
  YESTERDAY        0.00          0.70 1922   0.02  -0.02     0.39
  MONTH TO DATE    0.21                      0.41  -0.20     0.83
  SINCE DEC 1      0.96                      1.23  -0.27     2.60
  SINCE JAN 1      0.21                      0.41  -0.20     0.83

SNOWFALL (IN)
  YESTERDAY        0.0           5.7  2014   0.3   -0.3      5.7
  MONTH TO DATE    2.0                       5.3   -3.3      9.5
  SINCE DEC 1      4.5                      14.7  -10.2     29.9
  SINCE JUL 1     22.1                      23.9   -1.8     33.5
  SNOW DEPTH       0

DEGREE DAYS
 HEATING
  YESTERDAY       35                        54    -19       48
  MONTH TO DATE 1012                       965     47     1058
  SINCE DEC 1   2274                      2487   -213     2873
  SINCE JUL 1   4206                      4412   -206     4746

 COOLING
  YESTERDAY        0                         0      0        0
  MONTH TO DATE    0                         0      0        0
  SINCE DEC 1      0                         0      0        0
  SINCE JAN 1      0                         0      0        0
..................................................................


WIND (MPH)
  HIGHEST WIND SPEED    14   HIGHEST WIND DIRECTION    NW (300)
  HIGHEST GUST SPEED    17   HIGHEST GUST DIRECTION    NW (300)
  AVERAGE WIND SPEED     5.7


SKY COVER
  POSSIBLE SUNSHINE  MM
  AVERAGE SKY COVER 0.2


WEATHER CONDITIONS
 THE FOLLOWING WEATHER WAS RECORDED YESTERDAY.
  NO SIGNIFICANT WEATHER WAS OBSERVED.


RELATIVE HUMIDITY (PERCENT)
 HIGHEST    92           800 PM
 LOWEST     59           200 PM
 AVERAGE    76

..........................................................


THE ST CLOUD MN CLIMATE NORMALS FOR TODAY
                         NORMAL    RECORD    YEAR
 MAXIMUM TEMPERATURE (F)   21        50      1900
 MINIMUM TEMPERATURE (F)    1       -40      1994


SUNRISE AND SUNSET
JANUARY 19 2015.......SUNRISE   750 AM CST   SUNSET   504 PM CST
JANUARY 20 2015.......SUNRISE   749 AM CST   SUNSET   506 PM CST


-  INDICATES NEGATIVE NUMBERS.
R  INDICATES RECORD WAS SET OR TIED.
MM INDICATES DATA IS MISSING.
T  INDICATES TRACE AMOUNT.




$$
