000
CDUS43 KMPX 270837
CLISTC


CLIMATE REPORT
NATIONAL WEATHER SERVICE CHANHASSEN MN
335 AM CDT FRI MAR 27 2015


...................................

...THE ST CLOUD MN CLIMATE SUMMARY FOR MARCH 26 2015...

CLIMATE NORMAL PERIOD 1981 TO 2010
CLIMATE RECORD PERIOD 1893 TO 2015


WEATHER ITEM   OBSERVED TIME   RECORD YEAR NORMAL DEPARTURE LAST
                VALUE   (LST)  VALUE       VALUE  FROM      YEAR
                                                  NORMAL
..................................................................
TEMPERATURE (F)
 YESTERDAY
  MAXIMUM         35    427 PM  79    2007  44     -9       39
  MINIMUM         21   1159 PM -14    1996  24     -3        6
                                      1965
  AVERAGE         28                        34     -6       23

PRECIPITATION (IN)
  YESTERDAY        0.00          0.80 1921   0.06  -0.06     0.00
  MONTH TO DATE    0.21                      1.24  -1.03     0.69
  SINCE MAR 1      0.21                      1.24  -1.03     0.69
  SINCE JAN 1      0.80                      2.48  -1.68     3.20

SNOWFALL (IN)
  YESTERDAY        0.0           6.2  1936   0.2   -0.2      0.0
  MONTH TO DATE    3.3                       7.6   -4.3      7.8
  SINCE MAR 1      3.3                       7.6   -4.3      7.8
  SINCE JUL 1     30.1                      41.8  -11.7     62.1
  SNOW DEPTH       0

DEGREE DAYS
 HEATING
  YESTERDAY       37                        31      6       42
  MONTH TO DATE  860                       956    -96     1156
  SINCE MAR 1    860                       956    -96     1156
  SINCE JUL 1   7118                      7402   -284     8365

 COOLING
  YESTERDAY        0                         0      0        0
  MONTH TO DATE    0                         0      0        0
  SINCE MAR 1      0                         0      0        0
  SINCE JAN 1      0                         0      0        0
..................................................................


WIND (MPH)
  HIGHEST WIND SPEED    18   HIGHEST WIND DIRECTION    NW (310)
  HIGHEST GUST SPEED    24   HIGHEST GUST DIRECTION     N (360)
  AVERAGE WIND SPEED    11.2


SKY COVER
  POSSIBLE SUNSHINE  MM
  AVERAGE SKY COVER 0.5


WEATHER CONDITIONS
 THE FOLLOWING WEATHER WAS RECORDED YESTERDAY.
  NO SIGNIFICANT WEATHER WAS OBSERVED.


RELATIVE HUMIDITY (PERCENT)
 HIGHEST    81           500 AM
 LOWEST     35           500 PM
 AVERAGE    58

..........................................................


THE ST CLOUD MN CLIMATE NORMALS FOR TODAY
                         NORMAL    RECORD    YEAR
 MAXIMUM TEMPERATURE (F)   45        76      1946
 MINIMUM TEMPERATURE (F)   24        -2      1923


SUNRISE AND SUNSET
MARCH 27 2015.........SUNRISE   706 AM CDT   SUNSET   738 PM CDT
MARCH 28 2015.........SUNRISE   705 AM CDT   SUNSET   739 PM CDT


-  INDICATES NEGATIVE NUMBERS.
R  INDICATES RECORD WAS SET OR TIED.
MM INDICATES DATA IS MISSING.
T  INDICATES TRACE AMOUNT.




$$
