000
CDUS43 KMPX 100036
CLISTC


CLIMATE REPORT
NATIONAL WEATHER SERVICE CHANHASSEN MN
735 PM CDT TUE MAY 9 2017


...................................

...THE ST CLOUD MN CLIMATE SUMMARY FOR MAY 9 2017...
VALID TODAY AS OF 0700 PM LOCAL TIME.

CLIMATE NORMAL PERIOD 1981 TO 2010
CLIMATE RECORD PERIOD 1893 TO 2017


WEATHER ITEM   OBSERVED TIME   RECORD YEAR NORMAL DEPARTURE LAST
                VALUE   (LST)  VALUE       VALUE  FROM      YEAR
                                                  NORMAL
..................................................................
TEMPERATURE (F)
 TODAY
  MAXIMUM         71    326 PM  91    1928  67      4       69
  MINIMUM         45    315 AM  21    1945  42      3       49
  AVERAGE         58                        54      4       59

PRECIPITATION (IN)
  TODAY            0.00          3.22 1979   0.09  -0.09     0.20
  MONTH TO DATE    0.72                      0.86  -0.14     0.20
  SINCE MAR 1      4.66                      4.98  -0.32     3.44
  SINCE JAN 1      5.98                      6.22  -0.24     4.38

SNOWFALL (IN)
  TODAY            0.0           T    1902   0.0    0.0      0.0
                                      1905
                                      1924
  MONTH TO DATE    1.0                       0.0    1.0      0.0
  SINCE MAR 1      3.0                      11.5   -8.5      4.6
  SINCE JUL 1     31.9                      45.7  -13.8     30.3
  SNOW DEPTH       0

DEGREE DAYS
 HEATING
  TODAY            7                        11     -4        6
  MONTH TO DATE  108                       111     -3       83
  SINCE MAR 1   1731                      1832   -101     1505
  SINCE JUL 1   7087                      8278  -1191     6956

 COOLING
  TODAY            0                         1     -1        0
  MONTH TO DATE    0                         1     -1        8
  SINCE MAR 1      0                         3     -3       13
  SINCE JAN 1      0                         3     -3       13
..................................................................


WIND (MPH)
  HIGHEST WIND SPEED    20   HIGHEST WIND DIRECTION    NW (310)
  HIGHEST GUST SPEED    24   HIGHEST GUST DIRECTION    NW (300)
  AVERAGE WIND SPEED     7.3


SKY COVER
  POSSIBLE SUNSHINE  MM
  AVERAGE SKY COVER 0.4


WEATHER CONDITIONS
 THE FOLLOWING WEATHER WAS RECORDED TODAY.
  NO SIGNIFICANT WEATHER WAS OBSERVED.


RELATIVE HUMIDITY (PERCENT)
 HIGHEST    89          1200 AM
 LOWEST     33           300 PM
 AVERAGE    61

..........................................................


THE ST CLOUD MN CLIMATE NORMALS FOR TOMORROW
                         NORMAL    RECORD    YEAR
 MAXIMUM TEMPERATURE (F)   67        92      1911
 MINIMUM TEMPERATURE (F)   42        20      1945


SUNRISE AND SUNSET
MAY  9 2017...........SUNRISE   553 AM CDT   SUNSET   834 PM CDT
MAY 10 2017...........SUNRISE   551 AM CDT   SUNSET   835 PM CDT


-  INDICATES NEGATIVE NUMBERS.
R  INDICATES RECORD WAS SET OR TIED.
MM INDICATES DATA IS MISSING.
T  INDICATES TRACE AMOUNT.




$$
