000
CDUS43 KMPX 092124
CLISTC


CLIMATE REPORT
NATIONAL WEATHER SERVICE CHANHASSEN MN
424 PM CDT SAT JUL 9 2016


...................................

...THE ST CLOUD MN CLIMATE SUMMARY FOR JULY 9 2016...
VALID AS OF 0400 PM LOCAL TIME.

CLIMATE NORMAL PERIOD 1981 TO 2010
CLIMATE RECORD PERIOD 1893 TO 2016


WEATHER ITEM   OBSERVED TIME   RECORD YEAR NORMAL DEPARTURE LAST
                VALUE   (LST)  VALUE       VALUE  FROM      YEAR
                                                  NORMAL
..................................................................
TEMPERATURE (F)
 TODAY
  MAXIMUM         81    230 PM  99    1936  82     -1       81
  MINIMUM         55    439 AM  46    1977  59     -4       57
                                      1895
  AVERAGE         68                        70     -2       69

PRECIPITATION (IN)
  TODAY            0.00          1.06 1984   0.11  -0.11     0.00
  MONTH TO DATE    0.51                      1.03  -0.52     1.70
  SINCE JUN 1      3.88                      5.20  -1.32     6.36
  SINCE JAN 1     10.23                     13.51  -3.28    15.03

SNOWFALL (IN)
  TODAY            0.0           0.0    MM   0.0    0.0      0.0
  MONTH TO DATE    0.0                       0.0    0.0      0.0
  SINCE JUN 1      0.0                       0.0    0.0      0.0
  SINCE JUL 1      0.0                       0.0    0.0      0.0
  SNOW DEPTH       0

DEGREE DAYS
 HEATING
  TODAY            0                         1     -1        0
  MONTH TO DATE    6                         9     -3       12
  SINCE JUN 1     39                        87    -48       40
  SINCE JUL 1      6                         9     -3       12

 COOLING
  TODAY            3                         6     -3        4
  MONTH TO DATE   36                        53    -17       21
  SINCE JUN 1    144                       148     -4       93
  SINCE JAN 1    175                       173      2       98
..................................................................


WIND (MPH)
  HIGHEST WIND SPEED    13   HIGHEST WIND DIRECTION     S (180)
  HIGHEST GUST SPEED    20   HIGHEST GUST DIRECTION    SE (150)
  AVERAGE WIND SPEED     4.3


SKY COVER
  POSSIBLE SUNSHINE  MM
  AVERAGE SKY COVER 0.1


WEATHER CONDITIONS
 THE FOLLOWING WEATHER WAS RECORDED TODAY.
  FOG


RELATIVE HUMIDITY (PERCENT)
 HIGHEST   100          1200 AM
 LOWEST     51           200 PM
 AVERAGE    76

..........................................................


THE ST CLOUD MN CLIMATE NORMALS FOR TOMORROW
                         NORMAL    RECORD    YEAR
 MAXIMUM TEMPERATURE (F)   83       106      1936
 MINIMUM TEMPERATURE (F)   59        42      1945


SUNRISE AND SUNSET
JULY  9 2016..........SUNRISE   537 AM CDT   SUNSET   906 PM CDT
JULY 10 2016..........SUNRISE   538 AM CDT   SUNSET   905 PM CDT


-  INDICATES NEGATIVE NUMBERS.
R  INDICATES RECORD WAS SET OR TIED.
MM INDICATES DATA IS MISSING.
T  INDICATES TRACE AMOUNT.




$$
