000
CDUS43 KMPX 240623
CLISTC


CLIMATE REPORT
NATIONAL WEATHER SERVICE CHANHASSEN MN
123 AM CDT SUN AUG 24 2014


...................................

...THE ST CLOUD MN CLIMATE SUMMARY FOR AUGUST 23 2014...

CLIMATE NORMAL PERIOD 1981 TO 2010
CLIMATE RECORD PERIOD 1893 TO 2014


WEATHER ITEM   OBSERVED TIME   RECORD YEAR NORMAL DEPARTURE LAST
                VALUE   (LST)  VALUE       VALUE  FROM      YEAR
                                                  NORMAL
..................................................................
TEMPERATURE (F)
 YESTERDAY
  MAXIMUM         77    543 PM  95    1947  79     -2       86
  MINIMUM         65    801 AM  39    1934  55     10       51
  AVERAGE         71                        67      4       69

PRECIPITATION (IN)
  YESTERDAY        T             0.72 1994   0.13  -0.13     0.00
  MONTH TO DATE    2.73                      2.72   0.01     0.58
  SINCE JUN 1     10.16                     10.20  -0.04     7.77
  SINCE JAN 1     26.51                     18.51   8.00    20.06

SNOWFALL (IN)
  YESTERDAY        0.0           0.0    MM   0.0    0.0      0.0
  MONTH TO DATE    0.0                       0.0    0.0      0.0
  SINCE JUN 1      0.0                       0.0    0.0      0.0
  SINCE JUL 1      0.0                       0.0    0.0      0.0
  SNOW DEPTH       0

DEGREE DAYS
 HEATING
  YESTERDAY        0                         2     -2        0
  MONTH TO DATE    0                        24    -24       23
  SINCE JUN 1     33                       119    -86      136
  SINCE JUL 1      7                        41    -34       49

 COOLING
  YESTERDAY        6                         3      3        4
  MONTH TO DATE  166                       103     63       65
  SINCE JUN 1    474                       380     94      381
  SINCE JAN 1    518                       405    113      392
..................................................................


WIND (MPH)
  HIGHEST WIND SPEED    13   HIGHEST WIND DIRECTION     E (90)
  HIGHEST GUST SPEED    17   HIGHEST GUST DIRECTION     E (80)
  AVERAGE WIND SPEED     6.8


SKY COVER
  POSSIBLE SUNSHINE  MM
  AVERAGE SKY COVER 0.8


WEATHER CONDITIONS
 THE FOLLOWING WEATHER WAS RECORDED YESTERDAY.
  FOG


RELATIVE HUMIDITY (PERCENT)
 HIGHEST    93           200 AM
 LOWEST     73          1200 PM
 AVERAGE    83

..........................................................


THE ST CLOUD MN CLIMATE NORMALS FOR TODAY
                         NORMAL    RECORD    YEAR
 MAXIMUM TEMPERATURE (F)   78        96      2003
 MINIMUM TEMPERATURE (F)   55        37      1987


SUNRISE AND SUNSET
AUGUST 24 2014........SUNRISE   628 AM CDT   SUNSET   808 PM CDT
AUGUST 25 2014........SUNRISE   629 AM CDT   SUNSET   807 PM CDT


-  INDICATES NEGATIVE NUMBERS.
R  INDICATES RECORD WAS SET OR TIED.
MM INDICATES DATA IS MISSING.
T  INDICATES TRACE AMOUNT.




$$
