000
CDUS43 KMPX 182139
CLISTC


CLIMATE REPORT
NATIONAL WEATHER SERVICE CHANHASSEN MN
439 PM CDT WED MAY 18 2016


...................................

...THE ST CLOUD MN CLIMATE SUMMARY FOR MAY 18 2016...
VALID AS OF 0400 PM LOCAL TIME.

CLIMATE NORMAL PERIOD 1981 TO 2010
CLIMATE RECORD PERIOD 1893 TO 2016


WEATHER ITEM   OBSERVED TIME   RECORD YEAR NORMAL DEPARTURE LAST
                VALUE   (LST)  VALUE       VALUE  FROM      YEAR
                                                  NORMAL
..................................................................
TEMPERATURE (F)
 TODAY
  MAXIMUM         68    249 PM  94    2012  70     -2       47
                                      1998
  MINIMUM         33    508 AM  30    1976  45    -12       37
  AVERAGE         51                        57     -6       42

PRECIPITATION (IN)
  TODAY            0.00          2.41 1962   0.09  -0.09     0.01
  MONTH TO DATE    0.75                      1.68  -0.93     5.19
  SINCE MAR 1      3.99                      5.80  -1.81     7.24
  SINCE JAN 1      4.93                      7.04  -2.11     7.83

SNOWFALL (IN)
  TODAY            0.0           T    1968   0.0    0.0      0.0
                                      1915
  MONTH TO DATE    0.0                       0.0    0.0      0.0
  SINCE MAR 1      4.6                      11.5   -6.9      4.3
  SINCE JUL 1     30.3                      45.7  -15.4     31.1
  SNOW DEPTH       0

DEGREE DAYS
 HEATING
  TODAY           14                         9      5       23
  MONTH TO DATE  235                       198     37      189
  SINCE MAR 1   1657                      1919   -262     1741
  SINCE JUL 1   7108                      8365  -1257     7999

 COOLING
  TODAY            0                         1     -1        0
  MONTH TO DATE    8                        10     -2        0
  SINCE MAR 1     13                        12      1        0
  SINCE JAN 1     13                        12      1        0
..................................................................


WIND (MPH)
  HIGHEST WIND SPEED    15   HIGHEST WIND DIRECTION    SE (150)
  HIGHEST GUST SPEED    20   HIGHEST GUST DIRECTION    SE (150)
  AVERAGE WIND SPEED     2.8


SKY COVER
  POSSIBLE SUNSHINE  MM
  AVERAGE SKY COVER 0.0


WEATHER CONDITIONS
 THE FOLLOWING WEATHER WAS RECORDED TODAY.
  NO SIGNIFICANT WEATHER WAS OBSERVED.


RELATIVE HUMIDITY (PERCENT)
 HIGHEST    96           400 AM
 LOWEST     26           100 PM
 AVERAGE    61

..........................................................


THE ST CLOUD MN CLIMATE NORMALS FOR TOMORROW
                         NORMAL    RECORD    YEAR
 MAXIMUM TEMPERATURE (F)   70        91      1921
 MINIMUM TEMPERATURE (F)   45        28      2000
                                             1981


SUNRISE AND SUNSET
MAY 18 2016...........SUNRISE   542 AM CDT   SUNSET   844 PM CDT
MAY 19 2016...........SUNRISE   541 AM CDT   SUNSET   846 PM CDT


-  INDICATES NEGATIVE NUMBERS.
R  INDICATES RECORD WAS SET OR TIED.
MM INDICATES DATA IS MISSING.
T  INDICATES TRACE AMOUNT.




$$
