000
CDUS43 KMPX 130625
CLISTC


CLIMATE REPORT
NATIONAL WEATHER SERVICE CHANHASSEN MN
125 AM CDT MON OCT 13 2014


...................................

...THE ST CLOUD MN CLIMATE SUMMARY FOR OCTOBER 12 2014...

CLIMATE NORMAL PERIOD 1981 TO 2010
CLIMATE RECORD PERIOD 1893 TO 2014


WEATHER ITEM   OBSERVED TIME   RECORD YEAR NORMAL DEPARTURE LAST
                VALUE   (LST)  VALUE       VALUE  FROM      YEAR
                                                  NORMAL
..................................................................
TEMPERATURE (F)
 YESTERDAY
  MAXIMUM         65    314 PM  84    1995  59      6       53
  MINIMUM         39    530 AM  18    2012  36      3       42
  AVERAGE         52                        47      5       48

PRECIPITATION (IN)
  YESTERDAY        0.00          1.15 1898   0.09  -0.09     0.07
  MONTH TO DATE    0.33                      1.12  -0.79     1.82
  SINCE SEP 1      4.39                      4.58  -0.19     3.69
  SINCE JAN 1     33.76                     24.16   9.60    24.02

SNOWFALL (IN)
  YESTERDAY        0.0           3.6  1969   0.0    0.0      0.0
  MONTH TO DATE    0.0                       0.1   -0.1      0.0
  SINCE SEP 1      0.0                       0.1   -0.1      0.0
  SINCE JUL 1      0.0                       0.1   -0.1      0.0
  SNOW DEPTH       0

DEGREE DAYS
 HEATING
  YESTERDAY       13                        18     -5       17
  MONTH TO DATE  214                       187     27      112
  SINCE SEP 1    366                       415    -49      241
  SINCE JUL 1    375                       473    -98      290

 COOLING
  YESTERDAY        0                         0      0        0
  MONTH TO DATE    0                         0      0        0
  SINCE SEP 1     43                        34      9       74
  SINCE JAN 1    597                       463    134      578
..................................................................


WIND (MPH)
  HIGHEST WIND SPEED    25   HIGHEST WIND DIRECTION     S (160)
  HIGHEST GUST SPEED    31   HIGHEST GUST DIRECTION    SE (150)
  AVERAGE WIND SPEED    12.4


SKY COVER
  POSSIBLE SUNSHINE  MM
  AVERAGE SKY COVER 0.0


WEATHER CONDITIONS
 THE FOLLOWING WEATHER WAS RECORDED YESTERDAY.
  NO SIGNIFICANT WEATHER WAS OBSERVED.


RELATIVE HUMIDITY (PERCENT)
 HIGHEST    79           500 AM
 LOWEST     30           300 PM
 AVERAGE    55

..........................................................


THE ST CLOUD MN CLIMATE NORMALS FOR TODAY
                         NORMAL    RECORD    YEAR
 MAXIMUM TEMPERATURE (F)   58        83      1956
 MINIMUM TEMPERATURE (F)   36        10      1917


SUNRISE AND SUNSET
OCTOBER 13 2014.......SUNRISE   730 AM CDT   SUNSET   634 PM CDT
OCTOBER 14 2014.......SUNRISE   731 AM CDT   SUNSET   632 PM CDT


-  INDICATES NEGATIVE NUMBERS.
R  INDICATES RECORD WAS SET OR TIED.
MM INDICATES DATA IS MISSING.
T  INDICATES TRACE AMOUNT.




$$
