666
CDUS43 KMPX 222156
CLISTC


CLIMATE REPORT
NATIONAL WEATHER SERVICE CHANHASSEN MN
456 PM CDT THU JUN 22 2017


...................................

...THE ST CLOUD MN CLIMATE SUMMARY FOR JUNE 22 2017...
VALID TODAY AS OF 0400 PM LOCAL TIME.

CLIMATE NORMAL PERIOD 1981 TO 2010
CLIMATE RECORD PERIOD 1893 TO 2017


WEATHER ITEM   OBSERVED TIME   RECORD YEAR NORMAL DEPARTURE LAST
                VALUE   (LST)  VALUE       VALUE  FROM      YEAR
                                                  NORMAL
..................................................................
TEMPERATURE (F)
 TODAY
  MAXIMUM         71    251 PM  98    1911  80     -9       84
  MINIMUM         59   1030 AM  38    1905  56      3       58
  AVERAGE         65                        68     -3       71

PRECIPITATION (IN)
  TODAY            0.29          0.86 2011   0.14   0.15     0.02
                                      1907
  MONTH TO DATE    1.38                      3.07  -1.69     2.94
  SINCE JUN 1      1.38                      3.07  -1.69     2.94
  SINCE JAN 1     11.08                     11.38  -0.30     9.29

SNOWFALL (IN)
  TODAY            0.0           0.0    MM   0.0    0.0      0.0
  MONTH TO DATE    0.0                       0.0    0.0      0.0
  SINCE JUN 1      0.0                       0.0    0.0      0.0
  SINCE JUL 1     31.9                      45.7  -13.8     30.3
  SNOW DEPTH       0

DEGREE DAYS
 HEATING
  TODAY            0                         2     -2        0
  MONTH TO DATE   12                        70    -58       30
  SINCE JUN 1     12                        70    -58       30
  SINCE JUL 1   7298                      8524  -1226     7167

 COOLING
  TODAY            0                         4     -4        6
  MONTH TO DATE   73                        57     16       82
  SINCE JUN 1     73                        57     16       82
  SINCE JAN 1     76                        82     -6      113
..................................................................


WIND (MPH)
  HIGHEST WIND SPEED    12   HIGHEST WIND DIRECTION     W (250)
  HIGHEST GUST SPEED    16   HIGHEST GUST DIRECTION     N (350)
  AVERAGE WIND SPEED     4.0


SKY COVER
  POSSIBLE SUNSHINE  MM
  AVERAGE SKY COVER 0.6


WEATHER CONDITIONS
 THE FOLLOWING WEATHER WAS RECORDED TODAY.
  RAIN
  LIGHT RAIN
  FOG


RELATIVE HUMIDITY (PERCENT)
 HIGHEST   100           200 AM
 LOWEST     61           300 PM
 AVERAGE    81

..........................................................


THE ST CLOUD MN CLIMATE NORMALS FOR TOMORROW
                         NORMAL    RECORD    YEAR
 MAXIMUM TEMPERATURE (F)   80        98      2005
 MINIMUM TEMPERATURE (F)   56        42      1972
                                             1958


SUNRISE AND SUNSET
JUNE 22 2017..........SUNRISE   528 AM CDT   SUNSET   909 PM CDT
JUNE 23 2017..........SUNRISE   528 AM CDT   SUNSET   909 PM CDT


-  INDICATES NEGATIVE NUMBERS.
R  INDICATES RECORD WAS SET OR TIED.
MM INDICATES DATA IS MISSING.
T  INDICATES TRACE AMOUNT.




$$
