000
CDUS43 KMPX 050058
CLISTC


CLIMATE REPORT
NATIONAL WEATHER SERVICE CHANHASSEN MN
658 PM CST WED JAN 4 2017


...................................

...THE ST CLOUD MN CLIMATE SUMMARY FOR JANUARY 4 2017...
VALID TODAY AS OF 0600 PM LOCAL TIME.

CLIMATE NORMAL PERIOD 1981 TO 2010
CLIMATE RECORD PERIOD 1893 TO 2017


WEATHER ITEM   OBSERVED TIME   RECORD YEAR NORMAL DEPARTURE LAST
                VALUE   (LST)  VALUE       VALUE  FROM      YEAR
                                                  NORMAL
..................................................................
TEMPERATURE (F)
 TODAY
  MAXIMUM          0    254 PM  42    2001  21    -21       25
  MINIMUM        -10    838 AM -31    1924   2    -12        2
  AVERAGE         -5                        12    -17       14

PRECIPITATION (IN)
  TODAY            0.00          0.75 1997   0.03  -0.03     0.00
  MONTH TO DATE    0.12                      0.10   0.02      T
  SINCE DEC 1      1.67                      0.92   0.75     1.02
  SINCE JAN 1      0.12                      0.10   0.02      T

SNOWFALL (IN)
  TODAY            0.0           8.5  1997   0.3   -0.3      0.0
  MONTH TO DATE    1.4                       1.2    0.2       T
  SINCE DEC 1     10.2                      10.6   -0.4      8.2
  SINCE JUL 1     17.5                      19.8   -2.3     13.9
  SNOW DEPTH       2

DEGREE DAYS
 HEATING
  TODAY           70                        53     17       51
  MONTH TO DATE  200                       212    -12      185
  SINCE DEC 1   1664                      1734    -70     1368
  SINCE JUL 1   3038                      3659   -621     2827

 COOLING
  TODAY            0                         0      0        0
  MONTH TO DATE    0                         0      0        0
  SINCE DEC 1      0                         0      0        0
  SINCE JAN 1      0                         0      0        0
..................................................................


WIND (MPH)
  HIGHEST WIND SPEED    22   HIGHEST WIND DIRECTION    NW (300)
  HIGHEST GUST SPEED    26   HIGHEST GUST DIRECTION    NW (300)
  AVERAGE WIND SPEED    15.1


SKY COVER
  POSSIBLE SUNSHINE  MM
  AVERAGE SKY COVER 0.0


WEATHER CONDITIONS
 THE FOLLOWING WEATHER WAS RECORDED TODAY.
  NO SIGNIFICANT WEATHER WAS OBSERVED.


RELATIVE HUMIDITY (PERCENT)
 HIGHEST    79           600 AM
 LOWEST     65           100 PM
 AVERAGE    72

..........................................................


THE ST CLOUD MN CLIMATE NORMALS FOR TOMORROW
                         NORMAL    RECORD    YEAR
 MAXIMUM TEMPERATURE (F)   21        53      2012
 MINIMUM TEMPERATURE (F)    2       -32      1912


SUNRISE AND SUNSET
JANUARY  4 2017.......SUNRISE   756 AM CST   SUNSET   447 PM CST
JANUARY  5 2017.......SUNRISE   756 AM CST   SUNSET   448 PM CST


-  INDICATES NEGATIVE NUMBERS.
R  INDICATES RECORD WAS SET OR TIED.
MM INDICATES DATA IS MISSING.
T  INDICATES TRACE AMOUNT.




$$
