000
CDUS43 KMPX 120031
CLISTC


CLIMATE REPORT
NATIONAL WEATHER SERVICE CHANHASSEN MN
731 PM CDT FRI AUG 11 2017


...................................

...THE ST CLOUD MN CLIMATE SUMMARY FOR AUGUST 11 2017...
VALID TODAY AS OF 0700 PM LOCAL TIME.

CLIMATE NORMAL PERIOD 1981 TO 2010
CLIMATE RECORD PERIOD 1893 TO 2017


WEATHER ITEM   OBSERVED TIME   RECORD YEAR NORMAL DEPARTURE LAST
                VALUE   (LST)  VALUE       VALUE  FROM      YEAR
                                                  NORMAL
..................................................................
TEMPERATURE (F)
 TODAY
  MAXIMUM         79    241 PM  98    1947  81     -2       81
  MINIMUM         51    547 AM  38    1982  57     -6       66
  AVERAGE         65                        69     -4       74

PRECIPITATION (IN)
  TODAY            T             1.60 1963   0.12  -0.12     0.38
  MONTH TO DATE    1.86                      1.24   0.62     2.44
  SINCE JUN 1      7.82                      8.72  -0.90    12.55
  SINCE JAN 1     17.52                     17.03   0.49    18.90

SNOWFALL (IN)
  TODAY            0.0           0.0    MM   0.0    0.0      0.0
  MONTH TO DATE    0.0                       0.0    0.0      0.0
  SINCE JUN 1      0.0                       0.0    0.0      0.0
  SINCE JUL 1      0.0                       0.0    0.0      0.0
  SNOW DEPTH       0

DEGREE DAYS
 HEATING
  TODAY            0                         1     -1        0
  MONTH TO DATE   15                        11      4        0
  SINCE JUN 1     60                       106    -46       40
  SINCE JUL 1     19                        28     -9        7

 COOLING
  TODAY            0                         5     -5        9
  MONTH TO DATE   17                        55    -38       90
  SINCE JUN 1    273                       332    -59      380
  SINCE JAN 1    276                       357    -81      411
..................................................................


WIND (MPH)
  HIGHEST WIND SPEED    14   HIGHEST WIND DIRECTION    NW (320)
  HIGHEST GUST SPEED    19   HIGHEST GUST DIRECTION    NW (320)
  AVERAGE WIND SPEED     4.3


SKY COVER
  POSSIBLE SUNSHINE  MM
  AVERAGE SKY COVER 0.4


WEATHER CONDITIONS
 THE FOLLOWING WEATHER WAS RECORDED TODAY.
  FOG
  FOG W/VISIBILITY <= 1/4 MILE


RELATIVE HUMIDITY (PERCENT)
 HIGHEST   100          1200 AM
 LOWEST     43           200 PM
 AVERAGE    72

..........................................................


THE ST CLOUD MN CLIMATE NORMALS FOR TOMORROW
                         NORMAL    RECORD    YEAR
 MAXIMUM TEMPERATURE (F)   81        95      1965
 MINIMUM TEMPERATURE (F)   57        39      1946


SUNRISE AND SUNSET
AUGUST 11 2017........SUNRISE   612 AM CDT   SUNSET   830 PM CDT
AUGUST 12 2017........SUNRISE   614 AM CDT   SUNSET   828 PM CDT


-  INDICATES NEGATIVE NUMBERS.
R  INDICATES RECORD WAS SET OR TIED.
MM INDICATES DATA IS MISSING.
T  INDICATES TRACE AMOUNT.




$$
