000
CDUS43 KMPX 120633
CLISTC


CLIMATE REPORT
NATIONAL WEATHER SERVICE CHANHASSEN MN
133 AM CDT FRI SEP 12 2014


...................................

...THE ST CLOUD MN CLIMATE SUMMARY FOR SEPTEMBER 11 2014...

CLIMATE NORMAL PERIOD 1981 TO 2010
CLIMATE RECORD PERIOD 1893 TO 2014


WEATHER ITEM   OBSERVED TIME   RECORD YEAR NORMAL DEPARTURE LAST
                VALUE   (LST)  VALUE       VALUE  FROM      YEAR
                                                  NORMAL
..................................................................
TEMPERATURE (F)
 YESTERDAY
  MAXIMUM         58    145 PM  96    2012  72    -14       84
                                      1931
  MINIMUM         42    211 AM  31    1955  49     -7       57
  AVERAGE         50                        61    -11       71

PRECIPITATION (IN)
  YESTERDAY        T             3.35 1980   0.11  -0.11     0.00
  MONTH TO DATE    3.73                      1.41   2.32     0.10
  SINCE SEP 1      3.73                      1.41   2.32     0.10
  SINCE JAN 1     33.10                     20.99  12.11    20.43

SNOWFALL (IN)
  YESTERDAY        0.0           0.0    MM   0.0    0.0      0.0
  MONTH TO DATE    0.0                       0.0    0.0      0.0
  SINCE SEP 1      0.0                       0.0    0.0      0.0
  SINCE JUL 1      0.0                       0.0    0.0      0.0
  SNOW DEPTH       0

DEGREE DAYS
 HEATING
  YESTERDAY       15                         6      9        0
  MONTH TO DATE   34                        49    -15       17
  SINCE SEP 1     34                        49    -15       17
  SINCE JUL 1     43                       107    -64       66

 COOLING
  YESTERDAY        0                         1     -1        6
  MONTH TO DATE   20                        21     -1       60
  SINCE SEP 1     20                        21     -1       60
  SINCE JAN 1    574                       450    124      564
..................................................................


WIND (MPH)
  HIGHEST WIND SPEED    14   HIGHEST WIND DIRECTION     N (360)
  HIGHEST GUST SPEED    18   HIGHEST GUST DIRECTION     N (350)
  AVERAGE WIND SPEED     3.9


SKY COVER
  POSSIBLE SUNSHINE  MM
  AVERAGE SKY COVER 0.8


WEATHER CONDITIONS
 THE FOLLOWING WEATHER WAS RECORDED YESTERDAY.
  NO SIGNIFICANT WEATHER WAS OBSERVED.


RELATIVE HUMIDITY (PERCENT)
 HIGHEST    89           200 AM
 LOWEST     43           200 PM
 AVERAGE    66

..........................................................


THE ST CLOUD MN CLIMATE NORMALS FOR TODAY
                         NORMAL    RECORD    YEAR
 MAXIMUM TEMPERATURE (F)   72        91      1948
 MINIMUM TEMPERATURE (F)   49        30      1940
                                             1923


SUNRISE AND SUNSET
SEPTEMBER 12 2014.....SUNRISE   651 AM CDT   SUNSET   733 PM CDT
SEPTEMBER 13 2014.....SUNRISE   652 AM CDT   SUNSET   731 PM CDT


-  INDICATES NEGATIVE NUMBERS.
R  INDICATES RECORD WAS SET OR TIED.
MM INDICATES DATA IS MISSING.
T  INDICATES TRACE AMOUNT.




$$
