000
CDUS43 KMPX 190806
CLISTC


CLIMATE REPORT
NATIONAL WEATHER SERVICE CHANHASSEN MN
305 AM CDT FRI MAY 19 2017


...................................

...THE ST CLOUD MN CLIMATE SUMMARY FOR MAY 18 2017...

CLIMATE NORMAL PERIOD 1981 TO 2010
CLIMATE RECORD PERIOD 1893 TO 2017


WEATHER ITEM   OBSERVED TIME   RECORD YEAR NORMAL DEPARTURE LAST
                VALUE   (LST)  VALUE       VALUE  FROM      YEAR
                                                  NORMAL
..................................................................
TEMPERATURE (F)
 YESTERDAY
  MAXIMUM         57    625 PM  94    2012  70    -13       68
                                      1998
  MINIMUM         40   1159 PM  30    1976  45     -5       33
  AVERAGE         49                        57     -8       51

PRECIPITATION (IN)
  YESTERDAY        0.30          2.41 1962   0.09   0.21     0.00
  MONTH TO DATE    2.60                      1.68   0.92     0.75
  SINCE MAR 1      6.54                      5.80   0.74     3.99
  SINCE JAN 1      7.86                      7.04   0.82     4.93

SNOWFALL (IN)
  YESTERDAY        0.0           T    1968   0.0    0.0      0.0
                                      1915
  MONTH TO DATE    1.0                       0.0    1.0      0.0
  SINCE MAR 1      3.0                      11.5   -8.5      4.6
  SINCE JUL 1     31.9                      45.7  -13.8     30.3
  SNOW DEPTH       0

DEGREE DAYS
 HEATING
  YESTERDAY       16                         9      7       14
  MONTH TO DATE  168                       198    -30      235
  SINCE MAR 1   1791                      1919   -128     1657
  SINCE JUL 1   7147                      8365  -1218     7108

 COOLING
  YESTERDAY        0                         1     -1        0
  MONTH TO DATE    3                        10     -7        8
  SINCE MAR 1      3                        12     -9       13
  SINCE JAN 1      3                        12     -9       13
..................................................................


WIND (MPH)
  HIGHEST WIND SPEED    20   HIGHEST WIND DIRECTION    NE (40)
  HIGHEST GUST SPEED    29   HIGHEST GUST DIRECTION     N (20)
  AVERAGE WIND SPEED     8.7


SKY COVER
  POSSIBLE SUNSHINE  MM
  AVERAGE SKY COVER 0.7


WEATHER CONDITIONS
 THE FOLLOWING WEATHER WAS RECORDED YESTERDAY.
  RAIN
  LIGHT RAIN
  FOG


RELATIVE HUMIDITY (PERCENT)
 HIGHEST   100           200 AM
 LOWEST     59           600 PM
 AVERAGE    80

..........................................................


THE ST CLOUD MN CLIMATE NORMALS FOR TODAY
                         NORMAL    RECORD    YEAR
 MAXIMUM TEMPERATURE (F)   70        91      1921
 MINIMUM TEMPERATURE (F)   45        28      2000
                                             1981


SUNRISE AND SUNSET
MAY 19 2017...........SUNRISE   541 AM CDT   SUNSET   845 PM CDT
MAY 20 2017...........SUNRISE   540 AM CDT   SUNSET   846 PM CDT


-  INDICATES NEGATIVE NUMBERS.
R  INDICATES RECORD WAS SET OR TIED.
MM INDICATES DATA IS MISSING.
T  INDICATES TRACE AMOUNT.




$$
