000
CDUS43 KMPX 130634
CLISTC


CLIMATE REPORT
NATIONAL WEATHER SERVICE CHANHASSEN MN
1234 AM CST SAT JAN 13 2018


...................................

...THE ST CLOUD MN CLIMATE SUMMARY FOR JANUARY 12 2018...

CLIMATE NORMAL PERIOD 1981 TO 2010
CLIMATE RECORD PERIOD 1893 TO 2018


WEATHER ITEM   OBSERVED TIME   RECORD YEAR NORMAL DEPARTURE LAST
                VALUE   (LST)  VALUE       VALUE  FROM      YEAR
                                                  NORMAL
..................................................................
TEMPERATURE (F)
 YESTERDAY
  MAXIMUM          2    320 PM  49    1987  21    -19       10
  MINIMUM        -16    819 AM -40    1912   2    -18      -14
  AVERAGE         -7                        11    -18       -2

PRECIPITATION (IN)
  YESTERDAY        0.00          0.53 2005   0.03  -0.03     0.00
  MONTH TO DATE    0.06                      0.29  -0.23     0.37
  SINCE DEC 1      0.50                      1.11  -0.61     1.92
  SINCE JAN 1      0.06                      0.29  -0.23     0.37

SNOWFALL (IN)
  YESTERDAY        0.0           6.2  2005   0.3   -0.3      0.0
  MONTH TO DATE    0.5                       3.6   -3.1      9.0
  SINCE DEC 1      5.2                      13.0   -7.8     17.8
  SINCE JUL 1     12.3                      22.2   -9.9     25.1
  SNOW DEPTH       2

DEGREE DAYS
 HEATING
  YESTERDAY       72                        54     18       67
  MONTH TO DATE  692                       641     51      709
  SINCE DEC 1   2235                      2163     72     2173
  SINCE JUL 1   4001                      4088    -87     3547

 COOLING
  YESTERDAY        0                         0      0        0
  MONTH TO DATE    0                         0      0        0
  SINCE DEC 1      0                         0      0        0
  SINCE JAN 1      0                         0      0        0
..................................................................


WIND (MPH)
  HIGHEST WIND SPEED    16   HIGHEST WIND DIRECTION    NW (330)
  HIGHEST GUST SPEED    23   HIGHEST GUST DIRECTION    NW (320)
  AVERAGE WIND SPEED     9.1


SKY COVER
  POSSIBLE SUNSHINE  MM
  AVERAGE SKY COVER 0.0


WEATHER CONDITIONS
 THE FOLLOWING WEATHER WAS RECORDED YESTERDAY.
  NO SIGNIFICANT WEATHER WAS OBSERVED.


RELATIVE HUMIDITY (PERCENT)
 HIGHEST    74           500 AM
 LOWEST     53           200 PM
 AVERAGE    64

..........................................................


THE ST CLOUD MN CLIMATE NORMALS FOR TODAY
                         NORMAL    RECORD    YEAR
 MAXIMUM TEMPERATURE (F)   21        47      1980
 MINIMUM TEMPERATURE (F)    2       -35      1916


SUNRISE AND SUNSET
JANUARY 13 2018.......SUNRISE   754 AM CST   SUNSET   457 PM CST
JANUARY 14 2018.......SUNRISE   753 AM CST   SUNSET   458 PM CST


-  INDICATES NEGATIVE NUMBERS.
R  INDICATES RECORD WAS SET OR TIED.
MM INDICATES DATA IS MISSING.
T  INDICATES TRACE AMOUNT.




$$
