000
CDUS43 KMPX 120628
CLISTC


CLIMATE REPORT
NATIONAL WEATHER SERVICE CHANHASSEN MN
128 AM CDT TUE SEP 12 2017


...................................

...THE ST CLOUD MN CLIMATE SUMMARY FOR SEPTEMBER 11 2017...

CLIMATE NORMAL PERIOD 1981 TO 2010
CLIMATE RECORD PERIOD 1893 TO 2017


WEATHER ITEM   OBSERVED TIME   RECORD YEAR NORMAL DEPARTURE LAST
                VALUE   (LST)  VALUE       VALUE  FROM      YEAR
                                                  NORMAL
..................................................................
TEMPERATURE (F)
 YESTERDAY
  MAXIMUM         82    414 PM  96    2012  72     10       80
                                      1931
  MINIMUM         57   1159 PM  31    1955  49      8       49
  AVERAGE         70                        61      9       65

PRECIPITATION (IN)
  YESTERDAY        T             3.35 1980   0.11  -0.11     0.00
  MONTH TO DATE    0.18                      1.41  -1.23     0.85
  SINCE SEP 1      0.18                      1.41  -1.23     0.85
  SINCE JAN 1     21.11                     20.99   0.12    25.67

SNOWFALL (IN)
  YESTERDAY        0.0           0.0    MM   0.0    0.0      0.0
  MONTH TO DATE    0.0                       0.0    0.0      0.0
  SINCE SEP 1      0.0                       0.0    0.0      0.0
  SINCE JUL 1      0.0                       0.0    0.0      0.0
  SNOW DEPTH       0

DEGREE DAYS
 HEATING
  YESTERDAY        0                         6     -6        0
  MONTH TO DATE   46                        49     -3        7
  SINCE SEP 1     46                        49     -3        7
  SINCE JUL 1     86                       107    -21       29

 COOLING
  YESTERDAY        5                         1      4        0
  MONTH TO DATE   15                        21     -6       26
  SINCE SEP 1     15                        21     -6       26
  SINCE JAN 1    305                       450   -145      504
..................................................................


WIND (MPH)
  HIGHEST WIND SPEED    14   HIGHEST WIND DIRECTION     S (160)
  HIGHEST GUST SPEED    18   HIGHEST GUST DIRECTION     S (160)
  AVERAGE WIND SPEED     5.1


SKY COVER
  POSSIBLE SUNSHINE  MM
  AVERAGE SKY COVER 0.0


WEATHER CONDITIONS
 THE FOLLOWING WEATHER WAS RECORDED YESTERDAY.
  FOG


RELATIVE HUMIDITY (PERCENT)
 HIGHEST   100           800 PM
 LOWEST     55           300 PM
 AVERAGE    78

..........................................................


THE ST CLOUD MN CLIMATE NORMALS FOR TODAY
                         NORMAL    RECORD    YEAR
 MAXIMUM TEMPERATURE (F)   72        91      1948
 MINIMUM TEMPERATURE (F)   49        30      1940
                                             1923


SUNRISE AND SUNSET
SEPTEMBER 12 2017.....SUNRISE   651 AM CDT   SUNSET   733 PM CDT
SEPTEMBER 13 2017.....SUNRISE   653 AM CDT   SUNSET   731 PM CDT


-  INDICATES NEGATIVE NUMBERS.
R  INDICATES RECORD WAS SET OR TIED.
MM INDICATES DATA IS MISSING.
T  INDICATES TRACE AMOUNT.




$$
