000
CDUS43 KMPX 142215
CLISTC


CLIMATE REPORT
NATIONAL WEATHER SERVICE CHANHASSEN MN
515 PM CDT MON JUL 14 2014


...................................

...THE ST CLOUD MN CLIMATE SUMMARY FOR JULY 14 2014...
VALID AS OF 0500 PM LOCAL TIME.

CLIMATE NORMAL PERIOD 1981 TO 2010
CLIMATE RECORD PERIOD 1893 TO 2014


WEATHER ITEM   OBSERVED TIME   RECORD YEAR NORMAL DEPARTURE LAST
                VALUE   (LST)  VALUE       VALUE  FROM      YEAR
                                                  NORMAL
..................................................................
TEMPERATURE (F)
 TODAY
  MAXIMUM         65    300 PM 105    1936  83    -18       82
  MINIMUM         56        MM  46    1987  59     -3       67
  AVERAGE         61                        71    -10       75

PRECIPITATION (IN)
  TODAY            0.00          1.62 1998   0.10  -0.10     0.00
  MONTH TO DATE    0.81                      1.55  -0.74     1.00
  SINCE JUN 1      6.99                      5.72   1.27     6.76
  SINCE JAN 1     23.34                     14.03   9.31    19.05

SNOWFALL (IN)
  TODAY            0.0           0.0    MM   0.0    0.0      0.0
  MONTH TO DATE    0.0                       0.0    0.0      0.0
  SINCE JUN 1      0.0                       0.0    0.0      0.0
  SINCE JUL 1      0.0                       0.0    0.0      0.0
  SNOW DEPTH       0

DEGREE DAYS
 HEATING
  TODAY            4                         0      4        0
  MONTH TO DATE    4                        13     -9        0
  SINCE JUN 1     30                        91    -61       87
  SINCE JUL 1      4                        13     -9        0

 COOLING
  TODAY            0                         6     -6       10
  MONTH TO DATE   68                        83    -15      119
  SINCE JUN 1    201                       178     23      218
  SINCE JAN 1    245                       203     42      229
..................................................................


WIND (MPH)
  HIGHEST WIND SPEED    23   HIGHEST WIND DIRECTION    NW (310)
  HIGHEST GUST SPEED    38   HIGHEST GUST DIRECTION    NW (320)
  AVERAGE WIND SPEED    13.5


SKY COVER
  POSSIBLE SUNSHINE  MM
  AVERAGE SKY COVER 0.8


WEATHER CONDITIONS
 THE FOLLOWING WEATHER WAS RECORDED TODAY.
  NO SIGNIFICANT WEATHER WAS OBSERVED.


RELATIVE HUMIDITY (PERCENT)
 HIGHEST    80           200 AM
 LOWEST     55          1000 AM
 AVERAGE    68

..........................................................


THE ST CLOUD MN CLIMATE NORMALS FOR TOMORROW
                         NORMAL    RECORD    YEAR
 MAXIMUM TEMPERATURE (F)   83       102      1931
 MINIMUM TEMPERATURE (F)   59        44      1912


SUNRISE AND SUNSET
JULY 14 2014..........SUNRISE   541 AM CDT   SUNSET   903 PM CDT
JULY 15 2014..........SUNRISE   542 AM CDT   SUNSET   902 PM CDT


-  INDICATES NEGATIVE NUMBERS.
R  INDICATES RECORD WAS SET OR TIED.
MM INDICATES DATA IS MISSING.
T  INDICATES TRACE AMOUNT.




$$
