000
CDUS43 KMPX 012133
CLISTC


CLIMATE REPORT
NATIONAL WEATHER SERVICE CHANHASSEN MN
433 PM CDT TUE JUL 1 2014


...................................

...THE ST CLOUD MN CLIMATE SUMMARY FOR JULY 1 2014...
VALID AS OF 0400 PM LOCAL TIME.

CLIMATE NORMAL PERIOD 1981 TO 2010
CLIMATE RECORD PERIOD 1893 TO 2014


WEATHER ITEM   OBSERVED TIME   RECORD YEAR NORMAL DEPARTURE LAST
                VALUE   (LST)  VALUE       VALUE  FROM      YEAR
                                                  NORMAL
..................................................................
TEMPERATURE (F)
 TODAY
  MAXIMUM         74   1107 AM  98    1921  81     -7       84
  MINIMUM         63   1221 PM  40    1969  58      5       55
  AVERAGE         69                        70     -1       70

PRECIPITATION (IN)
  TODAY            0.01          1.28 1962   0.12  -0.11     0.00
  MONTH TO DATE    0.01                      0.12  -0.11     0.00
  SINCE JUN 1      6.19                      4.29   1.90     5.76
  SINCE JAN 1     22.54                     12.60   9.94    18.05

SNOWFALL (IN)
  TODAY            0.0           0.0    MM   0.0    0.0      0.0
  MONTH TO DATE    0.0                       0.0    0.0      0.0
  SINCE JUN 1      0.0                       0.0    0.0      0.0
  SINCE JUL 1      0.0                       0.0    0.0      0.0
  SNOW DEPTH       0

DEGREE DAYS
 HEATING
  TODAY            0                         1     -1        0
  MONTH TO DATE    0                         1     -1        0
  SINCE JUN 1     26                        79    -53       87
  SINCE JUL 1      0                         1     -1        0

 COOLING
  TODAY            4                         5     -1        5
  MONTH TO DATE    4                         5     -1        5
  SINCE JUN 1    137                       100     37      104
  SINCE JAN 1    181                       125     56      115
..................................................................


WIND (MPH)
  HIGHEST WIND SPEED    23   HIGHEST WIND DIRECTION    NW (310)
  HIGHEST GUST SPEED    29   HIGHEST GUST DIRECTION    NW (310)
  AVERAGE WIND SPEED    12.7


SKY COVER
  POSSIBLE SUNSHINE  MM
  AVERAGE SKY COVER 0.7


WEATHER CONDITIONS
 THE FOLLOWING WEATHER WAS RECORDED TODAY.
  LIGHT RAIN
  HAZE


RELATIVE HUMIDITY (PERCENT)
 HIGHEST    81           100 AM
 LOWEST     57          1100 AM
 AVERAGE    69

..........................................................


THE ST CLOUD MN CLIMATE NORMALS FOR TOMORROW
                         NORMAL    RECORD    YEAR
 MAXIMUM TEMPERATURE (F)   82        97      2012
 MINIMUM TEMPERATURE (F)   58        42      1994
                                             1980


SUNRISE AND SUNSET
JULY  1 2014..........SUNRISE   531 AM CDT   SUNSET   909 PM CDT
JULY  2 2014..........SUNRISE   532 AM CDT   SUNSET   909 PM CDT


-  INDICATES NEGATIVE NUMBERS.
R  INDICATES RECORD WAS SET OR TIED.
MM INDICATES DATA IS MISSING.
T  INDICATES TRACE AMOUNT.




$$
