000
CDUS43 KMPX 140628
CLISTC


CLIMATE REPORT
NATIONAL WEATHER SERVICE CHANHASSEN MN
1227 AM CST SAT JAN 14 2017


...................................

...THE ST CLOUD MN CLIMATE SUMMARY FOR JANUARY 13 2017...

CLIMATE NORMAL PERIOD 1981 TO 2010
CLIMATE RECORD PERIOD 1893 TO 2017


WEATHER ITEM   OBSERVED TIME   RECORD YEAR NORMAL DEPARTURE LAST
                VALUE   (LST)  VALUE       VALUE  FROM      YEAR
                                                  NORMAL
..................................................................
TEMPERATURE (F)
 YESTERDAY
  MAXIMUM          9   1159 PM  47    1980  21    -12       20
  MINIMUM        -19    558 AM -35    1916   2    -21      -12
  AVERAGE         -5                        11    -16        4

PRECIPITATION (IN)
  YESTERDAY        T             0.50 1923   0.02  -0.02     0.01
  MONTH TO DATE    0.43                      0.31   0.12     0.17
  SINCE DEC 1      1.98                      1.13   0.85     1.19
  SINCE JAN 1      0.43                      0.31   0.12     0.17

SNOWFALL (IN)
  YESTERDAY        T             5.0  1923   0.3   -0.3      0.4
  MONTH TO DATE    9.0                       3.9    5.1      1.9
  SINCE DEC 1     17.8                      13.3    4.5     10.1
  SINCE JUL 1     25.1                      22.5    2.6     15.8
  SNOW DEPTH       8

DEGREE DAYS
 HEATING
  YESTERDAY       70                        54     16       61
  MONTH TO DATE  779                       695     84      684
  SINCE DEC 1   2243                      2217     26     1867
  SINCE JUL 1   3617                      4142   -525     3326

 COOLING
  YESTERDAY        0                         0      0        0
  MONTH TO DATE    0                         0      0        0
  SINCE DEC 1      0                         0      0        0
  SINCE JAN 1      0                         0      0        0
..................................................................


WIND (MPH)
  HIGHEST WIND SPEED    13   HIGHEST WIND DIRECTION     S (160)
  HIGHEST GUST SPEED    15   HIGHEST GUST DIRECTION     S (160)
  AVERAGE WIND SPEED     5.3


SKY COVER
  POSSIBLE SUNSHINE  MM
  AVERAGE SKY COVER 0.5


WEATHER CONDITIONS
 THE FOLLOWING WEATHER WAS RECORDED YESTERDAY.
  NO SIGNIFICANT WEATHER WAS OBSERVED.


RELATIVE HUMIDITY (PERCENT)
 HIGHEST    91           400 AM
 LOWEST     65           100 PM
 AVERAGE    78

..........................................................


THE ST CLOUD MN CLIMATE NORMALS FOR TODAY
                         NORMAL    RECORD    YEAR
 MAXIMUM TEMPERATURE (F)   21        44      1944
                                             1901
 MINIMUM TEMPERATURE (F)    1       -30      1982


SUNRISE AND SUNSET
JANUARY 14 2017.......SUNRISE   753 AM CST   SUNSET   458 PM CST
JANUARY 15 2017.......SUNRISE   752 AM CST   SUNSET   500 PM CST


-  INDICATES NEGATIVE NUMBERS.
R  INDICATES RECORD WAS SET OR TIED.
MM INDICATES DATA IS MISSING.
T  INDICATES TRACE AMOUNT.




$$
