000
CDUS43 KMPX 220635
CLISTC


CLIMATE REPORT
NATIONAL WEATHER SERVICE CHANHASSEN MN
134 AM CDT FRI MAY 22 2015


...................................

...THE ST CLOUD MN CLIMATE SUMMARY FOR MAY 21 2015...

CLIMATE NORMAL PERIOD 1981 TO 2010
CLIMATE RECORD PERIOD 1893 TO 2015


WEATHER ITEM   OBSERVED TIME   RECORD YEAR NORMAL DEPARTURE LAST
                VALUE   (LST)  VALUE       VALUE  FROM      YEAR
                                                  NORMAL
..................................................................
TEMPERATURE (F)
 YESTERDAY
  MAXIMUM         71    444 PM  95    1964  70      1       65
  MINIMUM         41    334 AM  30    1986  46     -5       49
                                      1979
  AVERAGE         56                        58     -2       57

PRECIPITATION (IN)
  YESTERDAY        0.00          2.00 1916   0.09  -0.09     0.00
  MONTH TO DATE    5.19                      1.96   3.23     4.15
  SINCE MAR 1      7.24                      6.08   1.16    11.25
  SINCE JAN 1      7.83                      7.32   0.51    13.76

SNOWFALL (IN)
  YESTERDAY        0.0           0.0    MM   0.0    0.0      0.0
  MONTH TO DATE    0.0                       0.0    0.0      0.0
  SINCE MAR 1      4.3                      11.5   -7.2     21.2
  SINCE JUL 1     31.1                      45.7  -14.6     75.5
  SNOW DEPTH       0

DEGREE DAYS
 HEATING
  YESTERDAY        9                         8      1        8
  MONTH TO DATE  237                       222     15      256
  SINCE MAR 1   1789                      1943   -154     2279
  SINCE JUL 1   8047                      8389   -342     9488

 COOLING
  YESTERDAY        0                         1     -1        0
  MONTH TO DATE    0                        13    -13        2
  SINCE MAR 1      0                        15    -15        2
  SINCE JAN 1      0                        15    -15        2
..................................................................


WIND (MPH)
  HIGHEST WIND SPEED    18   HIGHEST WIND DIRECTION     N (360)
  HIGHEST GUST SPEED    26   HIGHEST GUST DIRECTION     N (10)
  AVERAGE WIND SPEED     7.0


SKY COVER
  POSSIBLE SUNSHINE  MM
  AVERAGE SKY COVER 0.1


WEATHER CONDITIONS
 THE FOLLOWING WEATHER WAS RECORDED YESTERDAY.
  NO SIGNIFICANT WEATHER WAS OBSERVED.


RELATIVE HUMIDITY (PERCENT)
 HIGHEST    82           300 AM
 LOWEST     23           500 PM
 AVERAGE    53

..........................................................


THE ST CLOUD MN CLIMATE NORMALS FOR TODAY
                         NORMAL    RECORD    YEAR
 MAXIMUM TEMPERATURE (F)   71        94      1964
 MINIMUM TEMPERATURE (F)   46        28      1963


SUNRISE AND SUNSET
MAY 22 2015...........SUNRISE   538 AM CDT   SUNSET   848 PM CDT
MAY 23 2015...........SUNRISE   538 AM CDT   SUNSET   849 PM CDT


-  INDICATES NEGATIVE NUMBERS.
R  INDICATES RECORD WAS SET OR TIED.
MM INDICATES DATA IS MISSING.
T  INDICATES TRACE AMOUNT.




$$
