000
CDUS43 KMPX 082149
CLISTC


CLIMATE REPORT
NATIONAL WEATHER SERVICE CHANHASSEN MN
449 PM CDT SAT APR 8 2017


...................................

...THE ST CLOUD MN CLIMATE SUMMARY FOR APRIL 8 2017...
VALID TODAY AS OF 0400 PM LOCAL TIME.

CLIMATE NORMAL PERIOD 1981 TO 2010
CLIMATE RECORD PERIOD 1893 TO 2017


WEATHER ITEM   OBSERVED TIME   RECORD YEAR NORMAL DEPARTURE LAST
                VALUE   (LST)  VALUE       VALUE  FROM      YEAR
                                                  NORMAL
..................................................................
TEMPERATURE (F)
 TODAY
  MAXIMUM         72    259 PM  81    1931  52     20       33
  MINIMUM         43    537 AM   7    1997  29     14       17
  AVERAGE         58                        41     17       25

PRECIPITATION (IN)
  TODAY            0.00          0.76 1969   0.08  -0.08     0.06
  MONTH TO DATE    T                         0.57  -0.57     0.15
  SINCE MAR 1      0.67                      2.12  -1.45     1.65
  SINCE JAN 1      1.99                      3.36  -1.37     2.59

SNOWFALL (IN)
  TODAY            0.0           4.0  1908   0.2   -0.2      1.1
  MONTH TO DATE    0.0                       1.2   -1.2      1.6
  SINCE MAR 1      2.0                       9.7   -7.7      4.6
  SINCE JUL 1     30.9                      43.9  -13.0     30.3
  SNOW DEPTH       0

DEGREE DAYS
 HEATING
  TODAY            7                        24    -17       40
  MONTH TO DATE  151                       208    -57      258
  SINCE MAR 1   1211                      1312   -101     1075
  SINCE JUL 1   6567                      7758  -1191     6526

 COOLING
  TODAY            0                         0      0        0
  MONTH TO DATE    0                         0      0        0
  SINCE MAR 1      0                         0      0        0
  SINCE JAN 1      0                         0      0        0
..................................................................


WIND (MPH)
  HIGHEST WIND SPEED    24   HIGHEST WIND DIRECTION     S (160)
  HIGHEST GUST SPEED    31   HIGHEST GUST DIRECTION     S (160)
  AVERAGE WIND SPEED    14.1


SKY COVER
  POSSIBLE SUNSHINE  MM
  AVERAGE SKY COVER 0.0


WEATHER CONDITIONS
 THE FOLLOWING WEATHER WAS RECORDED TODAY.
  NO SIGNIFICANT WEATHER WAS OBSERVED.


RELATIVE HUMIDITY (PERCENT)
 HIGHEST    62           600 AM
 LOWEST     38           300 PM
 AVERAGE    50

..........................................................


THE ST CLOUD MN CLIMATE NORMALS FOR TOMORROW
                         NORMAL    RECORD    YEAR
 MAXIMUM TEMPERATURE (F)   53        79      1930
 MINIMUM TEMPERATURE (F)   30        13      2016


SUNRISE AND SUNSET
APRIL  8 2017.........SUNRISE   643 AM CDT   SUNSET   754 PM CDT
APRIL  9 2017.........SUNRISE   641 AM CDT   SUNSET   755 PM CDT


-  INDICATES NEGATIVE NUMBERS.
R  INDICATES RECORD WAS SET OR TIED.
MM INDICATES DATA IS MISSING.
T  INDICATES TRACE AMOUNT.




$$
