000
CDUS43 KMPX 090020
CLISTC


CLIMATE REPORT
NATIONAL WEATHER SERVICE CHANHASSEN MN
719 PM CDT MON MAY 8 2017


...................................

...THE ST CLOUD MN CLIMATE SUMMARY FOR MAY 8 2017...
VALID TODAY AS OF 0700 PM LOCAL TIME.

CLIMATE NORMAL PERIOD 1981 TO 2010
CLIMATE RECORD PERIOD 1893 TO 2017


WEATHER ITEM   OBSERVED TIME   RECORD YEAR NORMAL DEPARTURE LAST
                VALUE   (LST)  VALUE       VALUE  FROM      YEAR
                                                  NORMAL
..................................................................
TEMPERATURE (F)
 TODAY
  MAXIMUM         70    223 PM  85    1985  67      3       73
  MINIMUM         45    526 AM  23    1945  42      3       38
  AVERAGE         58                        54      4       56

PRECIPITATION (IN)
  TODAY            T             1.20 1938   0.10  -0.10     0.00
  MONTH TO DATE    0.66                      0.77  -0.11     0.00
  SINCE MAR 1      4.60                      4.89  -0.29     3.24
  SINCE JAN 1      5.92                      6.13  -0.21     4.18

SNOWFALL (IN)
  TODAY            0.0           2.8  1938   0.0    0.0      0.0
  MONTH TO DATE    1.0                       0.0    1.0      0.0
  SINCE MAR 1      3.0                      11.5   -8.5      4.6
  SINCE JUL 1     31.9                      45.7  -13.8     30.3
  SNOW DEPTH       0

DEGREE DAYS
 HEATING
  TODAY            7                        11     -4        9
  MONTH TO DATE  101                       100      1       77
  SINCE MAR 1   1724                      1821    -97     1499
  SINCE JUL 1   7080                      8267  -1187     6950

 COOLING
  TODAY            0                         0      0        0
  MONTH TO DATE    0                         0      0        8
  SINCE MAR 1      0                         2     -2       13
  SINCE JAN 1      0                         2     -2       13
..................................................................


WIND (MPH)
  HIGHEST WIND SPEED    21   HIGHEST WIND DIRECTION    SE (140)
  HIGHEST GUST SPEED    27   HIGHEST GUST DIRECTION    SE (130)
  AVERAGE WIND SPEED    11.5


SKY COVER
  POSSIBLE SUNSHINE  MM
  AVERAGE SKY COVER 0.3


WEATHER CONDITIONS
 THE FOLLOWING WEATHER WAS RECORDED TODAY.
  NO SIGNIFICANT WEATHER WAS OBSERVED.


RELATIVE HUMIDITY (PERCENT)
 HIGHEST    46           600 PM
 LOWEST     25          1000 AM
 AVERAGE    36

..........................................................


THE ST CLOUD MN CLIMATE NORMALS FOR TOMORROW
                         NORMAL    RECORD    YEAR
 MAXIMUM TEMPERATURE (F)   67        91      1928
 MINIMUM TEMPERATURE (F)   42        21      1945


SUNRISE AND SUNSET
MAY  8 2017...........SUNRISE   554 AM CDT   SUNSET   832 PM CDT
MAY  9 2017...........SUNRISE   553 AM CDT   SUNSET   834 PM CDT


-  INDICATES NEGATIVE NUMBERS.
R  INDICATES RECORD WAS SET OR TIED.
MM INDICATES DATA IS MISSING.
T  INDICATES TRACE AMOUNT.




$$
