000
CDUS43 KMPX 090049
CLISTC


CLIMATE REPORT
NATIONAL WEATHER SERVICE CHANHASSEN MN
649 PM CST WED MAR 8 2017


...................................

...THE ST CLOUD MN CLIMATE SUMMARY FOR MARCH 8 2017...
VALID TODAY AS OF 0600 PM LOCAL TIME.

CLIMATE NORMAL PERIOD 1981 TO 2010
CLIMATE RECORD PERIOD 1893 TO 2017


WEATHER ITEM   OBSERVED TIME   RECORD YEAR NORMAL DEPARTURE LAST
                VALUE   (LST)  VALUE       VALUE  FROM      YEAR
                                                  NORMAL
..................................................................
TEMPERATURE (F)
 TODAY
  MAXIMUM         29    459 PM  66    2016  35     -6       66
  MINIMUM         17    823 AM -13    1995  17      0       35
  AVERAGE         23                        26     -3       51

PRECIPITATION (IN)
  TODAY            T             1.00 2000   0.04  -0.04     0.00
  MONTH TO DATE    0.35                      0.30   0.05     0.10
  SINCE MAR 1      0.35                      0.30   0.05     0.10
  SINCE JAN 1      1.67                      1.54   0.13     1.04

SNOWFALL (IN)
  TODAY            T             7.5  1999   0.3   -0.3      0.0
  MONTH TO DATE    0.2                       2.7   -2.5      1.2
  SINCE MAR 1      0.2                       2.7   -2.5      1.2
  SINCE JUL 1     29.1                      36.9   -7.8     26.9
  SNOW DEPTH       T

DEGREE DAYS
 HEATING
  TODAY           42                        39      3       14
  MONTH TO DATE  267                       327    -60      245
  SINCE MAR 1    267                       327    -60      245
  SINCE JUL 1   5623                      6773  -1150     5696

 COOLING
  TODAY            0                         0      0        0
  MONTH TO DATE    0                         0      0        0
  SINCE MAR 1      0                         0      0        0
  SINCE JAN 1      0                         0      0        0
..................................................................


WIND (MPH)
  HIGHEST WIND SPEED    44   HIGHEST WIND DIRECTION     W (290)
  HIGHEST GUST SPEED    55   HIGHEST GUST DIRECTION     W (290)
  AVERAGE WIND SPEED    27.0


SKY COVER
  POSSIBLE SUNSHINE  MM
  AVERAGE SKY COVER 0.1


WEATHER CONDITIONS
 THE FOLLOWING WEATHER WAS RECORDED TODAY.
  LIGHT SNOW
  HAZE


RELATIVE HUMIDITY (PERCENT)
 HIGHEST    56           900 AM
 LOWEST     45          1000 AM
 AVERAGE    51

..........................................................


THE ST CLOUD MN CLIMATE NORMALS FOR TOMORROW
                         NORMAL    RECORD    YEAR
 MAXIMUM TEMPERATURE (F)   35        61      1911
 MINIMUM TEMPERATURE (F)   17       -19      1995


SUNRISE AND SUNSET
MARCH  8 2017.........SUNRISE   641 AM CST   SUNSET   613 PM CST
MARCH  9 2017.........SUNRISE   640 AM CST   SUNSET   615 PM CST


-  INDICATES NEGATIVE NUMBERS.
R  INDICATES RECORD WAS SET OR TIED.
MM INDICATES DATA IS MISSING.
T  INDICATES TRACE AMOUNT.




$$
