000
CDUS43 KMPX 240131
CLISTC


CLIMATE REPORT
NATIONAL WEATHER SERVICE CHANHASSEN MN
804 PM CDT TUE SEP 23 2014


...................................

...THE ST CLOUD MN CLIMATE SUMMARY FOR SEPTEMBER 23 2014...
VALID TODAY AS OF 0800 PM LOCAL TIME.

CLIMATE NORMAL PERIOD 1981 TO 2010
CLIMATE RECORD PERIOD 1893 TO 2014


WEATHER ITEM   OBSERVED TIME   RECORD YEAR NORMAL DEPARTURE LAST
                VALUE   (LST)  VALUE       VALUE  FROM      YEAR
                                                  NORMAL
..................................................................
TEMPERATURE (F)
 TODAY
  MAXIMUM         76    340 PM  89    1937  67      9       74
  MINIMUM         47    615 AM  23    1983  44      3       51
  AVERAGE         62                        55      7       63

PRECIPITATION (IN)
  TODAY            0.00          1.60 1984   0.11  -0.11     0.00
  MONTH TO DATE    3.91                      2.78   1.13     1.69
  SINCE SEP 1      3.91                      2.78   1.13     1.69
  SINCE JAN 1     33.28                     22.36  10.92    22.02

SNOWFALL (IN)
  TODAY            0.0           0.0    MM   0.0    0.0      0.0
  MONTH TO DATE    0.0                       0.0    0.0      0.0
  SINCE SEP 1      0.0                       0.0    0.0      0.0
  SINCE JUL 1      0.0                       0.0    0.0      0.0
  SNOW DEPTH       0

DEGREE DAYS
 HEATING
  TODAY            3                        10     -7        2
  MONTH TO DATE  127                       147    -20      106
  SINCE SEP 1    127                       147    -20      106
  SINCE JUL 1    136                       205    -69      155

 COOLING
  TODAY            0                         0      0        0
  MONTH TO DATE   22                        31     -9       62
  SINCE SEP 1     22                        31     -9       62
  SINCE JAN 1    576                       460    116      566
..................................................................


WIND (MPH)
  HIGHEST WIND SPEED    18   HIGHEST WIND DIRECTION    SE (150)
  HIGHEST GUST SPEED    26   HIGHEST GUST DIRECTION     S (170)
  AVERAGE WIND SPEED     7.8


SKY COVER
  POSSIBLE SUNSHINE  MM
  AVERAGE SKY COVER 0.1


WEATHER CONDITIONS
 THE FOLLOWING WEATHER WAS RECORDED TODAY.
  FOG
  HAZE


RELATIVE HUMIDITY (PERCENT)
 HIGHEST    93           200 AM
 LOWEST     43           300 PM
 AVERAGE    68

..........................................................


THE ST CLOUD MN CLIMATE NORMALS FOR TOMORROW
                         NORMAL    RECORD    YEAR
 MAXIMUM TEMPERATURE (F)   67        90      1935
 MINIMUM TEMPERATURE (F)   43        24      2000


SUNRISE AND SUNSET
SEPTEMBER 23 2014.....SUNRISE   704 AM CDT   SUNSET   712 PM CDT
SEPTEMBER 24 2014.....SUNRISE   706 AM CDT   SUNSET   710 PM CDT


-  INDICATES NEGATIVE NUMBERS.
R  INDICATES RECORD WAS SET OR TIED.
MM INDICATES DATA IS MISSING.
T  INDICATES TRACE AMOUNT.




$$
