000
CDUS43 KMPX 190057
CLISTC


CLIMATE REPORT
NATIONAL WEATHER SERVICE CHANHASSEN MN
757 PM CDT WED MAR 18 2015


...................................

...THE ST CLOUD MN CLIMATE SUMMARY FOR MARCH 18 2015...
VALID TODAY AS OF 0700 PM LOCAL TIME.

CLIMATE NORMAL PERIOD 1981 TO 2010
CLIMATE RECORD PERIOD 1893 TO 2015


WEATHER ITEM   OBSERVED TIME   RECORD YEAR NORMAL DEPARTURE LAST
                VALUE   (LST)  VALUE       VALUE  FROM      YEAR
                                                  NORMAL
..................................................................
TEMPERATURE (F)
 TODAY
  MAXIMUM         44    222 PM  75    2012  40      4       32
  MINIMUM         25    424 AM -12    1941  21      4       26
  AVERAGE         35                        30      5       29

PRECIPITATION (IN)
  TODAY            0.00          1.85 1903   0.05  -0.05     0.54
  MONTH TO DATE    0.15                      0.78  -0.63     0.65
  SINCE MAR 1      0.15                      0.78  -0.63     0.65
  SINCE JAN 1      0.74                      2.02  -1.28     3.16

SNOWFALL (IN)
  TODAY            0.0           8.8  1951   0.3   -0.3      7.4
  MONTH TO DATE    2.3                       5.8   -3.5      7.5
  SINCE MAR 1      2.3                       5.8   -3.5      7.5
  SINCE JUL 1     29.1                      40.0  -10.9     61.8
  SNOW DEPTH       0

DEGREE DAYS
 HEATING
  TODAY           30                        35     -5       36
  MONTH TO DATE  604                       696    -92      805
  SINCE MAR 1    604                       696    -92      805
  SINCE JUL 1   6862                      7142   -280     8014

 COOLING
  TODAY            0                         0      0        0
  MONTH TO DATE    0                         0      0        0
  SINCE MAR 1      0                         0      0        0
  SINCE JAN 1      0                         0      0        0
..................................................................


WIND (MPH)
  HIGHEST WIND SPEED    13   HIGHEST WIND DIRECTION    SW (220)
  HIGHEST GUST SPEED    14   HIGHEST GUST DIRECTION    SW (230)
  AVERAGE WIND SPEED     3.4


SKY COVER
  POSSIBLE SUNSHINE  MM
  AVERAGE SKY COVER 0.3


WEATHER CONDITIONS
 THE FOLLOWING WEATHER WAS RECORDED TODAY.
  NO SIGNIFICANT WEATHER WAS OBSERVED.


RELATIVE HUMIDITY (PERCENT)
 HIGHEST    84           700 AM
 LOWEST     24          1200 PM
 AVERAGE    54

..........................................................


THE ST CLOUD MN CLIMATE NORMALS FOR TOMORROW
                         NORMAL    RECORD    YEAR
 MAXIMUM TEMPERATURE (F)   40        78      2012
 MINIMUM TEMPERATURE (F)   21       -12      1965


SUNRISE AND SUNSET
MARCH 18 2015.........SUNRISE   724 AM CDT   SUNSET   726 PM CDT
MARCH 19 2015.........SUNRISE   722 AM CDT   SUNSET   727 PM CDT


-  INDICATES NEGATIVE NUMBERS.
R  INDICATES RECORD WAS SET OR TIED.
MM INDICATES DATA IS MISSING.
T  INDICATES TRACE AMOUNT.




$$
