000
CDUS43 KMPX 200859
CLISTC


CLIMATE REPORT
NATIONAL WEATHER SERVICE CHANHASSEN MN
258 AM CST FRI FEB 20 2015


...................................

...THE ST CLOUD MN CLIMATE SUMMARY FOR FEBRUARY 19 2015...

CLIMATE NORMAL PERIOD 1981 TO 2010
CLIMATE RECORD PERIOD 1893 TO 2015


WEATHER ITEM   OBSERVED TIME   RECORD YEAR NORMAL DEPARTURE LAST
                VALUE   (LST)  VALUE       VALUE  FROM      YEAR
                                                  NORMAL
..................................................................
TEMPERATURE (F)
 YESTERDAY
  MAXIMUM          7    508 PM  56    1981  28    -21       39
  MINIMUM        -16    737 AM -26    1910   9    -25        4
  AVERAGE         -4                        18    -22       22

PRECIPITATION (IN)
  YESTERDAY        0.00          0.53 1971   0.03  -0.03     0.00
  MONTH TO DATE    0.26                      0.35  -0.09     0.52
  SINCE DEC 1      1.25                      1.82  -0.57     3.63
  SINCE JAN 1      0.50                      1.00  -0.50     1.86

SNOWFALL (IN)
  YESTERDAY        0.0           4.9  1951   0.2   -0.2      0.0
  MONTH TO DATE    3.2                       4.4   -1.2      5.2
  SINCE DEC 1      8.2                      22.4  -14.2     42.4
  SINCE JUL 1     25.8                      31.6   -5.8     46.0
  SNOW DEPTH       1

DEGREE DAYS
 HEATING
  YESTERDAY       69                        47     22       43
  MONTH TO DATE 1044                       942    102     1122
  SINCE DEC 1   3801                      4119   -318     4799
  SINCE JUL 1   5733                      6044   -311     6672

 COOLING
  YESTERDAY        0                         0      0        0
  MONTH TO DATE    0                         0      0        0
  SINCE DEC 1      0                         0      0        0
  SINCE JAN 1      0                         0      0        0
..................................................................


WIND (MPH)
  HIGHEST WIND SPEED    16   HIGHEST WIND DIRECTION    SE (150)
  HIGHEST GUST SPEED    19   HIGHEST GUST DIRECTION    SE (150)
  AVERAGE WIND SPEED     5.8


SKY COVER
  POSSIBLE SUNSHINE  MM
  AVERAGE SKY COVER 0.2


WEATHER CONDITIONS
 THE FOLLOWING WEATHER WAS RECORDED YESTERDAY.
  LIGHT SNOW


RELATIVE HUMIDITY (PERCENT)
 HIGHEST    81           500 AM
 LOWEST     49           400 PM
 AVERAGE    65

..........................................................


THE ST CLOUD MN CLIMATE NORMALS FOR TODAY
                         NORMAL    RECORD    YEAR
 MAXIMUM TEMPERATURE (F)   28        57      1981
 MINIMUM TEMPERATURE (F)    9       -20      1966
                                             1918


SUNRISE AND SUNSET
FEBRUARY 20 2015......SUNRISE   710 AM CST   SUNSET   550 PM CST
FEBRUARY 21 2015......SUNRISE   709 AM CST   SUNSET   552 PM CST


-  INDICATES NEGATIVE NUMBERS.
R  INDICATES RECORD WAS SET OR TIED.
MM INDICATES DATA IS MISSING.
T  INDICATES TRACE AMOUNT.




$$
