111
CDUS43 KMPX 180132
CLISTC


CLIMATE REPORT
NATIONAL WEATHER SERVICE CHANHASSEN MN
731 PM CST SAT FEB 17 2018


...................................

...THE ST CLOUD MN CLIMATE SUMMARY FOR FEBRUARY 17 2018...
VALID TODAY AS OF 0700 PM LOCAL TIME.

CLIMATE NORMAL PERIOD 1981 TO 2010
CLIMATE RECORD PERIOD 1893 TO 2018


WEATHER ITEM   OBSERVED TIME   RECORD YEAR NORMAL DEPARTURE LAST
                VALUE   (LST)  VALUE       VALUE  FROM      YEAR
                                                  NORMAL
..................................................................
TEMPERATURE (F)
 TODAY
  MAXIMUM         34    148 PM  59    2017  27      7       59
  MINIMUM         15   1215 AM -28    1903   8      7       28
  AVERAGE         25                        18      7       44

PRECIPITATION (IN)
  TODAY            0.00          0.44 2014   0.02  -0.02     0.00
  MONTH TO DATE    0.19                      0.30  -0.11     0.10
  SINCE DEC 1      0.81                      1.77  -0.96     2.19
  SINCE JAN 1      0.37                      0.95  -0.58     0.64

SNOWFALL (IN)
  TODAY            0.0           4.3  2014   0.2   -0.2      0.0
  MONTH TO DATE    2.9                       3.9   -1.0      0.3
  SINCE DEC 1     12.2                      21.9   -9.7     19.1
  SINCE JUL 1     19.3                      31.1  -11.8     26.4
  SNOW DEPTH       1

DEGREE DAYS
 HEATING
  TODAY           40                        47     -7       21
  MONTH TO DATE 1007                       848    159      710
  SINCE DEC 1   4145                      4025    120     3652
  SINCE JUL 1   5911                      5950    -39     5026

 COOLING
  TODAY            0                         0      0        0
  MONTH TO DATE    0                         0      0        0
  SINCE DEC 1      0                         0      0        0
  SINCE JAN 1      0                         0      0        0
..................................................................


WIND (MPH)
  HIGHEST WIND SPEED    29   HIGHEST WIND DIRECTION    NW (300)
  HIGHEST GUST SPEED    35   HIGHEST GUST DIRECTION     W (290)
  AVERAGE WIND SPEED    11.2


SKY COVER
  POSSIBLE SUNSHINE  MM
  AVERAGE SKY COVER 0.3


WEATHER CONDITIONS
 THE FOLLOWING WEATHER WAS RECORDED TODAY.
  NO SIGNIFICANT WEATHER WAS OBSERVED.


RELATIVE HUMIDITY (PERCENT)
 HIGHEST    84           800 AM
 LOWEST     41           200 PM
 AVERAGE    63

..........................................................


THE ST CLOUD MN CLIMATE NORMALS FOR TOMORROW
                         NORMAL    RECORD    YEAR
 MAXIMUM TEMPERATURE (F)   28        57      2017
 MINIMUM TEMPERATURE (F)    8       -26      1929


SUNRISE AND SUNSET
FEBRUARY 17 2018......SUNRISE   715 AM CST   SUNSET   546 PM CST
FEBRUARY 18 2018......SUNRISE   713 AM CST   SUNSET   548 PM CST


-  INDICATES NEGATIVE NUMBERS.
R  INDICATES RECORD WAS SET OR TIED.
MM INDICATES DATA IS MISSING.
T  INDICATES TRACE AMOUNT.




$$
