000
CDUS43 KMPX 130629
CLISTC


CLIMATE REPORT
NATIONAL WEATHER SERVICE CHANHASSEN MN
128 AM CDT TUE SEP 13 2016


...................................

...THE ST CLOUD MN CLIMATE SUMMARY FOR SEPTEMBER 12 2016...

CLIMATE NORMAL PERIOD 1981 TO 2010
CLIMATE RECORD PERIOD 1893 TO 2016


WEATHER ITEM   OBSERVED TIME   RECORD YEAR NORMAL DEPARTURE LAST
                VALUE   (LST)  VALUE       VALUE  FROM      YEAR
                                                  NORMAL
..................................................................
TEMPERATURE (F)
 YESTERDAY
  MAXIMUM         73   1038 AM  91    1948  72      1       68
  MINIMUM         57   1159 PM  30    1940  49      8       39
                                      1923
  AVERAGE         65                        60      5       54

PRECIPITATION (IN)
  YESTERDAY        0.00          2.45 2005   0.12  -0.12     0.00
  MONTH TO DATE    0.85                      1.53  -0.68     1.39
  SINCE SEP 1      0.85                      1.53  -0.68     1.39
  SINCE JAN 1     25.67                     21.11   4.56    25.00

SNOWFALL (IN)
  YESTERDAY        0.0           0.0    MM   0.0    0.0      0.0
  MONTH TO DATE    0.0                       0.0    0.0      0.0
  SINCE SEP 1      0.0                       0.0    0.0      0.0
  SINCE JUL 1      0.0                       0.0    0.0      0.0
  SNOW DEPTH       0

DEGREE DAYS
 HEATING
  YESTERDAY        0                         6     -6       11
  MONTH TO DATE    7                        55    -48       38
  SINCE SEP 1      7                        55    -48       38
  SINCE JUL 1     29                       113    -84       90

 COOLING
  YESTERDAY        0                         1     -1        0
  MONTH TO DATE   26                        22      4       72
  SINCE SEP 1     26                        22      4       72
  SINCE JAN 1    504                       451     53      458
..................................................................


WIND (MPH)
  HIGHEST WIND SPEED    17   HIGHEST WIND DIRECTION     N (350)
  HIGHEST GUST SPEED    23   HIGHEST GUST DIRECTION     N (340)
  AVERAGE WIND SPEED     9.3


SKY COVER
  POSSIBLE SUNSHINE  MM
  AVERAGE SKY COVER 0.5


WEATHER CONDITIONS
 THE FOLLOWING WEATHER WAS RECORDED YESTERDAY.
  NO SIGNIFICANT WEATHER WAS OBSERVED.


RELATIVE HUMIDITY (PERCENT)
 HIGHEST    90           700 AM
 LOWEST     66          1000 AM
 AVERAGE    78

..........................................................


THE ST CLOUD MN CLIMATE NORMALS FOR TODAY
                         NORMAL    RECORD    YEAR
 MAXIMUM TEMPERATURE (F)   72        91      1998
                                             1939
                                             1927
 MINIMUM TEMPERATURE (F)   48        30      1975
                                             1906


SUNRISE AND SUNSET
SEPTEMBER 13 2016.....SUNRISE   653 AM CDT   SUNSET   730 PM CDT
SEPTEMBER 14 2016.....SUNRISE   654 AM CDT   SUNSET   728 PM CDT


-  INDICATES NEGATIVE NUMBERS.
R  INDICATES RECORD WAS SET OR TIED.
MM INDICATES DATA IS MISSING.
T  INDICATES TRACE AMOUNT.




$$
