000
CDUS43 KMPX 290744
CLISTC


CLIMATE REPORT
NATIONAL WEATHER SERVICE CHANHASSEN MN
143 AM CST WED NOV 29 2017


...................................

...THE ST CLOUD MN CLIMATE SUMMARY FOR NOVEMBER 28 2017...

CLIMATE NORMAL PERIOD 1981 TO 2010
CLIMATE RECORD PERIOD 1893 TO 2017


WEATHER ITEM   OBSERVED TIME   RECORD YEAR NORMAL DEPARTURE LAST
                VALUE   (LST)  VALUE       VALUE  FROM      YEAR
                                                  NORMAL
..................................................................
TEMPERATURE (F)
 YESTERDAY
  MAXIMUM         48   1158 AM  54    1899  31     17       48
  MINIMUM         27   1154 PM -14    1897  15     12       36
  AVERAGE         38                        23     15       42

PRECIPITATION (IN)
  YESTERDAY        0.00          1.24 1960   0.04  -0.04     0.23
  MONTH TO DATE    0.82                      1.31  -0.49     1.67
  SINCE SEP 1      8.83                      7.26   1.57     7.43
  SINCE JAN 1     29.76                     26.84   2.92    32.25

SNOWFALL (IN)
  YESTERDAY        0.0           9.1  1983   0.4   -0.4      0.0
  MONTH TO DATE    5.7                       7.7   -2.0      7.3
  SINCE SEP 1      7.1                       8.5   -1.4      7.3
  SINCE JUL 1      7.1                       8.5   -1.4      7.3
  SNOW DEPTH       0

DEGREE DAYS
 HEATING
  YESTERDAY       27                        42    -15       23
  MONTH TO DATE  981                       954     27      683
  SINCE SEP 1   1663                      1781   -118     1293
  SINCE JUL 1   1703                      1839   -136     1315

 COOLING
  YESTERDAY        0                         0      0        0
  MONTH TO DATE    0                         0      0        0
  SINCE SEP 1     71                        36     35       28
  SINCE JAN 1    361                       465   -104      506
..................................................................


WIND (MPH)
  HIGHEST WIND SPEED    33   HIGHEST WIND DIRECTION     W (290)
  HIGHEST GUST SPEED    40   HIGHEST GUST DIRECTION     W (270)
  AVERAGE WIND SPEED    14.1


SKY COVER
  POSSIBLE SUNSHINE  MM
  AVERAGE SKY COVER 0.0


WEATHER CONDITIONS
 THE FOLLOWING WEATHER WAS RECORDED YESTERDAY.
  NO SIGNIFICANT WEATHER WAS OBSERVED.


RELATIVE HUMIDITY (PERCENT)
 HIGHEST    82           700 AM
 LOWEST     25           300 PM
 AVERAGE    54

..........................................................


THE ST CLOUD MN CLIMATE NORMALS FOR TODAY
                         NORMAL    RECORD    YEAR
 MAXIMUM TEMPERATURE (F)   31        59      1998
 MINIMUM TEMPERATURE (F)   14       -16      1985


SUNRISE AND SUNSET
NOVEMBER 29 2017......SUNRISE   734 AM CST   SUNSET   435 PM CST
NOVEMBER 30 2017......SUNRISE   735 AM CST   SUNSET   435 PM CST


-  INDICATES NEGATIVE NUMBERS.
R  INDICATES RECORD WAS SET OR TIED.
MM INDICATES DATA IS MISSING.
T  INDICATES TRACE AMOUNT.




$$
