000
CDUS43 KMPX 071202
CLISTC


CLIMATE REPORT
NATIONAL WEATHER SERVICE CHANHASSEN MN
702 AM CDT WED JUN 7 2017


...................................

...THE ST CLOUD MN CLIMATE SUMMARY FOR JUNE 6 2017...

CLIMATE NORMAL PERIOD 1981 TO 2010
CLIMATE RECORD PERIOD 1893 TO 2017


WEATHER ITEM   OBSERVED TIME   RECORD YEAR NORMAL DEPARTURE LAST
                VALUE   (LST)  VALUE       VALUE  FROM      YEAR
                                                  NORMAL
..................................................................
TEMPERATURE (F)
 YESTERDAY
  MAXIMUM         83    256 PM  97    1987  75      8       70
  MINIMUM         45    455 AM  34    1897  51     -6       52
  AVERAGE         64                        63      1       61

PRECIPITATION (IN)
  YESTERDAY        0.00          1.70 1896   0.12  -0.12     0.04
  MONTH TO DATE    T                         0.74  -0.74     0.45
  SINCE JUN 1      T                         0.74  -0.74     0.45
  SINCE JAN 1      9.70                      9.05   0.65     6.80

SNOWFALL (IN)
  YESTERDAY        0.0           0.0    MM   0.0    0.0      0.0
  MONTH TO DATE    0.0                       0.0    0.0      0.0
  SINCE JUN 1      0.0                       0.0    0.0      0.0
  SINCE JUL 1     31.9                      45.7  -13.8     30.3
  SNOW DEPTH       0

DEGREE DAYS
 HEATING
  YESTERDAY        1                         4     -3        4
  MONTH TO DATE    6                        28    -22       20
  SINCE JUN 1      6                        28    -22       20
  SINCE JUL 1   7292                      8482  -1190     7157

 COOLING
  YESTERDAY        0                         2     -2        0
  MONTH TO DATE   17                        11      6        2
  SINCE JUN 1     17                        11      6        2
  SINCE JAN 1     20                        36    -16       33
..................................................................


WIND (MPH)
  HIGHEST WIND SPEED     9   HIGHEST WIND DIRECTION    SE (120)
  HIGHEST GUST SPEED    14   HIGHEST GUST DIRECTION     E (80)
  AVERAGE WIND SPEED     5.0


SKY COVER
  POSSIBLE SUNSHINE  MM
  AVERAGE SKY COVER 0.0


WEATHER CONDITIONS
 THE FOLLOWING WEATHER WAS RECORDED YESTERDAY.
  NO SIGNIFICANT WEATHER WAS OBSERVED.


RELATIVE HUMIDITY (PERCENT)
 HIGHEST    83           500 AM
 LOWEST     24           300 PM
 AVERAGE    54

..........................................................


THE ST CLOUD MN CLIMATE NORMALS FOR TODAY
                         NORMAL    RECORD    YEAR
 MAXIMUM TEMPERATURE (F)   75       101      2011
 MINIMUM TEMPERATURE (F)   51        34      1901


SUNRISE AND SUNSET
JUNE  7 2017..........SUNRISE   528 AM CDT   SUNSET   903 PM CDT
JUNE  8 2017..........SUNRISE   528 AM CDT   SUNSET   903 PM CDT


-  INDICATES NEGATIVE NUMBERS.
R  INDICATES RECORD WAS SET OR TIED.
MM INDICATES DATA IS MISSING.
T  INDICATES TRACE AMOUNT.




$$
