000
CDUS43 KMPX 220642
CLISTC


CLIMATE REPORT
NATIONAL WEATHER SERVICE CHANHASSEN MN
1241 AM CST THU JAN 22 2015


...................................

...THE ST CLOUD MN CLIMATE SUMMARY FOR JANUARY 21 2015...

CLIMATE NORMAL PERIOD 1981 TO 2010
CLIMATE RECORD PERIOD 1893 TO 2015


WEATHER ITEM   OBSERVED TIME   RECORD YEAR NORMAL DEPARTURE LAST
                VALUE   (LST)  VALUE       VALUE  FROM      YEAR
                                                  NORMAL
..................................................................
TEMPERATURE (F)
 YESTERDAY
  MAXIMUM         29    516 PM  48    1981  21      8        2
  MINIMUM         24    856 AM -37    1936   1     23      -20
  AVERAGE         27                        11     16       -9

PRECIPITATION (IN)
  YESTERDAY        0.00          0.61 2005   0.02  -0.02     0.05
  MONTH TO DATE    0.22                      0.47  -0.25     0.88
  SINCE DEC 1      0.97                      1.29  -0.32     2.65
  SINCE JAN 1      0.22                      0.47  -0.25     0.88

SNOWFALL (IN)
  YESTERDAY        0.0           5.1  2005   0.2   -0.2      2.0
  MONTH TO DATE    2.4                       6.1   -3.7     11.6
  SINCE DEC 1      4.9                      15.5  -10.6     32.0
  SINCE JUL 1     22.5                      24.7   -2.2     35.6
  SNOW DEPTH       1

DEGREE DAYS
 HEATING
  YESTERDAY       38                        54    -16       74
  MONTH TO DATE 1124                      1127     -3     1221
  SINCE DEC 1   2386                      2649   -263     3036
  SINCE JUL 1   4318                      4574   -256     4909

 COOLING
  YESTERDAY        0                         0      0        0
  MONTH TO DATE    0                         0      0        0
  SINCE DEC 1      0                         0      0        0
  SINCE JAN 1      0                         0      0        0
..................................................................


WIND (MPH)
  HIGHEST WIND SPEED    12   HIGHEST WIND DIRECTION    NW (310)
  HIGHEST GUST SPEED    15   HIGHEST GUST DIRECTION     N (360)
  AVERAGE WIND SPEED     5.8


SKY COVER
  POSSIBLE SUNSHINE  MM
  AVERAGE SKY COVER 1.0


WEATHER CONDITIONS
 THE FOLLOWING WEATHER WAS RECORDED YESTERDAY.
  FOG


RELATIVE HUMIDITY (PERCENT)
 HIGHEST    88           200 AM
 LOWEST     75           100 PM
 AVERAGE    82

..........................................................


THE ST CLOUD MN CLIMATE NORMALS FOR TODAY
                         NORMAL    RECORD    YEAR
 MAXIMUM TEMPERATURE (F)   22        52      1942
 MINIMUM TEMPERATURE (F)    1       -37      1936


SUNRISE AND SUNSET
JANUARY 22 2015.......SUNRISE   748 AM CST   SUNSET   508 PM CST
JANUARY 23 2015.......SUNRISE   747 AM CST   SUNSET   510 PM CST


-  INDICATES NEGATIVE NUMBERS.
R  INDICATES RECORD WAS SET OR TIED.
MM INDICATES DATA IS MISSING.
T  INDICATES TRACE AMOUNT.




$$
