000
CDUS43 KMPX 060920
CLISTC


CLIMATE REPORT
NATIONAL WEATHER SERVICE CHANHASSEN MN
319 AM CST FRI JAN 6 2017


...................................

...THE ST CLOUD MN CLIMATE SUMMARY FOR JANUARY 5 2017...

CLIMATE NORMAL PERIOD 1981 TO 2010
CLIMATE RECORD PERIOD 1893 TO 2017


WEATHER ITEM   OBSERVED TIME   RECORD YEAR NORMAL DEPARTURE LAST
                VALUE   (LST)  VALUE       VALUE  FROM      YEAR
                                                  NORMAL
..................................................................
TEMPERATURE (F)
 YESTERDAY
  MAXIMUM         -1    301 PM  53    2012  21    -22       27
  MINIMUM        -14   1157 PM -32    1912   2    -16       17
  AVERAGE         -7                        12    -19       22

PRECIPITATION (IN)
  YESTERDAY        T             0.47 1997   0.02  -0.02     0.00
                                      1932
  MONTH TO DATE    0.12                      0.12   0.00      T
  SINCE DEC 1      1.67                      0.94   0.73     1.02
  SINCE JAN 1      0.12                      0.12   0.00      T

SNOWFALL (IN)
  YESTERDAY        T             5.6  1994   0.3   -0.3      0.0
  MONTH TO DATE    1.4                       1.5   -0.1       T
  SINCE DEC 1     10.2                      10.9   -0.7      8.2
  SINCE JUL 1     17.5                      20.1   -2.6     13.9
  SNOW DEPTH       2

DEGREE DAYS
 HEATING
  YESTERDAY       72                        53     19       43
  MONTH TO DATE  272                       265      7      228
  SINCE DEC 1   1736                      1787    -51     1411
  SINCE JUL 1   3110                      3712   -602     2870

 COOLING
  YESTERDAY        0                         0      0        0
  MONTH TO DATE    0                         0      0        0
  SINCE DEC 1      0                         0      0        0
  SINCE JAN 1      0                         0      0        0
..................................................................


WIND (MPH)
  HIGHEST WIND SPEED    15   HIGHEST WIND DIRECTION     W (280)
  HIGHEST GUST SPEED    19   HIGHEST GUST DIRECTION     W (290)
  AVERAGE WIND SPEED     7.9


SKY COVER
  POSSIBLE SUNSHINE  MM
  AVERAGE SKY COVER 0.4


WEATHER CONDITIONS
 THE FOLLOWING WEATHER WAS RECORDED YESTERDAY.
  FOG
  HAZE


RELATIVE HUMIDITY (PERCENT)
 HIGHEST    87           600 AM
 LOWEST     65           100 PM
 AVERAGE    76

..........................................................


THE ST CLOUD MN CLIMATE NORMALS FOR TODAY
                         NORMAL    RECORD    YEAR
 MAXIMUM TEMPERATURE (F)   21        48      1933
 MINIMUM TEMPERATURE (F)    2       -35      1912


SUNRISE AND SUNSET
JANUARY  6 2017.......SUNRISE   756 AM CST   SUNSET   449 PM CST
JANUARY  7 2017.......SUNRISE   756 AM CST   SUNSET   450 PM CST


-  INDICATES NEGATIVE NUMBERS.
R  INDICATES RECORD WAS SET OR TIED.
MM INDICATES DATA IS MISSING.
T  INDICATES TRACE AMOUNT.




$$
