000
CDUS43 KMPX 130632
CLISTC


CLIMATE REPORT
NATIONAL WEATHER SERVICE CHANHASSEN MN
131 AM CDT FRI MAY 13 2016


...................................

...THE ST CLOUD MN CLIMATE SUMMARY FOR MAY 12 2016...

CLIMATE NORMAL PERIOD 1981 TO 2010
CLIMATE RECORD PERIOD 1893 TO 2016


WEATHER ITEM   OBSERVED TIME   RECORD YEAR NORMAL DEPARTURE LAST
                VALUE   (LST)  VALUE       VALUE  FROM      YEAR
                                                  NORMAL
..................................................................
TEMPERATURE (F)
 YESTERDAY
  MAXIMUM         56    357 PM  95    1900  68    -12       56
  MINIMUM         42   1159 PM  21    1946  43     -1       35
  AVERAGE         49                        55     -6       46

PRECIPITATION (IN)
  YESTERDAY        0.00          1.31 1999   0.09  -0.09     0.00
  MONTH TO DATE    0.63                      1.14  -0.51     1.82
  SINCE MAR 1      3.87                      5.26  -1.39     3.87
  SINCE JAN 1      4.81                      6.50  -1.69     4.46

SNOWFALL (IN)
  YESTERDAY        0.0           T    1953   0.0    0.0      0.0
  MONTH TO DATE    0.0                       0.0    0.0      0.0
  SINCE MAR 1      4.6                      11.5   -6.9      4.3
  SINCE JUL 1     30.3                      45.7  -15.4     31.1
  SNOW DEPTH       0

DEGREE DAYS
 HEATING
  YESTERDAY       16                        10      6       19
  MONTH TO DATE  127                       142    -15      125
  SINCE MAR 1   1549                      1863   -314     1677
  SINCE JUL 1   7000                      8309  -1309     7935

 COOLING
  YESTERDAY        0                         1     -1        0
  MONTH TO DATE    8                         4      4        0
  SINCE MAR 1     13                         6      7        0
  SINCE JAN 1     13                         6      7        0
..................................................................


WIND (MPH)
  HIGHEST WIND SPEED    21   HIGHEST WIND DIRECTION     W (290)
  HIGHEST GUST SPEED    26   HIGHEST GUST DIRECTION     W (260)
  AVERAGE WIND SPEED    11.7


SKY COVER
  POSSIBLE SUNSHINE  MM
  AVERAGE SKY COVER 0.7


WEATHER CONDITIONS
 THE FOLLOWING WEATHER WAS RECORDED YESTERDAY.
  FOG


RELATIVE HUMIDITY (PERCENT)
 HIGHEST   100           100 AM
 LOWEST     61           500 PM
 AVERAGE    81

..........................................................


THE ST CLOUD MN CLIMATE NORMALS FOR TODAY
                         NORMAL    RECORD    YEAR
 MAXIMUM TEMPERATURE (F)   68        93      2007
 MINIMUM TEMPERATURE (F)   43        24      1997
                                             1953


SUNRISE AND SUNSET
MAY 13 2016...........SUNRISE   547 AM CDT   SUNSET   839 PM CDT
MAY 14 2016...........SUNRISE   546 AM CDT   SUNSET   840 PM CDT


-  INDICATES NEGATIVE NUMBERS.
R  INDICATES RECORD WAS SET OR TIED.
MM INDICATES DATA IS MISSING.
T  INDICATES TRACE AMOUNT.




$$
