000
CDUS43 KMPX 220628
CLISTC


CLIMATE REPORT
NATIONAL WEATHER SERVICE CHANHASSEN MN
128 AM CDT WED JUL 22 2015


...................................

...THE ST CLOUD MN CLIMATE SUMMARY FOR JULY 21 2015...

CLIMATE NORMAL PERIOD 1981 TO 2010
CLIMATE RECORD PERIOD 1893 TO 2015


WEATHER ITEM   OBSERVED TIME   RECORD YEAR NORMAL DEPARTURE LAST
                VALUE   (LST)  VALUE       VALUE  FROM      YEAR
                                                  NORMAL
..................................................................
TEMPERATURE (F)
 YESTERDAY
  MAXIMUM         83    240 PM 105    1934  83      0       94
  MINIMUM         52    452 AM  44    1947  59     -7       72
  AVERAGE         68                        71     -3       83

PRECIPITATION (IN)
  YESTERDAY        0.00          1.64 1909   0.10  -0.10     0.00
  MONTH TO DATE    5.78                      2.28   3.50     0.83
  SINCE JUN 1     10.44                      6.45   3.99     7.01
  SINCE JAN 1     19.11                     14.76   4.35    23.36

SNOWFALL (IN)
  YESTERDAY        0.0           0.0    MM   0.0    0.0      0.0
  MONTH TO DATE    0.0                       0.0    0.0      0.0
  SINCE JUN 1      0.0                       0.0    0.0      0.0
  SINCE JUL 1      0.0                       0.0    0.0      0.0
  SNOW DEPTH       0

DEGREE DAYS
 HEATING
  YESTERDAY        0                         0      0        0
  MONTH TO DATE   12                        13     -1        7
  SINCE JUN 1     40                        91    -51       33
  SINCE JUL 1     12                        13     -1        7

 COOLING
  YESTERDAY        3                         6     -3       18
  MONTH TO DATE  104                       125    -21      114
  SINCE JUN 1    176                       220    -44      247
  SINCE JAN 1    181                       245    -64      291
..................................................................


WIND (MPH)
  HIGHEST WIND SPEED    15   HIGHEST WIND DIRECTION     W (270)
  HIGHEST GUST SPEED    21   HIGHEST GUST DIRECTION    NW (300)
  AVERAGE WIND SPEED     4.8


SKY COVER
  POSSIBLE SUNSHINE  MM
  AVERAGE SKY COVER 0.1


WEATHER CONDITIONS
 THE FOLLOWING WEATHER WAS RECORDED YESTERDAY.
  FOG


RELATIVE HUMIDITY (PERCENT)
 HIGHEST   100           300 AM
 LOWEST     39           300 PM
 AVERAGE    70

..........................................................


THE ST CLOUD MN CLIMATE NORMALS FOR TODAY
                         NORMAL    RECORD    YEAR
 MAXIMUM TEMPERATURE (F)   83       107      1934
 MINIMUM TEMPERATURE (F)   59        42      1947


SUNRISE AND SUNSET
JULY 22 2015..........SUNRISE   549 AM CDT   SUNSET   856 PM CDT
JULY 23 2015..........SUNRISE   550 AM CDT   SUNSET   855 PM CDT


-  INDICATES NEGATIVE NUMBERS.
R  INDICATES RECORD WAS SET OR TIED.
MM INDICATES DATA IS MISSING.
T  INDICATES TRACE AMOUNT.




$$
