000
CDUS43 KMPX 160026
CLISTC


CLIMATE REPORT
NATIONAL WEATHER SERVICE CHANHASSEN MN
725 PM CDT TUE APR 15 2014


...................................

...THE ST CLOUD MN CLIMATE SUMMARY FOR APRIL 15 2014...
VALID TODAY AS OF 0700 PM LOCAL TIME.

CLIMATE NORMAL PERIOD 1981 TO 2010
CLIMATE RECORD PERIOD 1893 TO 2014


WEATHER ITEM   OBSERVED TIME   RECORD YEAR NORMAL DEPARTURE LAST
                VALUE   (LST)  VALUE       VALUE  FROM      YEAR
                                                  NORMAL
..................................................................
TEMPERATURE (F)
 TODAY
  MAXIMUM         36    509 PM  84    2002  56    -20       36
  MINIMUM         16R   555 AM  17    1943  33    -17       31
  AVERAGE         26                        44    -18       34

PRECIPITATION (IN)
  TODAY            0.00          1.51 2012   0.08  -0.08      T
  MONTH TO DATE    0.57                      1.14  -0.57     1.43
  SINCE MAR 1      1.77                      2.69  -0.92     4.06
  SINCE JAN 1      4.28                      3.93   0.35     5.84

SNOWFALL (IN)
  TODAY            0.0           3.3  1991   0.1   -0.1       T
  MONTH TO DATE    3.5                       2.0    1.5     10.9
  SINCE MAR 1     12.7                      10.5    2.2     27.5
  SINCE JUL 1     67.0                      44.7   22.3     65.0
  SNOW DEPTH       0

DEGREE DAYS
 HEATING
  TODAY           39                        21     18       31
  MONTH TO DATE  389                       364     25      497
  SINCE MAR 1   1696                      1468    228     1825
  SINCE JUL 1   8905                      7914    991     8095

 COOLING
  TODAY            0                         0      0        0
  MONTH TO DATE    0                         0      0        0
  SINCE MAR 1      0                         0      0        0
  SINCE JAN 1      0                         0      0        0
..................................................................


WIND (MPH)
  HIGHEST WIND SPEED    12   HIGHEST WIND DIRECTION     W (280)
  HIGHEST GUST SPEED    16   HIGHEST GUST DIRECTION    NW (330)
  AVERAGE WIND SPEED     6.6


SKY COVER
  POSSIBLE SUNSHINE  MM
  AVERAGE SKY COVER 0.1


WEATHER CONDITIONS
 THE FOLLOWING WEATHER WAS RECORDED TODAY.
  NO SIGNIFICANT WEATHER WAS OBSERVED.


RELATIVE HUMIDITY (PERCENT)
 HIGHEST    67           400 AM
 LOWEST     23           400 PM
 AVERAGE    45

..........................................................


THE ST CLOUD MN CLIMATE NORMALS FOR TOMORROW
                         NORMAL    RECORD    YEAR
 MAXIMUM TEMPERATURE (F)   57        86      1913
 MINIMUM TEMPERATURE (F)   33        16      1907


SUNRISE AND SUNSET
APRIL 15 2014.........SUNRISE   631 AM CDT   SUNSET   803 PM CDT
APRIL 16 2014.........SUNRISE   629 AM CDT   SUNSET   804 PM CDT


-  INDICATES NEGATIVE NUMBERS.
R  INDICATES RECORD WAS SET OR TIED.
MM INDICATES DATA IS MISSING.
T  INDICATES TRACE AMOUNT.




$$
