491
CDUS43 KMPX 120052
CLISTC


CLIMATE REPORT
NATIONAL WEATHER SERVICE CHANHASSEN MN
652 PM CST THU JAN 11 2018


...................................

...THE ST CLOUD MN CLIMATE SUMMARY FOR JANUARY 11 2018...
VALID TODAY AS OF 0600 PM LOCAL TIME.

CLIMATE NORMAL PERIOD 1981 TO 2010
CLIMATE RECORD PERIOD 1893 TO 2018


WEATHER ITEM   OBSERVED TIME   RECORD YEAR NORMAL DEPARTURE LAST
                VALUE   (LST)  VALUE       VALUE  FROM      YEAR
                                                  NORMAL
..................................................................
TEMPERATURE (F)
 TODAY
  MAXIMUM         33   1213 AM  45    1986  21     12        6
  MINIMUM          5    559 PM -36    1979   2      3       -2
  AVERAGE         19                        11      8        2

PRECIPITATION (IN)
  TODAY            0.06          0.70 1930   0.02   0.04     0.11
  MONTH TO DATE    0.06                      0.26  -0.20     0.37
  SINCE DEC 1      0.50                      1.08  -0.58     1.92
  SINCE JAN 1      0.06                      0.26  -0.20     0.37

SNOWFALL (IN)
  TODAY            0.5           8.8  1930   0.3    0.2      3.7
  MONTH TO DATE    0.5                       3.3   -2.8      9.0
  SINCE DEC 1      5.2                      12.7   -7.5     17.8
  SINCE JUL 1     12.3                      21.9   -9.6     25.1
  SNOW DEPTH       2

DEGREE DAYS
 HEATING
  TODAY           46                        54     -8       63
  MONTH TO DATE  613                       587     26      642
  SINCE DEC 1   2156                      2109     47     2106
  SINCE JUL 1   3922                      4034   -112     3480

 COOLING
  TODAY            0                         0      0        0
  MONTH TO DATE    0                         0      0        0
  SINCE DEC 1      0                         0      0        0
  SINCE JAN 1      0                         0      0        0
..................................................................


WIND (MPH)
  HIGHEST WIND SPEED    24   HIGHEST WIND DIRECTION    NW (310)
  HIGHEST GUST SPEED    30   HIGHEST GUST DIRECTION    NW (310)
  AVERAGE WIND SPEED    16.4


SKY COVER
  POSSIBLE SUNSHINE  MM
  AVERAGE SKY COVER 0.9


WEATHER CONDITIONS
 THE FOLLOWING WEATHER WAS RECORDED TODAY.
  LIGHT SNOW
  FOG
  FOG W/VISIBILITY <= 1/4 MILE


RELATIVE HUMIDITY (PERCENT)
 HIGHEST   100          1200 AM
 LOWEST     63           400 PM
 AVERAGE    82

..........................................................


THE ST CLOUD MN CLIMATE NORMALS FOR TOMORROW
                         NORMAL    RECORD    YEAR
 MAXIMUM TEMPERATURE (F)   21        49      1987
 MINIMUM TEMPERATURE (F)    2       -40      1912


SUNRISE AND SUNSET
JANUARY 11 2018.......SUNRISE   755 AM CST   SUNSET   454 PM CST
JANUARY 12 2018.......SUNRISE   754 AM CST   SUNSET   455 PM CST


-  INDICATES NEGATIVE NUMBERS.
R  INDICATES RECORD WAS SET OR TIED.
MM INDICATES DATA IS MISSING.
T  INDICATES TRACE AMOUNT.




$$
