000
CDUS43 KMPX 030726
CLISTC


CLIMATE REPORT
NATIONAL WEATHER SERVICE CHANHASSEN MN
225 AM CDT THU AUG 3 2017


...................................

...THE ST CLOUD MN CLIMATE SUMMARY FOR AUGUST 2 2017...

CLIMATE NORMAL PERIOD 1981 TO 2010
CLIMATE RECORD PERIOD 1893 TO 2017


WEATHER ITEM   OBSERVED TIME   RECORD YEAR NORMAL DEPARTURE LAST
                VALUE   (LST)  VALUE       VALUE  FROM      YEAR
                                                  NORMAL
..................................................................
TEMPERATURE (F)
 YESTERDAY
  MAXIMUM         79    230 PM  96    1958  82     -3       87
  MINIMUM         60   1159 PM  43    1950  58      2       65
  AVERAGE         70                        70      0       76

PRECIPITATION (IN)
  YESTERDAY        0.15          2.21 1997   0.11   0.04     0.00
  MONTH TO DATE    0.15                      0.22  -0.07      T
  SINCE JUN 1      6.11                      7.70  -1.59    10.11
  SINCE JAN 1     15.81                     16.01  -0.20    16.46

SNOWFALL (IN)
  YESTERDAY        0.0           0.0    MM   0.0    0.0      0.0
  MONTH TO DATE    0.0                       0.0    0.0      0.0
  SINCE JUN 1      0.0                       0.0    0.0      0.0
  SINCE JUL 1      0.0                       0.0    0.0      0.0
  SNOW DEPTH       0

DEGREE DAYS
 HEATING
  YESTERDAY        0                         1     -1        0
  MONTH TO DATE    0                         2     -2        0
  SINCE JUN 1     45                        97    -52       40
  SINCE JUL 1      4                        19    -15        7

 COOLING
  YESTERDAY        5                         5      0       11
  MONTH TO DATE   14                        10      4       23
  SINCE JUN 1    270                       287    -17      313
  SINCE JAN 1    273                       312    -39      344
..................................................................


WIND (MPH)
  HIGHEST WIND SPEED    13   HIGHEST WIND DIRECTION     E (80)
  HIGHEST GUST SPEED    18   HIGHEST GUST DIRECTION    NE (60)
  AVERAGE WIND SPEED     6.7


SKY COVER
  POSSIBLE SUNSHINE  MM
  AVERAGE SKY COVER 0.3


WEATHER CONDITIONS
 THE FOLLOWING WEATHER WAS RECORDED YESTERDAY.
  RAIN
  LIGHT RAIN
  FOG


RELATIVE HUMIDITY (PERCENT)
 HIGHEST   100           400 AM
 LOWEST     54           200 PM
 AVERAGE    77

..........................................................


THE ST CLOUD MN CLIMATE NORMALS FOR TODAY
                         NORMAL    RECORD    YEAR
 MAXIMUM TEMPERATURE (F)   82       103      1900
 MINIMUM TEMPERATURE (F)   58        42      1971


SUNRISE AND SUNSET
AUGUST  3 2017........SUNRISE   603 AM CDT   SUNSET   841 PM CDT
AUGUST  4 2017........SUNRISE   604 AM CDT   SUNSET   840 PM CDT


-  INDICATES NEGATIVE NUMBERS.
R  INDICATES RECORD WAS SET OR TIED.
MM INDICATES DATA IS MISSING.
T  INDICATES TRACE AMOUNT.




$$
