000
CDUS43 KMPX 162222
CLISTC


CLIMATE REPORT
NATIONAL WEATHER SERVICE CHANHASSEN MN
422 PM CST WED NOV 16 2016


...................................

...THE ST CLOUD MN CLIMATE SUMMARY FOR NOVEMBER 16 2016...
VALID AS OF 0400 PM LOCAL TIME.

CLIMATE NORMAL PERIOD 1981 TO 2010
CLIMATE RECORD PERIOD 1893 TO 2016


WEATHER ITEM   OBSERVED TIME   RECORD YEAR NORMAL DEPARTURE LAST
                VALUE   (LST)  VALUE       VALUE  FROM      YEAR
                                                  NORMAL
..................................................................
TEMPERATURE (F)
 TODAY
  MAXIMUM         59    250 PM  68    1953  39     20       51
  MINIMUM         29    259 AM  -4    1933  22      7       47
  AVERAGE         44                        30     14       49

PRECIPITATION (IN)
  TODAY            0.00          1.49 1996   0.05  -0.05     0.50
  MONTH TO DATE    T                         0.79  -0.79     0.68
  SINCE SEP 1      5.76                      6.74  -0.98     6.06
  SINCE JAN 1     30.58                     26.32   4.26    29.67

SNOWFALL (IN)
  TODAY            0.0           9.0  1911   0.4   -0.4      0.0
  MONTH TO DATE    0.0                       3.5   -3.5      0.0
  SINCE SEP 1      0.0                       4.3   -4.3      0.2
  SINCE JUL 1      0.0                       4.3   -4.3      0.2
  SNOW DEPTH       0

DEGREE DAYS
 HEATING
  TODAY           21                        35    -14       16
  MONTH TO DATE  291                       488   -197      307
  SINCE SEP 1    901                      1315   -414      914
  SINCE JUL 1    923                      1373   -450      966

 COOLING
  TODAY            0                         0      0        0
  MONTH TO DATE    0                         0      0        0
  SINCE SEP 1     28                        36     -8      106
  SINCE JAN 1    506                       465     41      492
..................................................................


WIND (MPH)
  HIGHEST WIND SPEED    21   HIGHEST WIND DIRECTION    SE (140)
  HIGHEST GUST SPEED    25   HIGHEST GUST DIRECTION    SE (140)
  AVERAGE WIND SPEED     7.4


SKY COVER
  POSSIBLE SUNSHINE  MM
  AVERAGE SKY COVER 0.0


WEATHER CONDITIONS
 THE FOLLOWING WEATHER WAS RECORDED TODAY.
  NO SIGNIFICANT WEATHER WAS OBSERVED.


RELATIVE HUMIDITY (PERCENT)
 HIGHEST   100          1200 AM
 LOWEST     36           100 PM
 AVERAGE    68

..........................................................


THE ST CLOUD MN CLIMATE NORMALS FOR TOMORROW
                         NORMAL    RECORD    YEAR
 MAXIMUM TEMPERATURE (F)   38        69      1953
 MINIMUM TEMPERATURE (F)   21        -6      1959


SUNRISE AND SUNSET
NOVEMBER 16 2016......SUNRISE   718 AM CST   SUNSET   444 PM CST
NOVEMBER 17 2016......SUNRISE   719 AM CST   SUNSET   443 PM CST


-  INDICATES NEGATIVE NUMBERS.
R  INDICATES RECORD WAS SET OR TIED.
MM INDICATES DATA IS MISSING.
T  INDICATES TRACE AMOUNT.




$$
