000
CDUS43 KMPX 120646
CLISTC


CLIMATE REPORT
NATIONAL WEATHER SERVICE CHANHASSEN MN
145 AM CDT MON JUN 12 2017


...................................

...THE ST CLOUD MN CLIMATE SUMMARY FOR JUNE 11 2017...

CLIMATE NORMAL PERIOD 1981 TO 2010
CLIMATE RECORD PERIOD 1893 TO 2017


WEATHER ITEM   OBSERVED TIME   RECORD YEAR NORMAL DEPARTURE LAST
                VALUE   (LST)  VALUE       VALUE  FROM      YEAR
                                                  NORMAL
..................................................................
TEMPERATURE (F)
 YESTERDAY
  MAXIMUM         73    303 PM  97    1956  76     -3       89
  MINIMUM         56    228 AM  38    1958  52      4       60
  AVERAGE         65                        64      1       75

PRECIPITATION (IN)
  YESTERDAY        0.36          1.30 1894   0.14   0.22     0.00
  MONTH TO DATE    0.46                      1.43  -0.97     0.83
  SINCE JUN 1      0.46                      1.43  -0.97     0.83
  SINCE JAN 1     10.16                      9.74   0.42     7.18

SNOWFALL (IN)
  YESTERDAY        0.0           0.0    MM   0.0    0.0      0.0
  MONTH TO DATE    0.0                       0.0    0.0      0.0
  SINCE JUN 1      0.0                       0.0    0.0      0.0
  SINCE JUL 1     31.9                      45.7  -13.8     30.3
  SNOW DEPTH       0

DEGREE DAYS
 HEATING
  YESTERDAY        0                         3     -3        0
  MONTH TO DATE    6                        45    -39       30
  SINCE JUN 1      6                        45    -39       30
  SINCE JUL 1   7292                      8499  -1207     7167

 COOLING
  YESTERDAY        0                         2     -2       10
  MONTH TO DATE   43                        21     22       30
  SINCE JUN 1     43                        21     22       30
  SINCE JAN 1     46                        46      0       61
..................................................................


WIND (MPH)
  HIGHEST WIND SPEED    39   HIGHEST WIND DIRECTION     W (250)
  HIGHEST GUST SPEED    48   HIGHEST GUST DIRECTION     W (250)
  AVERAGE WIND SPEED     6.2


SKY COVER
  POSSIBLE SUNSHINE  MM
  AVERAGE SKY COVER 0.5


WEATHER CONDITIONS
 THE FOLLOWING WEATHER WAS RECORDED YESTERDAY.
  THUNDERSTORM
  HEAVY RAIN
  RAIN
  LIGHT RAIN
  FOG


RELATIVE HUMIDITY (PERCENT)
 HIGHEST   100           200 AM
 LOWEST     58           700 AM
 AVERAGE    79

..........................................................


THE ST CLOUD MN CLIMATE NORMALS FOR TODAY
                         NORMAL    RECORD    YEAR
 MAXIMUM TEMPERATURE (F)   77        95      1988
 MINIMUM TEMPERATURE (F)   53        40      1974
                                             1903
                                             1901


SUNRISE AND SUNSET
JUNE 12 2017..........SUNRISE   527 AM CDT   SUNSET   906 PM CDT
JUNE 13 2017..........SUNRISE   527 AM CDT   SUNSET   906 PM CDT


-  INDICATES NEGATIVE NUMBERS.
R  INDICATES RECORD WAS SET OR TIED.
MM INDICATES DATA IS MISSING.
T  INDICATES TRACE AMOUNT.




$$
