000
CDUS43 KMPX 150735
CLISTC


CLIMATE REPORT
NATIONAL WEATHER SERVICE CHANHASSEN MN
235 AM CDT FRI JUL 15 2016


...................................

...THE ST CLOUD MN CLIMATE SUMMARY FOR JULY 14 2016...

CLIMATE NORMAL PERIOD 1981 TO 2010
CLIMATE RECORD PERIOD 1893 TO 2016


WEATHER ITEM   OBSERVED TIME   RECORD YEAR NORMAL DEPARTURE LAST
                VALUE   (LST)  VALUE       VALUE  FROM      YEAR
                                                  NORMAL
..................................................................
TEMPERATURE (F)
 YESTERDAY
  MAXIMUM         67    828 AM 105    1936  83    -16       84
  MINIMUM         61   1159 PM  46    1987  59      2       64
  AVERAGE         64                        71     -7       74

PRECIPITATION (IN)
  YESTERDAY        0.27          1.62 1998   0.10   0.17     0.00
  MONTH TO DATE    4.42                      1.55   2.87     3.72
  SINCE JUN 1      7.79                      5.72   2.07     8.38
  SINCE JAN 1     14.14                     14.03   0.11    17.05

SNOWFALL (IN)
  YESTERDAY        0.0           0.0    MM   0.0    0.0      0.0
  MONTH TO DATE    0.0                       0.0    0.0      0.0
  SINCE JUN 1      0.0                       0.0    0.0      0.0
  SINCE JUL 1      0.0                       0.0    0.0      0.0
  SNOW DEPTH       0

DEGREE DAYS
 HEATING
  YESTERDAY        1                         0      1        0
  MONTH TO DATE    7                        13     -6       12
  SINCE JUN 1     40                        91    -51       40
  SINCE JUL 1      7                        13     -6       12

 COOLING
  YESTERDAY        0                         6     -6        9
  MONTH TO DATE   65                        83    -18       63
  SINCE JUN 1    173                       178     -5      135
  SINCE JAN 1    204                       203      1      140
..................................................................


WIND (MPH)
  HIGHEST WIND SPEED    25   HIGHEST WIND DIRECTION    NW (310)
  HIGHEST GUST SPEED    31   HIGHEST GUST DIRECTION    NW (300)
  AVERAGE WIND SPEED    12.4


SKY COVER
  POSSIBLE SUNSHINE  MM
  AVERAGE SKY COVER 0.9


WEATHER CONDITIONS
 THE FOLLOWING WEATHER WAS RECORDED YESTERDAY.
  RAIN
  LIGHT RAIN
  FOG


RELATIVE HUMIDITY (PERCENT)
 HIGHEST   100           500 PM
 LOWEST     73          1200 AM
 AVERAGE    87

..........................................................


THE ST CLOUD MN CLIMATE NORMALS FOR TODAY
                         NORMAL    RECORD    YEAR
 MAXIMUM TEMPERATURE (F)   83       102      1931
 MINIMUM TEMPERATURE (F)   59        44      1912


SUNRISE AND SUNSET
JULY 15 2016..........SUNRISE   542 AM CDT   SUNSET   902 PM CDT
JULY 16 2016..........SUNRISE   543 AM CDT   SUNSET   901 PM CDT


-  INDICATES NEGATIVE NUMBERS.
R  INDICATES RECORD WAS SET OR TIED.
MM INDICATES DATA IS MISSING.
T  INDICATES TRACE AMOUNT.




$$
