000
CDUS43 KMPX 080656
CLISTC


CLIMATE REPORT
NATIONAL WEATHER SERVICE CHANHASSEN MN
1255 AM CST WED MAR 8 2017


...................................

...THE ST CLOUD MN CLIMATE SUMMARY FOR MARCH 7 2017...

CLIMATE NORMAL PERIOD 1981 TO 2010
CLIMATE RECORD PERIOD 1893 TO 2017


WEATHER ITEM   OBSERVED TIME   RECORD YEAR NORMAL DEPARTURE LAST
                VALUE   (LST)  VALUE       VALUE  FROM      YEAR
                                                  NORMAL
..................................................................
TEMPERATURE (F)
 YESTERDAY
  MAXIMUM         44    250 PM  73    1987  34     10       64
  MINIMUM         24    429 AM -20    1945  16      8       37
  AVERAGE         34                        25      9       51

PRECIPITATION (IN)
  YESTERDAY        0.01          0.45 1950   0.04  -0.03     0.00
  MONTH TO DATE    0.35                      0.26   0.09     0.10
  SINCE MAR 1      0.35                      0.26   0.09     0.10
  SINCE JAN 1      1.67                      1.50   0.17     1.04

SNOWFALL (IN)
  YESTERDAY        0.2           9.0  1917   0.4   -0.2      0.0
  MONTH TO DATE    0.2                       2.4   -2.2      1.2
  SINCE MAR 1      0.2                       2.4   -2.2      1.2
  SINCE JUL 1     29.1                      36.6   -7.5     26.9
  SNOW DEPTH       T

DEGREE DAYS
 HEATING
  YESTERDAY       31                        40     -9       14
  MONTH TO DATE  225                       288    -63      231
  SINCE MAR 1    225                       288    -63      231
  SINCE JUL 1   5581                      6734  -1153     5682

 COOLING
  YESTERDAY        0                         0      0        0
  MONTH TO DATE    0                         0      0        0
  SINCE MAR 1      0                         0      0        0
  SINCE JAN 1      0                         0      0        0
..................................................................


WIND (MPH)
  HIGHEST WIND SPEED    43   HIGHEST WIND DIRECTION     W (280)
  HIGHEST GUST SPEED    56   HIGHEST GUST DIRECTION     W (290)
  AVERAGE WIND SPEED    27.2


SKY COVER
  POSSIBLE SUNSHINE  MM
  AVERAGE SKY COVER 0.5


WEATHER CONDITIONS
 THE FOLLOWING WEATHER WAS RECORDED YESTERDAY.
  LIGHT SNOW
  FOG
  HAZE


RELATIVE HUMIDITY (PERCENT)
 HIGHEST    88           400 AM
 LOWEST     36           500 PM
 AVERAGE    62

..........................................................


THE ST CLOUD MN CLIMATE NORMALS FOR TODAY
                         NORMAL    RECORD    YEAR
 MAXIMUM TEMPERATURE (F)   35        66      2016
 MINIMUM TEMPERATURE (F)   17       -13      1995


SUNRISE AND SUNSET
MARCH  8 2017.........SUNRISE   641 AM CST   SUNSET   613 PM CST
MARCH  9 2017.........SUNRISE   640 AM CST   SUNSET   615 PM CST


-  INDICATES NEGATIVE NUMBERS.
R  INDICATES RECORD WAS SET OR TIED.
MM INDICATES DATA IS MISSING.
T  INDICATES TRACE AMOUNT.




$$
