000
CDUS43 KMPX 080659
CLISTC


CLIMATE REPORT
NATIONAL WEATHER SERVICE CHANHASSEN MN
159 AM CDT THU JUN 8 2017


...................................

...THE ST CLOUD MN CLIMATE SUMMARY FOR JUNE 7 2017...

CLIMATE NORMAL PERIOD 1981 TO 2010
CLIMATE RECORD PERIOD 1893 TO 2017


WEATHER ITEM   OBSERVED TIME   RECORD YEAR NORMAL DEPARTURE LAST
                VALUE   (LST)  VALUE       VALUE  FROM      YEAR
                                                  NORMAL
..................................................................
TEMPERATURE (F)
 YESTERDAY
  MAXIMUM         88    301 PM 101    2011  75     13       72
  MINIMUM         51    322 AM  34    1901  51      0       44
  AVERAGE         70                        63      7       58

PRECIPITATION (IN)
  YESTERDAY        0.10          2.87 1984   0.14  -0.04     0.00
  MONTH TO DATE    0.10                      0.88  -0.78     0.45
  SINCE JUN 1      0.10                      0.88  -0.78     0.45
  SINCE JAN 1      9.80                      9.19   0.61     6.80

SNOWFALL (IN)
  YESTERDAY        0.0           0.0    MM   0.0    0.0      0.0
  MONTH TO DATE    0.0                       0.0    0.0      0.0
  SINCE JUN 1      0.0                       0.0    0.0      0.0
  SINCE JUL 1     31.9                      45.7  -13.8     30.3
  SNOW DEPTH       0

DEGREE DAYS
 HEATING
  YESTERDAY        0                         4     -4        7
  MONTH TO DATE    6                        32    -26       27
  SINCE JUN 1      6                        32    -26       27
  SINCE JUL 1   7292                      8486  -1194     7164

 COOLING
  YESTERDAY        5                         2      3        0
  MONTH TO DATE   22                        13      9        2
  SINCE JUN 1     22                        13      9        2
  SINCE JAN 1     25                        38    -13       33
..................................................................


WIND (MPH)
  HIGHEST WIND SPEED    21   HIGHEST WIND DIRECTION     S (170)
  HIGHEST GUST SPEED    29   HIGHEST GUST DIRECTION     S (170)
  AVERAGE WIND SPEED     7.8


SKY COVER
  POSSIBLE SUNSHINE  MM
  AVERAGE SKY COVER 0.1


WEATHER CONDITIONS
 THE FOLLOWING WEATHER WAS RECORDED YESTERDAY.
  THUNDERSTORM
  RAIN
  LIGHT RAIN
  FOG


RELATIVE HUMIDITY (PERCENT)
 HIGHEST    90          1100 PM
 LOWEST     29           300 PM
 AVERAGE    60

..........................................................


THE ST CLOUD MN CLIMATE NORMALS FOR TODAY
                         NORMAL    RECORD    YEAR
 MAXIMUM TEMPERATURE (F)   75        98      1985
 MINIMUM TEMPERATURE (F)   51        34      1901


SUNRISE AND SUNSET
JUNE  8 2017..........SUNRISE   528 AM CDT   SUNSET   903 PM CDT
JUNE  9 2017..........SUNRISE   527 AM CDT   SUNSET   904 PM CDT


-  INDICATES NEGATIVE NUMBERS.
R  INDICATES RECORD WAS SET OR TIED.
MM INDICATES DATA IS MISSING.
T  INDICATES TRACE AMOUNT.




$$
