000
CDUS43 KMPX 150645
CLISTC


CLIMATE REPORT
NATIONAL WEATHER SERVICE CHANHASSEN MN
143 AM CDT WED OCT 15 2014


...................................

...THE ST CLOUD MN CLIMATE SUMMARY FOR OCTOBER 14 2014...

CLIMATE NORMAL PERIOD 1981 TO 2010
CLIMATE RECORD PERIOD 1893 TO 2014


WEATHER ITEM   OBSERVED TIME   RECORD YEAR NORMAL DEPARTURE LAST
                VALUE   (LST)  VALUE       VALUE  FROM      YEAR
                                                  NORMAL
..................................................................
TEMPERATURE (F)
 YESTERDAY
  MAXIMUM         66    345 PM  85    1947  58      8       49
  MINIMUM         40   1159 PM  19    1937  36      4       37
  AVERAGE         53                        47      6       43

PRECIPITATION (IN)
  YESTERDAY        0.00          0.99 1911   0.09  -0.09     0.80
  MONTH TO DATE    0.45                      1.30  -0.85     2.62
  SINCE SEP 1      4.51                      4.76  -0.25     4.49
  SINCE JAN 1     33.88                     24.34   9.54    24.82

SNOWFALL (IN)
  YESTERDAY        0.0           0.5  1959   0.0    0.0      0.0
  MONTH TO DATE    0.0                       0.1   -0.1      0.0
  SINCE SEP 1      0.0                       0.1   -0.1      0.0
  SINCE JUL 1      0.0                       0.1   -0.1      0.0
  SNOW DEPTH       0

DEGREE DAYS
 HEATING
  YESTERDAY       12                        18     -6       22
  MONTH TO DATE  240                       223     17      154
  SINCE SEP 1    392                       451    -59      283
  SINCE JUL 1    401                       509   -108      332

 COOLING
  YESTERDAY        0                         0      0        0
  MONTH TO DATE    0                         0      0        0
  SINCE SEP 1     43                        34      9       74
  SINCE JAN 1    597                       463    134      578
..................................................................


WIND (MPH)
  HIGHEST WIND SPEED    21   HIGHEST WIND DIRECTION     N (360)
  HIGHEST GUST SPEED    29   HIGHEST GUST DIRECTION     N (360)
  AVERAGE WIND SPEED     9.4


SKY COVER
  POSSIBLE SUNSHINE  MM
  AVERAGE SKY COVER 0.2


WEATHER CONDITIONS
 THE FOLLOWING WEATHER WAS RECORDED YESTERDAY.
  NO SIGNIFICANT WEATHER WAS OBSERVED.


RELATIVE HUMIDITY (PERCENT)
 HIGHEST    93           200 AM
 LOWEST     29           300 PM
 AVERAGE    61

..........................................................


THE ST CLOUD MN CLIMATE NORMALS FOR TODAY
                         NORMAL    RECORD    YEAR
 MAXIMUM TEMPERATURE (F)   57        82      1968
                                             1947
                                             1910
 MINIMUM TEMPERATURE (F)   35        19      1952


SUNRISE AND SUNSET
OCTOBER 15 2014.......SUNRISE   733 AM CDT   SUNSET   631 PM CDT
OCTOBER 16 2014.......SUNRISE   734 AM CDT   SUNSET   629 PM CDT


-  INDICATES NEGATIVE NUMBERS.
R  INDICATES RECORD WAS SET OR TIED.
MM INDICATES DATA IS MISSING.
T  INDICATES TRACE AMOUNT.




$$
