000
CDUS43 KMPX 160854
CLISTC


CLIMATE REPORT
NATIONAL WEATHER SERVICE CHANHASSEN MN
353 AM CDT SAT JUL 16 2016


...................................

...THE ST CLOUD MN CLIMATE SUMMARY FOR JULY 15 2016...

CLIMATE NORMAL PERIOD 1981 TO 2010
CLIMATE RECORD PERIOD 1893 TO 2016


WEATHER ITEM   OBSERVED TIME   RECORD YEAR NORMAL DEPARTURE LAST
                VALUE   (LST)  VALUE       VALUE  FROM      YEAR
                                                  NORMAL
..................................................................
TEMPERATURE (F)
 YESTERDAY
  MAXIMUM         77    513 PM 102    1931  83     -6       85
  MINIMUM         57   1158 PM  44    1912  59     -2       60
  AVERAGE         67                        71     -4       73

PRECIPITATION (IN)
  YESTERDAY        0.02          1.74 2011   0.11  -0.09     1.57
  MONTH TO DATE    4.44                      1.66   2.78     5.29
  SINCE JUN 1      7.81                      5.83   1.98     9.95
  SINCE JAN 1     14.16                     14.14   0.02    18.62

SNOWFALL (IN)
  YESTERDAY        0.0           0.0    MM   0.0    0.0      0.0
  MONTH TO DATE    0.0                       0.0    0.0      0.0
  SINCE JUN 1      0.0                       0.0    0.0      0.0
  SINCE JUL 1      0.0                       0.0    0.0      0.0
  SNOW DEPTH       0

DEGREE DAYS
 HEATING
  YESTERDAY        0                         0      0        0
  MONTH TO DATE    7                        13     -6       12
  SINCE JUN 1     40                        91    -51       40
  SINCE JUL 1      7                        13     -6       12

 COOLING
  YESTERDAY        2                         6     -4        8
  MONTH TO DATE   67                        89    -22       71
  SINCE JUN 1    175                       184     -9      143
  SINCE JAN 1    206                       209     -3      148
..................................................................


WIND (MPH)
  HIGHEST WIND SPEED    12   HIGHEST WIND DIRECTION    NW (300)
  HIGHEST GUST SPEED    15   HIGHEST GUST DIRECTION     N (340)
  AVERAGE WIND SPEED     4.3


SKY COVER
  POSSIBLE SUNSHINE  MM
  AVERAGE SKY COVER 0.3


WEATHER CONDITIONS
 THE FOLLOWING WEATHER WAS RECORDED YESTERDAY.
  LIGHT RAIN


RELATIVE HUMIDITY (PERCENT)
 HIGHEST   100           100 AM
 LOWEST     46           500 PM
 AVERAGE    73

..........................................................


THE ST CLOUD MN CLIMATE NORMALS FOR TODAY
                         NORMAL    RECORD    YEAR
 MAXIMUM TEMPERATURE (F)   83       102      1931
 MINIMUM TEMPERATURE (F)   59        44      1973


SUNRISE AND SUNSET
JULY 16 2016..........SUNRISE   543 AM CDT   SUNSET   901 PM CDT
JULY 17 2016..........SUNRISE   544 AM CDT   SUNSET   900 PM CDT


-  INDICATES NEGATIVE NUMBERS.
R  INDICATES RECORD WAS SET OR TIED.
MM INDICATES DATA IS MISSING.
T  INDICATES TRACE AMOUNT.




$$
