000
CDUS43 KMPX 080623
CLISTC


CLIMATE REPORT
NATIONAL WEATHER SERVICE CHANHASSEN MN
123 AM CDT MON SEP 8 2014


...................................

...THE ST CLOUD MN CLIMATE SUMMARY FOR SEPTEMBER 7 2014...

CLIMATE NORMAL PERIOD 1981 TO 2010
CLIMATE RECORD PERIOD 1893 TO 2014


WEATHER ITEM   OBSERVED TIME   RECORD YEAR NORMAL DEPARTURE LAST
                VALUE   (LST)  VALUE       VALUE  FROM      YEAR
                                                  NORMAL
..................................................................
TEMPERATURE (F)
 YESTERDAY
  MAXIMUM         79    335 PM  98    1978  74      5       92
  MINIMUM         56    510 AM  35    1956  51      5       64
  AVERAGE         68                        62      6       78

PRECIPITATION (IN)
  YESTERDAY        0.00          2.23 1991   0.13  -0.13     0.00
  MONTH TO DATE    3.23                      0.93   2.30     0.00
  SINCE SEP 1      3.23                      0.93   2.30     0.00
  SINCE JAN 1     32.60                     20.51  12.09    20.33

SNOWFALL (IN)
  YESTERDAY        0.0           0.0    MM   0.0    0.0      0.0
  MONTH TO DATE    0.0                       0.0    0.0      0.0
  SINCE SEP 1      0.0                       0.0    0.0      0.0
  SINCE JUL 1      0.0                       0.0    0.0      0.0
  SNOW DEPTH       0

DEGREE DAYS
 HEATING
  YESTERDAY        0                         5     -5        0
  MONTH TO DATE    6                        27    -21       15
  SINCE SEP 1      6                        27    -21       15
  SINCE JUL 1     15                        85    -70       64

 COOLING
  YESTERDAY        3                         2      1       13
  MONTH TO DATE   17                        14      3       36
  SINCE SEP 1     17                        14      3       36
  SINCE JAN 1    576                       443    133      540
..................................................................


WIND (MPH)
  HIGHEST WIND SPEED    17   HIGHEST WIND DIRECTION     S (180)
  HIGHEST GUST SPEED    23   HIGHEST GUST DIRECTION     S (170)
  AVERAGE WIND SPEED     9.7


SKY COVER
  POSSIBLE SUNSHINE  MM
  AVERAGE SKY COVER 0.1


WEATHER CONDITIONS
 THE FOLLOWING WEATHER WAS RECORDED YESTERDAY.
  NO SIGNIFICANT WEATHER WAS OBSERVED.


RELATIVE HUMIDITY (PERCENT)
 HIGHEST    77           500 AM
 LOWEST     42           400 PM
 AVERAGE    60

..........................................................


THE ST CLOUD MN CLIMATE NORMALS FOR TODAY
                         NORMAL    RECORD    YEAR
 MAXIMUM TEMPERATURE (F)   74       102      1931
 MINIMUM TEMPERATURE (F)   50        34      1995


SUNRISE AND SUNSET
SEPTEMBER  8 2014.....SUNRISE   646 AM CDT   SUNSET   741 PM CDT
SEPTEMBER  9 2014.....SUNRISE   647 AM CDT   SUNSET   739 PM CDT


-  INDICATES NEGATIVE NUMBERS.
R  INDICATES RECORD WAS SET OR TIED.
MM INDICATES DATA IS MISSING.
T  INDICATES TRACE AMOUNT.




$$
