000
CDUS43 KMPX 012258
CLISTC


CLIMATE REPORT
NATIONAL WEATHER SERVICE CHANHASSEN MN
457 PM CST SUN JAN 1 2017


...................................

...THE ST CLOUD MN CLIMATE SUMMARY FOR JANUARY 1 2017...
VALID AS OF 0400 PM LOCAL TIME.

CLIMATE NORMAL PERIOD 1981 TO 2010
CLIMATE RECORD PERIOD 1893 TO 2016


WEATHER ITEM   OBSERVED TIME   RECORD YEAR NORMAL DEPARTURE LAST
                VALUE   (LST)  VALUE       VALUE  FROM      YEAR
                                                  NORMAL
..................................................................
TEMPERATURE (F)
 TODAY
  MAXIMUM         27    347 PM  47    1905  21      6       28
  MINIMUM         22    800 AM -33    1974   3     19       13
  AVERAGE         25                        12     13       21

PRECIPITATION (IN)
  TODAY            0.00          0.45 1941   0.02  -0.02      T
  MONTH TO DATE    0.00                      0.02  -0.02      T
  SINCE DEC 1      1.58                      0.84   0.74     1.02
  SINCE JAN 1      0.00                      0.02  -0.02      T

SNOWFALL (IN)
  TODAY            0.0           5.3  1960   0.3   -0.3       T
  MONTH TO DATE    0.0                       0.3   -0.3       T
  SINCE DEC 1      8.8                       9.7   -0.9      8.2
  SINCE JUL 1     16.1                      18.9   -2.8     13.9
  SNOW DEPTH       2

DEGREE DAYS
 HEATING
  TODAY           40                        53    -13       44
  MONTH TO DATE   40                        53    -13       44
  SINCE DEC 1   1504                      1575    -71     1227
  SINCE JUL 1   2878                      3500   -622     2686

 COOLING
  TODAY            0                         0      0        0
  MONTH TO DATE    0                         0      0        0
  SINCE DEC 1      0                         0      0        0
  SINCE JAN 1      0                         0      0        0
..................................................................


WIND (MPH)
  HIGHEST WIND SPEED    14   HIGHEST WIND DIRECTION     N (360)
  HIGHEST GUST SPEED    18   HIGHEST GUST DIRECTION    SW (220)
  AVERAGE WIND SPEED     8.6


SKY COVER
  POSSIBLE SUNSHINE  MM
  AVERAGE SKY COVER 0.6


WEATHER CONDITIONS
 THE FOLLOWING WEATHER WAS RECORDED TODAY.
  NO SIGNIFICANT WEATHER WAS OBSERVED.


RELATIVE HUMIDITY (PERCENT)
 HIGHEST    84           200 AM
 LOWEST     63           100 PM
 AVERAGE    74

..........................................................


THE ST CLOUD MN CLIMATE NORMALS FOR TOMORROW
                         NORMAL    RECORD    YEAR
 MAXIMUM TEMPERATURE (F)   21        42      1926
 MINIMUM TEMPERATURE (F)    3       -30      1979


SUNRISE AND SUNSET
JANUARY  1 2017.......SUNRISE   757 AM CST   SUNSET   444 PM CST
JANUARY  2 2017.......SUNRISE   757 AM CST   SUNSET   445 PM CST


-  INDICATES NEGATIVE NUMBERS.
R  INDICATES RECORD WAS SET OR TIED.
MM INDICATES DATA IS MISSING.
T  INDICATES TRACE AMOUNT.




$$
