000
CDUS43 KMPX 220147
CLISTC


CLIMATE REPORT
NATIONAL WEATHER SERVICE CHANHASSEN MN
846 PM CDT SUN JUN 21 2015


...................................

...THE ST CLOUD MN CLIMATE SUMMARY FOR JUNE 21 2015...
VALID TODAY AS OF 0800 PM LOCAL TIME.

CLIMATE NORMAL PERIOD 1981 TO 2010
CLIMATE RECORD PERIOD 1893 TO 2015


WEATHER ITEM   OBSERVED TIME   RECORD YEAR NORMAL DEPARTURE LAST
                VALUE   (LST)  VALUE       VALUE  FROM      YEAR
                                                  NORMAL
..................................................................
TEMPERATURE (F)
 TODAY
  MAXIMUM         83        MM  95    1910  79      4       84
                                      1900
  MINIMUM         56        MM  34    1992  55      1       57
  AVERAGE         70                        67      3       71

PRECIPITATION (IN)
  TODAY            0.00          2.83 1956   0.15  -0.15     0.00
  MONTH TO DATE    4.34                      2.93   1.41     5.24
  SINCE JUN 1      4.34                      2.93   1.41     5.24
  SINCE JAN 1     13.01                     11.24   1.77    21.59

SNOWFALL (IN)
  TODAY            0.0           0.0    MM   0.0    0.0      0.0
  MONTH TO DATE    0.0                       0.0    0.0      0.0
  SINCE JUN 1      0.0                       0.0    0.0      0.0
  SINCE JUL 1     31.1                      45.7  -14.6     75.5
  SNOW DEPTH       0

DEGREE DAYS
 HEATING
  TODAY            0                         2     -2        0
  MONTH TO DATE   28                        68    -40       22
  SINCE JUN 1     28                        68    -40       22
  SINCE JUL 1   8143                      8522   -379     9520

 COOLING
  TODAY            5                         4      1        6
  MONTH TO DATE   37                        53    -16       68
  SINCE JUN 1     37                        53    -16       68
  SINCE JAN 1     42                        78    -36      112
..................................................................


WIND (MPH)
  HIGHEST WIND SPEED     7   HIGHEST WIND DIRECTION     W (250)
  HIGHEST GUST SPEED    18   HIGHEST GUST DIRECTION     W (250)
  AVERAGE WIND SPEED     2.2


SKY COVER
  POSSIBLE SUNSHINE  MM
  AVERAGE SKY COVER 0.1


WEATHER CONDITIONS
 THE FOLLOWING WEATHER WAS RECORDED TODAY.
  FOG


RELATIVE HUMIDITY (PERCENT)
 HIGHEST   100           200 AM
 LOWEST     45           100 PM
 AVERAGE    73

..........................................................


THE ST CLOUD MN CLIMATE NORMALS FOR TOMORROW
                         NORMAL    RECORD    YEAR
 MAXIMUM TEMPERATURE (F)   80        98      1911
 MINIMUM TEMPERATURE (F)   56        38      1905


SUNRISE AND SUNSET
JUNE 21 2015..........SUNRISE   527 AM CDT   SUNSET   909 PM CDT
JUNE 22 2015..........SUNRISE   527 AM CDT   SUNSET   909 PM CDT


-  INDICATES NEGATIVE NUMBERS.
R  INDICATES RECORD WAS SET OR TIED.
MM INDICATES DATA IS MISSING.
T  INDICATES TRACE AMOUNT.




$$
