000
CDUS43 KMPX 010707
CLISTC


CLIMATE REPORT
NATIONAL WEATHER SERVICE CHANHASSEN MN
206 AM CDT TUE AUG 1 2017


...................................

...THE ST CLOUD MN CLIMATE SUMMARY FOR JULY 31 2017...

CLIMATE NORMAL PERIOD 1981 TO 2010
CLIMATE RECORD PERIOD 1893 TO 2017


WEATHER ITEM   OBSERVED TIME   RECORD YEAR NORMAL DEPARTURE LAST
                VALUE   (LST)  VALUE       VALUE  FROM      YEAR
                                                  NORMAL
..................................................................
TEMPERATURE (F)
 YESTERDAY
  MAXIMUM         87    340 PM 102    1988  82      5       84
  MINIMUM         56    505 AM  44    1992  58     -2       62
  AVERAGE         72                        70      2       73

PRECIPITATION (IN)
  YESTERDAY        0.00          1.22 1911   0.11  -0.11     0.00
  MONTH TO DATE    2.38                      3.31  -0.93     6.74
  SINCE JUN 1      5.96                      7.48  -1.52    10.11
  SINCE JAN 1     15.66                     15.79  -0.13    16.46

SNOWFALL (IN)
  YESTERDAY        0.0           0.0    MM   0.0    0.0      0.0
  MONTH TO DATE    0.0                       0.0    0.0      0.0
  SINCE JUN 1      0.0                       0.0    0.0      0.0
  SINCE JUL 1      0.0                       0.0    0.0      0.0
  SNOW DEPTH       0

DEGREE DAYS
 HEATING
  YESTERDAY        0                         1     -1        0
  MONTH TO DATE    4                        17    -13        7
  SINCE JUN 1     45                        95    -50       40
  SINCE JUL 1      4                        17    -13        7

 COOLING
  YESTERDAY        7                         5      2        8
  MONTH TO DATE  172                       182    -10      182
  SINCE JUN 1    256                       277    -21      290
  SINCE JAN 1    259                       302    -43      321
..................................................................


WIND (MPH)
  HIGHEST WIND SPEED    15   HIGHEST WIND DIRECTION    SW (240)
  HIGHEST GUST SPEED    20   HIGHEST GUST DIRECTION    SW (230)
  AVERAGE WIND SPEED     5.6


SKY COVER
  POSSIBLE SUNSHINE  MM
  AVERAGE SKY COVER 0.1


WEATHER CONDITIONS
 THE FOLLOWING WEATHER WAS RECORDED YESTERDAY.
  NO SIGNIFICANT WEATHER WAS OBSERVED.


RELATIVE HUMIDITY (PERCENT)
 HIGHEST   100           100 AM
 LOWEST     37           200 PM
 AVERAGE    69

..........................................................


THE ST CLOUD MN CLIMATE NORMALS FOR TODAY
                         NORMAL    RECORD    YEAR
 MAXIMUM TEMPERATURE (F)   82        99      1988
                                             1964
 MINIMUM TEMPERATURE (F)   58        45      1905


SUNRISE AND SUNSET
AUGUST  1 2017........SUNRISE   600 AM CDT   SUNSET   844 PM CDT
AUGUST  2 2017........SUNRISE   602 AM CDT   SUNSET   843 PM CDT


-  INDICATES NEGATIVE NUMBERS.
R  INDICATES RECORD WAS SET OR TIED.
MM INDICATES DATA IS MISSING.
T  INDICATES TRACE AMOUNT.




$$
