000
CDUS43 KMPX 130724
CLISTC


CLIMATE REPORT
NATIONAL WEATHER SERVICE CHANHASSEN MN
224 AM CDT MON MAR 13 2017


...................................

...THE ST CLOUD MN CLIMATE SUMMARY FOR MARCH 12 2017...

CLIMATE NORMAL PERIOD 1981 TO 2010
CLIMATE RECORD PERIOD 1893 TO 2017


WEATHER ITEM   OBSERVED TIME   RECORD YEAR NORMAL DEPARTURE LAST
                VALUE   (LST)  VALUE       VALUE  FROM      YEAR
                                                  NORMAL
..................................................................
TEMPERATURE (F)
 YESTERDAY
  MAXIMUM         18   1159 AM  68    2016  37    -19       68
  MINIMUM          7    214 AM -15    2009  18    -11       33
  AVERAGE         13                        28    -15       51

PRECIPITATION (IN)
  YESTERDAY        0.15          0.61 1990   0.04   0.11     0.00
  MONTH TO DATE    0.50                      0.48   0.02     0.10
  SINCE MAR 1      0.50                      0.48   0.02     0.10
  SINCE JAN 1      1.82                      1.72   0.10     1.04

SNOWFALL (IN)
  YESTERDAY        1.8           6.0  1901   0.3    1.5      0.0
  MONTH TO DATE    2.0                       4.0   -2.0      1.2
  SINCE MAR 1      2.0                       4.0   -2.0      1.2
  SINCE JUL 1     30.9                      38.2   -7.3     26.9
  SNOW DEPTH       0

DEGREE DAYS
 HEATING
  YESTERDAY       52                        38     14       14
  MONTH TO DATE  474                       480     -6      335
  SINCE MAR 1    474                       480     -6      335
  SINCE JUL 1   5830                      6926  -1096     5786

 COOLING
  YESTERDAY        0                         0      0        0
  MONTH TO DATE    0                         0      0        0
  SINCE MAR 1      0                         0      0        0
  SINCE JAN 1      0                         0      0        0
..................................................................


WIND (MPH)
  HIGHEST WIND SPEED    13   HIGHEST WIND DIRECTION    NE (60)
  HIGHEST GUST SPEED    18   HIGHEST GUST DIRECTION    SE (120)
  AVERAGE WIND SPEED     6.6


SKY COVER
  POSSIBLE SUNSHINE  MM
  AVERAGE SKY COVER 0.7


WEATHER CONDITIONS
 THE FOLLOWING WEATHER WAS RECORDED YESTERDAY.
  SNOW
  LIGHT SNOW
  FOG


RELATIVE HUMIDITY (PERCENT)
 HIGHEST    88           300 PM
 LOWEST     43          1100 AM
 AVERAGE    66

..........................................................


THE ST CLOUD MN CLIMATE NORMALS FOR TODAY
                         NORMAL    RECORD    YEAR
 MAXIMUM TEMPERATURE (F)   37        64      1911
 MINIMUM TEMPERATURE (F)   19       -15      1975


SUNRISE AND SUNSET
MARCH 13 2017.........SUNRISE   732 AM CDT   SUNSET   720 PM CDT
MARCH 14 2017.........SUNRISE   730 AM CDT   SUNSET   721 PM CDT


-  INDICATES NEGATIVE NUMBERS.
R  INDICATES RECORD WAS SET OR TIED.
MM INDICATES DATA IS MISSING.
T  INDICATES TRACE AMOUNT.




$$
