000
CDUS43 KMPX 200821
CLISTC


CLIMATE REPORT
NATIONAL WEATHER SERVICE CHANHASSEN MN
321 AM CDT MON OCT 20 2014


...................................

...THE ST CLOUD MN CLIMATE SUMMARY FOR OCTOBER 19 2014...

CLIMATE NORMAL PERIOD 1981 TO 2010
CLIMATE RECORD PERIOD 1893 TO 2014


WEATHER ITEM   OBSERVED TIME   RECORD YEAR NORMAL DEPARTURE LAST
                VALUE   (LST)  VALUE       VALUE  FROM      YEAR
                                                  NORMAL
..................................................................
TEMPERATURE (F)
 YESTERDAY
  MAXIMUM         73    329 PM  85    2000  55     18       46
  MINIMUM         37   1236 AM   9    1972  34      3       29
  AVERAGE         55                        45     10       38

PRECIPITATION (IN)
  YESTERDAY        0.00          1.65 1934   0.08  -0.08     0.06
  MONTH TO DATE    0.45                      1.72  -1.27     4.00
  SINCE SEP 1      4.51                      5.18  -0.67     5.87
  SINCE JAN 1     33.88                     24.76   9.12    26.20

SNOWFALL (IN)
  YESTERDAY        0.0           3.5  1916   0.0    0.0       T
  MONTH TO DATE    0.0                       0.2   -0.2       T
  SINCE SEP 1      0.0                       0.2   -0.2       T
  SINCE JUL 1      0.0                       0.2   -0.2       T
  SNOW DEPTH       0

DEGREE DAYS
 HEATING
  YESTERDAY       10                        20    -10       27
  MONTH TO DATE  307                       321    -14      267
  SINCE SEP 1    459                       549    -90      396
  SINCE JUL 1    468                       607   -139      445

 COOLING
  YESTERDAY        0                         0      0        0
  MONTH TO DATE    0                         0      0        0
  SINCE SEP 1     43                        34      9       74
  SINCE JAN 1    597                       463    134      578
..................................................................


WIND (MPH)
  HIGHEST WIND SPEED    21   HIGHEST WIND DIRECTION     W (280)
  HIGHEST GUST SPEED    25   HIGHEST GUST DIRECTION    NW (300)
  AVERAGE WIND SPEED    10.9


SKY COVER
  POSSIBLE SUNSHINE  MM
  AVERAGE SKY COVER 0.0


WEATHER CONDITIONS
 THE FOLLOWING WEATHER WAS RECORDED YESTERDAY.
  NO SIGNIFICANT WEATHER WAS OBSERVED.


RELATIVE HUMIDITY (PERCENT)
 HIGHEST    92           100 AM
 LOWEST     35           400 PM
 AVERAGE    64

..........................................................


THE ST CLOUD MN CLIMATE NORMALS FOR TODAY
                         NORMAL    RECORD    YEAR
 MAXIMUM TEMPERATURE (F)   55        81      1953
 MINIMUM TEMPERATURE (F)   34        17      1989


SUNRISE AND SUNSET
OCTOBER 20 2014.......SUNRISE   739 AM CDT   SUNSET   622 PM CDT
OCTOBER 21 2014.......SUNRISE   741 AM CDT   SUNSET   620 PM CDT


-  INDICATES NEGATIVE NUMBERS.
R  INDICATES RECORD WAS SET OR TIED.
MM INDICATES DATA IS MISSING.
T  INDICATES TRACE AMOUNT.




$$
