000
CDUS43 KMPX 160630
CLISTC


CLIMATE REPORT
NATIONAL WEATHER SERVICE CHANHASSEN MN
125 AM CDT TUE SEP 16 2014


...................................

...THE ST CLOUD MN CLIMATE SUMMARY FOR SEPTEMBER 15 2014...

CLIMATE NORMAL PERIOD 1981 TO 2010
CLIMATE RECORD PERIOD 1893 TO 2014


WEATHER ITEM   OBSERVED TIME   RECORD YEAR NORMAL DEPARTURE LAST
                VALUE   (LST)  VALUE       VALUE  FROM      YEAR
                                                  NORMAL
..................................................................
TEMPERATURE (F)
 YESTERDAY
  MAXIMUM         64    241 PM  94    1948  71     -7       65
  MINIMUM         42   1138 PM  27    2007  47     -5       45
  AVERAGE         53                        59     -6       55

PRECIPITATION (IN)
  YESTERDAY        0.00          1.58 2010   0.12  -0.12     0.03
  MONTH TO DATE    3.73                      1.88   1.85     1.36
  SINCE SEP 1      3.73                      1.88   1.85     1.36
  SINCE JAN 1     33.10                     21.46  11.64    21.69

SNOWFALL (IN)
  YESTERDAY        0.0           0.0    MM   0.0    0.0      0.0
  MONTH TO DATE    0.0                       0.0    0.0      0.0
  SINCE SEP 1      0.0                       0.0    0.0      0.0
  SINCE JUL 1      0.0                       0.0    0.0      0.0
  SNOW DEPTH       0

DEGREE DAYS
 HEATING
  YESTERDAY       12                         7      5       10
  MONTH TO DATE   93                        76     17       50
  SINCE SEP 1     93                        76     17       50
  SINCE JUL 1    102                       134    -32       99

 COOLING
  YESTERDAY        0                         1     -1        0
  MONTH TO DATE   20                        25     -5       60
  SINCE SEP 1     20                        25     -5       60
  SINCE JAN 1    574                       454    120      564
..................................................................


WIND (MPH)
  HIGHEST WIND SPEED    15   HIGHEST WIND DIRECTION     W (290)
  HIGHEST GUST SPEED    20   HIGHEST GUST DIRECTION    NW (330)
  AVERAGE WIND SPEED     5.1


SKY COVER
  POSSIBLE SUNSHINE  MM
  AVERAGE SKY COVER 0.4


WEATHER CONDITIONS
 THE FOLLOWING WEATHER WAS RECORDED YESTERDAY.
  NO SIGNIFICANT WEATHER WAS OBSERVED.


RELATIVE HUMIDITY (PERCENT)
 HIGHEST    93          1200 AM
 LOWEST     36           200 PM
 AVERAGE    65

..........................................................


THE ST CLOUD MN CLIMATE NORMALS FOR TODAY
                         NORMAL    RECORD    YEAR
 MAXIMUM TEMPERATURE (F)   70        94      1948
 MINIMUM TEMPERATURE (F)   47        29      1943


SUNRISE AND SUNSET
SEPTEMBER 16 2014.....SUNRISE   656 AM CDT   SUNSET   725 PM CDT
SEPTEMBER 17 2014.....SUNRISE   657 AM CDT   SUNSET   723 PM CDT


-  INDICATES NEGATIVE NUMBERS.
R  INDICATES RECORD WAS SET OR TIED.
MM INDICATES DATA IS MISSING.
T  INDICATES TRACE AMOUNT.




$$
